{"id":3319,"date":"2018-06-16T05:52:36","date_gmt":"2018-06-16T05:52:36","guid":{"rendered":"https:\/\/wp.pop-verlag.com\/?page_id=3319"},"modified":"2018-06-16T06:04:00","modified_gmt":"2018-06-16T06:04:00","slug":"gelu-vlasin","status":"publish","type":"page","link":"https:\/\/wp.pop-verlag.com\/?page_id=3319","title":{"rendered":"Gelu Vla\u015fin"},"content":{"rendered":"<p><strong><img loading=\"lazy\" decoding=\"async\" class=\"alignleft wp-image-3323 size-medium\" src=\"https:\/\/wp.pop-verlag.com\/wp-content\/uploads\/2018\/06\/Gelu_Vlasin-300x225.jpg\" alt=\"\" width=\"300\" height=\"225\" srcset=\"https:\/\/wp.pop-verlag.com\/wp-content\/uploads\/2018\/06\/Gelu_Vlasin-300x225.jpg 300w, https:\/\/wp.pop-verlag.com\/wp-content\/uploads\/2018\/06\/Gelu_Vlasin-768x576.jpg 768w, https:\/\/wp.pop-verlag.com\/wp-content\/uploads\/2018\/06\/Gelu_Vlasin-1024x768.jpg 1024w, https:\/\/wp.pop-verlag.com\/wp-content\/uploads\/2018\/06\/Gelu_Vlasin-400x300.jpg 400w, https:\/\/wp.pop-verlag.com\/wp-content\/uploads\/2018\/06\/Gelu_Vlasin.jpg 1890w\" sizes=\"auto, (max-width: 300px) 100vw, 300px\" \/>Gelu Vla\u015fin<\/strong> wurde 1966 in Telciu \/ Rum\u00e4nien geboren und lebt in Rum\u00e4nien und Spanien. Sein Erstlingswerk, In der Psychiatrie behandelt, erschien 1999 (Editura Vinea). Es folgten weitere Ver\u00f6ffentlichungen: Atac de panic\u0103 (\u201ePanikattacke\u201c, 2000, 2002); Poemul Turn (\u201eTurmgedicht\u201c, 2005); Ultima suflare (\u201eLetzter Atemzug\u201c, 2001, 2003); Don Quijote R\u0103t\u0103citorul (\u201eDon Quijote, der Verirrte\u201c, 2009); Omul decor (\u201eDekorationsmann\u201c, 2009) und Ayla (2011). Er erhielt verschiedene nationale und internationale Literaturpreise wie den Tertulia Cerro Almodovar &#8211; Preis (Madrid, 2004), den Puertas Abiertas &#8211; Preis (Madrid, 2002), den Preis der Rum\u00e4nischen Schriftstellervereinigung (2000), den Preis des Internationalen Poesie-Festivals Sighet (2000), den Preis f\u00fcr Erstlingswerke der Bukarester Schriftstellervereinigung (1999), den Gro\u00dfen Ion Vinea &#8211; Preis (1999), den Cristian Popescu &#8211; Preis (1999) und den Liviu Rebreanu &#8211; Preis (1999). Seine Gedichte, Essays und Literaturkritiken erschienen in verschiedenen Zeitschriften in Rum\u00e4nien, den USA, Kanada, Spanien, Deutschland, Frankreich, Italien, Russland, Marokko, Argentinien, Mexiko, Australien, Ungarn und Israel.<\/p>\n<p>Lieferbare Titel von <a href=\"https:\/\/wp.pop-verlag.com\/?page_id=3319\"><strong>Gelu Vla\u015fin<\/strong><\/a>:<\/p>\n<ul>\n<li>\u00a0<a href=\"https:\/\/wp.pop-verlag.com\/?p=138\"><strong>&#8222;In der Psychiatrie behandelt&#8220;<\/strong><\/a>. Gedichte, aus dem Rum\u00e4nischen \u00fcbersetzt von Kerstin Ahlers. Pop Lyrik.49 Seiten,\u00a0ISBN 978-3-86356-011-9, \u20ac[D]10,00 Euro<\/li>\n<\/ul>\n","protected":false},"excerpt":{"rendered":"<p>Gelu Vla\u015fin wurde 1966 in Telciu \/ Rum\u00e4nien geboren und lebt in Rum\u00e4nien und Spanien. Sein Erstlingswerk, In der Psychiatrie behandelt, erschien 1999 (Editura Vinea). Es folgten weitere Ver\u00f6ffentlichungen: Atac de panic\u0103 (\u201ePanikattacke\u201c, 2000, 2002); Poemul Turn (\u201eTurmgedicht\u201c, 2005); Ultima &hellip; <a class=\"more-link\" href=\"https:\/\/wp.pop-verlag.com\/?page_id=3319\">Weiterlesen <span class=\"meta-nav\">&rarr;<\/span><\/a><\/p>\n","protected":false},"author":2,"featured_media":0,"parent":717,"menu_order":3,"comment_status":"closed","ping_status":"closed","template":"","meta":{"footnotes":""},"class_list":["post-3319","page","type-page","status-publish","hentry"],"jetpack_sharing_enabled":true,"_links":{"self":[{"href":"https:\/\/wp.pop-verlag.com\/index.php?rest_route=\/wp\/v2\/pages\/3319","targetHints":{"allow":["GET"]}}],"collection":[{"href":"https:\/\/wp.pop-verlag.com\/index.php?rest_route=\/wp\/v2\/pages"}],"about":[{"href":"https:\/\/wp.pop-verlag.com\/index.php?rest_route=\/wp\/v2\/types\/page"}],"author":[{"embeddable":true,"href":"https:\/\/wp.pop-verlag.com\/index.php?rest_route=\/wp\/v2\/users\/2"}],"replies":[{"embeddable":true,"href":"https:\/\/wp.pop-verlag.com\/index.php?rest_route=%2Fwp%2Fv2%2Fcomments&post=3319"}],"version-history":[{"count":3,"href":"https:\/\/wp.pop-verlag.com\/index.php?rest_route=\/wp\/v2\/pages\/3319\/revisions"}],"predecessor-version":[{"id":3324,"href":"https:\/\/wp.pop-verlag.com\/index.php?rest_route=\/wp\/v2\/pages\/3319\/revisions\/3324"}],"up":[{"embeddable":true,"href":"https:\/\/wp.pop-verlag.com\/index.php?rest_route=\/wp\/v2\/pages\/717"}],"wp:attachment":[{"href":"https:\/\/wp.pop-verlag.com\/index.php?rest_route=%2Fwp%2Fv2%2Fmedia&parent=3319"}],"curies":[{"name":"wp","href":"https:\/\/api.w.org\/{rel}","templated":true}]}}

Gelu Vlaşin

<p><strong><img loading="lazy" decoding="async" class="alignleft wp-image-3323 size-medium" src="https://wp.pop-verlag.com/wp-content/uploads/2018/06/Gelu_Vlasin-300x225.jpg" alt="" width="300" height="225" srcset="https://wp.pop-verlag.com/wp-content/uploads/2018/06/Gelu_Vlasin-300x225.jpg 300w, https://wp.pop-verlag.com/wp-content/uploads/2018/06/Gelu_Vlasin-768x576.jpg 768w, https://wp.pop-verlag.com/wp-content/uploads/2018/06/Gelu_Vlasin-1024x768.jpg 1024w, https://wp.pop-verlag.com/wp-content/uploads/2018/06/Gelu_Vlasin-400x300.jpg 400w, https://wp.pop-verlag.com/wp-content/uploads/2018/06/Gelu_Vlasin.jpg 1890w" sizes="auto, (max-width: 300px) 100vw, 300px" />Gelu Vlaşin</strong> wurde 1966 in Telciu / Rumänien geboren und lebt in Rumänien und Spanien. Sein Erstlingswerk, In der Psychiatrie behandelt, erschien 1999 (Editura Vinea). Es folgten weitere Veröffentlichungen: Atac de panică („Panikattacke“, 2000, 2002); Poemul Turn („Turmgedicht“, 2005); Ultima suflare („Letzter Atemzug“, 2001, 2003); Don Quijote Rătăcitorul („Don Quijote, der Verirrte“, 2009); Omul decor („Dekorationsmann“, 2009) und Ayla (2011). Er erhielt verschiedene nationale und internationale Literaturpreise wie den Tertulia Cerro Almodovar &#8211; Preis (Madrid, 2004), den Puertas Abiertas &#8211; Preis (Madrid, 2002), den Preis der Rumänischen Schriftstellervereinigung (2000), den Preis des Internationalen Poesie-Festivals Sighet (2000), den Preis für Erstlingswerke der Bukarester Schriftstellervereinigung (1999), den Großen Ion Vinea &#8211; Preis (1999), den Cristian Popescu &#8211; Preis (1999) und den Liviu Rebreanu &#8211; Preis (1999). Seine Gedichte, Essays und Literaturkritiken erschienen in verschiedenen Zeitschriften in Rumänien, den USA, Kanada, Spanien, Deutschland, Frankreich, Italien, Russland, Marokko, Argentinien, Mexiko, Australien, Ungarn und Israel.</p>
<p>Lieferbare Titel von <a href="https://wp.pop-verlag.com/?page_id=3319"><strong>Gelu Vlaşin</strong></a>:</p>
<ul>
<li> <a href="https://wp.pop-verlag.com/?p=138"><strong>&#8222;In der Psychiatrie behandelt&#8220;</strong></a>. Gedichte, aus dem Rumänischen übersetzt von Kerstin Ahlers. Pop Lyrik.49 Seiten, ISBN 978-3-86356-011-9, €[D]10,00 Euro</li>
</ul>

<p>Gelu Vlaşin wurde 1966 in Telciu / Rumänien geboren und lebt in Rumänien und Spanien. Sein Erstlingswerk, In der Psychiatrie behandelt, erschien 1999 (Editura Vinea). Es folgten weitere Veröffentlichungen: Atac de panică („Panikattacke“, 2000, 2002); Poemul Turn („Turmgedicht“, 2005); Ultima &hellip; <a class="more-link" href="https://wp.pop-verlag.com/?page_id=3319">Weiterlesen <span class="meta-nav">&rarr;</span></a></p>
