{"id":3198,"date":"2018-06-06T07:53:53","date_gmt":"2018-06-06T07:53:53","guid":{"rendered":"https:\/\/wp.pop-verlag.com\/?page_id=3198"},"modified":"2018-06-06T09:06:14","modified_gmt":"2018-06-06T09:06:14","slug":"ondine-dietz","status":"publish","type":"page","link":"https:\/\/wp.pop-verlag.com\/?page_id=3198","title":{"rendered":"Ondine Dietz"},"content":{"rendered":"<p align=\"JUSTIFY\"><a href=\"https:\/\/wp.pop-verlag.com\/?page_id=3198\"><strong><span style=\"font-size: medium;\">Ondine Dietz<\/span><\/strong><\/a><span style=\"font-size: medium;\"> wurde 1967 in Temeswar, Rum\u00e4nien, in eine multiethnische und multikulturelle Familie hinein geboren. Deb\u00fct 1983 in rum\u00e4nischer Sprache mit Lyrik in der Kulturzeitschrift: \u201eOrizont&#8220;. Studierte Philologie an der Universit\u00e4t Temeswar. Ab 1987 war sie Schauspielerin am Deutschen Staatstheater Temeswar und f\u00fchrte auch Regie bei diversen Projekten und Vorstellungen.<\/span><\/p>\n<p><span style=\"font-size: medium;\">Anfang der 90er Jahre, nach der \u00dcbersiedlung nach Deutschland, f\u00e4ngt sie an, Prosa und Lyrik auf Deutsch zu schreiben. Ver\u00f6ffentlichungen in Literaturzeitschriften: \u201ecet-literatur&#8220;, \u201eausserdem&#8220;, \u201eMatrix&#8220;, \u201eDer Maulkorb&#8220;, \u201eGr\u00fcne Reihe-ISCHFRA&#8220;. Ab 2004 zahlreiche Lesungen in Karlsruhe, Stuttgart und M\u00fcnchen. Teilnahme an Literatursalons und kulturellen Veranstaltungen. Zusammenarbeit an interdisziplin\u00e4ren Kunstprojekten. Veranstaltet Literaturseminare im Rahmen der Erwachsenenbildung. Ausstellungsbeteiligungen mit eigenen Foto- und Installationsarbeiten, die als Szenographien ihrer Erz\u00e4hlungen fungieren. Ver\u00f6ffentlichungen in rum\u00e4nischen Literaturmagazinen: \u201eVatra&#8220;, \u201eAgora&#8220;. 2004 erschien das Gedichtband in rum\u00e4nischer Sprache: \u201eFeaturing&#8220;(mit Stefan Caraman und George Vasilievici) im \u201eVinea&#8220;-Verlag, Bukarest. Ondine Dietz lebt mit ihrer Familie (drei Kinder) in Karlsruhe.<\/span><\/p>\n<p>Lieferbare Titel von <strong><a href=\"https:\/\/wp.pop-verlag.com\/?page_id=3198\">Ondine Dietz<\/a><\/strong>:<\/p>\n<ul>\n<li><a href=\"https:\/\/wp.pop-verlag.com\/?p=293\">&#8222;Meister Knastfelds Hybris&#8220;. <\/a>Liebeserkl\u00e4rung an das alte und junge Klein-Wien.Prima Verba Epik.Ausgezeichnet mit dem Epik Deb\u00fctpreis 2010.198 Seiten,\u00a0ISBN 978-3-937139-94-4, \u20ac[D]15,90<\/li>\n<\/ul>\n","protected":false},"excerpt":{"rendered":"<p>Ondine Dietz wurde 1967 in Temeswar, Rum\u00e4nien, in eine multiethnische und multikulturelle Familie hinein geboren. Deb\u00fct 1983 in rum\u00e4nischer Sprache mit Lyrik in der Kulturzeitschrift: \u201eOrizont&#8220;. Studierte Philologie an der Universit\u00e4t Temeswar. Ab 1987 war sie Schauspielerin am Deutschen Staatstheater &hellip; <a class=\"more-link\" href=\"https:\/\/wp.pop-verlag.com\/?page_id=3198\">Weiterlesen <span class=\"meta-nav\">&rarr;<\/span><\/a><\/p>\n","protected":false},"author":2,"featured_media":0,"parent":664,"menu_order":8,"comment_status":"closed","ping_status":"closed","template":"","meta":{"footnotes":""},"class_list":["post-3198","page","type-page","status-publish","hentry"],"jetpack_sharing_enabled":true,"_links":{"self":[{"href":"https:\/\/wp.pop-verlag.com\/index.php?rest_route=\/wp\/v2\/pages\/3198","targetHints":{"allow":["GET"]}}],"collection":[{"href":"https:\/\/wp.pop-verlag.com\/index.php?rest_route=\/wp\/v2\/pages"}],"about":[{"href":"https:\/\/wp.pop-verlag.com\/index.php?rest_route=\/wp\/v2\/types\/page"}],"author":[{"embeddable":true,"href":"https:\/\/wp.pop-verlag.com\/index.php?rest_route=\/wp\/v2\/users\/2"}],"replies":[{"embeddable":true,"href":"https:\/\/wp.pop-verlag.com\/index.php?rest_route=%2Fwp%2Fv2%2Fcomments&post=3198"}],"version-history":[{"count":4,"href":"https:\/\/wp.pop-verlag.com\/index.php?rest_route=\/wp\/v2\/pages\/3198\/revisions"}],"predecessor-version":[{"id":3205,"href":"https:\/\/wp.pop-verlag.com\/index.php?rest_route=\/wp\/v2\/pages\/3198\/revisions\/3205"}],"up":[{"embeddable":true,"href":"https:\/\/wp.pop-verlag.com\/index.php?rest_route=\/wp\/v2\/pages\/664"}],"wp:attachment":[{"href":"https:\/\/wp.pop-verlag.com\/index.php?rest_route=%2Fwp%2Fv2%2Fmedia&parent=3198"}],"curies":[{"name":"wp","href":"https:\/\/api.w.org\/{rel}","templated":true}]}}

<p align="JUSTIFY"><a href="https://wp.pop-verlag.com/?page_id=3198"><strong><span style="font-size: medium;">Ondine Dietz</span></strong></a><span style="font-size: medium;"> wurde 1967 in Temeswar, Rumänien, in eine multiethnische und multikulturelle Familie hinein geboren. Debüt 1983 in rumänischer Sprache mit Lyrik in der Kulturzeitschrift: „Orizont&#8220;. Studierte Philologie an der Universität Temeswar. Ab 1987 war sie Schauspielerin am Deutschen Staatstheater Temeswar und führte auch Regie bei diversen Projekten und Vorstellungen.</span></p>
<p><span style="font-size: medium;">Anfang der 90er Jahre, nach der Übersiedlung nach Deutschland, fängt sie an, Prosa und Lyrik auf Deutsch zu schreiben. Veröffentlichungen in Literaturzeitschriften: „cet-literatur&#8220;, „ausserdem&#8220;, „Matrix&#8220;, „Der Maulkorb&#8220;, „Grüne Reihe-ISCHFRA&#8220;. Ab 2004 zahlreiche Lesungen in Karlsruhe, Stuttgart und München. Teilnahme an Literatursalons und kulturellen Veranstaltungen. Zusammenarbeit an interdisziplinären Kunstprojekten. Veranstaltet Literaturseminare im Rahmen der Erwachsenenbildung. Ausstellungsbeteiligungen mit eigenen Foto- und Installationsarbeiten, die als Szenographien ihrer Erzählungen fungieren. Veröffentlichungen in rumänischen Literaturmagazinen: „Vatra&#8220;, „Agora&#8220;. 2004 erschien das Gedichtband in rumänischer Sprache: „Featuring&#8220;(mit Stefan Caraman und George Vasilievici) im „Vinea&#8220;-Verlag, Bukarest. Ondine Dietz lebt mit ihrer Familie (drei Kinder) in Karlsruhe.</span></p>
<p>Lieferbare Titel von <strong><a href="https://wp.pop-verlag.com/?page_id=3198">Ondine Dietz</a></strong>:</p>
<ul>
<li><a href="https://wp.pop-verlag.com/?p=293">&#8222;Meister Knastfelds Hybris&#8220;. </a>Liebeserklärung an das alte und junge Klein-Wien.Prima Verba Epik.Ausgezeichnet mit dem Epik Debütpreis 2010.198 Seiten, ISBN 978-3-937139-94-4, €[D]15,90</li>
</ul>

<p>Ondine Dietz wurde 1967 in Temeswar, Rumänien, in eine multiethnische und multikulturelle Familie hinein geboren. Debüt 1983 in rumänischer Sprache mit Lyrik in der Kulturzeitschrift: „Orizont&#8220;. Studierte Philologie an der Universität Temeswar. Ab 1987 war sie Schauspielerin am Deutschen Staatstheater &hellip; <a class="more-link" href="https://wp.pop-verlag.com/?page_id=3198">Weiterlesen <span class="meta-nav">&rarr;</span></a></p>
