{"id":3184,"date":"2018-05-18T09:44:45","date_gmt":"2018-05-18T09:44:45","guid":{"rendered":"https:\/\/wp.pop-verlag.com\/?page_id=3184"},"modified":"2018-05-18T09:49:38","modified_gmt":"2018-05-18T09:49:38","slug":"maria-herlo","status":"publish","type":"page","link":"https:\/\/wp.pop-verlag.com\/?page_id=3184","title":{"rendered":"Maria Herlo"},"content":{"rendered":"<p><a href=\"https:\/\/wp.pop-verlag.com\/?page_id=3184\"><strong>Maria Herlo<\/strong><\/a>, 1946 in Temeswar (Timi\u0219oara\/Rum\u00e4nien) geboren. Studium der Germanistik und Rum\u00e4nistik in Temeswar. Journalistin, \u00dcbersetzerin. Lebt in Heidelberg.<br \/>\n\u00dcbersetzungen: Ana Blandiana: In einer spanischen Herberge. Berlin 2012; Ana Blandiana: Die vier Jahreszeiten. Berlin 2015; Ana Blandiana: Wozu Dichter in d\u00fcrftiger Zeit? Berlin 2018; \u00dcbersetzungen musikwissenschaftlicher Schriften von Violeta Dinescu.<\/p>\n<p>Lieferbare Titel von <strong><a href=\"https:\/\/wp.pop-verlag.com\/?page_id=3184\">Maria Herlo:<\/a><\/strong><\/p>\n<p><a href=\"http:\/\/wp.pop-verlag.com\/?p=2884\"><strong>\u00a0<a href=\"http:\/\/wp.pop-verlag.com\/?page_id=2888\"><strong>Ana Blandiana:<\/strong><\/a> Geschlossene Kirchen. <\/strong><\/a>Gedichte. Nach einer Auswahl und mit einem Nachwort von <a href=\"https:\/\/wp.pop-verlag.com\/?page_id=3182\"><strong>Katharina Kilzer<\/strong><\/a> (Hrsg.). \u00dcbersetzungen aus dem Rum\u00e4nischen von <strong><a href=\"https:\/\/wp.pop-verlag.com\/?page_id=3184\">Maria Herlo<\/a><\/strong>, <a href=\"https:\/\/wp.pop-verlag.com\/?page_id=3182\"><strong>Katharina Kilzer<\/strong><\/a> und <strong><a href=\"https:\/\/wp.pop-verlag.com\/?page_id=734\">Horst Samson<\/a><\/strong>. Deutsch-Rum\u00e4nisch. Orpheus Reihe Band 9. ISBN 978-3-86356-185-7; 210 Seiten, \u20ac[D]19,90<\/p>\n","protected":false},"excerpt":{"rendered":"<p>Maria Herlo, 1946 in Temeswar (Timi\u0219oara\/Rum\u00e4nien) geboren. Studium der Germanistik und Rum\u00e4nistik in Temeswar. Journalistin, \u00dcbersetzerin. Lebt in Heidelberg. \u00dcbersetzungen: Ana Blandiana: In einer spanischen Herberge. Berlin 2012; Ana Blandiana: Die vier Jahreszeiten. Berlin 2015; Ana Blandiana: Wozu Dichter in &hellip; <a class=\"more-link\" href=\"https:\/\/wp.pop-verlag.com\/?page_id=3184\">Weiterlesen <span class=\"meta-nav\">&rarr;<\/span><\/a><\/p>\n","protected":false},"author":2,"featured_media":0,"parent":674,"menu_order":6,"comment_status":"closed","ping_status":"closed","template":"","meta":{"footnotes":""},"class_list":["post-3184","page","type-page","status-publish","hentry"],"jetpack_sharing_enabled":true,"_links":{"self":[{"href":"https:\/\/wp.pop-verlag.com\/index.php?rest_route=\/wp\/v2\/pages\/3184","targetHints":{"allow":["GET"]}}],"collection":[{"href":"https:\/\/wp.pop-verlag.com\/index.php?rest_route=\/wp\/v2\/pages"}],"about":[{"href":"https:\/\/wp.pop-verlag.com\/index.php?rest_route=\/wp\/v2\/types\/page"}],"author":[{"embeddable":true,"href":"https:\/\/wp.pop-verlag.com\/index.php?rest_route=\/wp\/v2\/users\/2"}],"replies":[{"embeddable":true,"href":"https:\/\/wp.pop-verlag.com\/index.php?rest_route=%2Fwp%2Fv2%2Fcomments&post=3184"}],"version-history":[{"count":3,"href":"https:\/\/wp.pop-verlag.com\/index.php?rest_route=\/wp\/v2\/pages\/3184\/revisions"}],"predecessor-version":[{"id":3189,"href":"https:\/\/wp.pop-verlag.com\/index.php?rest_route=\/wp\/v2\/pages\/3184\/revisions\/3189"}],"up":[{"embeddable":true,"href":"https:\/\/wp.pop-verlag.com\/index.php?rest_route=\/wp\/v2\/pages\/674"}],"wp:attachment":[{"href":"https:\/\/wp.pop-verlag.com\/index.php?rest_route=%2Fwp%2Fv2%2Fmedia&parent=3184"}],"curies":[{"name":"wp","href":"https:\/\/api.w.org\/{rel}","templated":true}]}}

<p><a href="https://wp.pop-verlag.com/?page_id=3184"><strong>Maria Herlo</strong></a>, 1946 in Temeswar (Timișoara/Rumänien) geboren. Studium der Germanistik und Rumänistik in Temeswar. Journalistin, Übersetzerin. Lebt in Heidelberg.<br />
Übersetzungen: Ana Blandiana: In einer spanischen Herberge. Berlin 2012; Ana Blandiana: Die vier Jahreszeiten. Berlin 2015; Ana Blandiana: Wozu Dichter in dürftiger Zeit? Berlin 2018; Übersetzungen musikwissenschaftlicher Schriften von Violeta Dinescu.</p>
<p>Lieferbare Titel von <strong><a href="https://wp.pop-verlag.com/?page_id=3184">Maria Herlo:</a></strong></p>
<p><a href="http://wp.pop-verlag.com/?p=2884"><strong> <a href="http://wp.pop-verlag.com/?page_id=2888"><strong>Ana Blandiana:</strong></a> Geschlossene Kirchen. </strong></a>Gedichte. Nach einer Auswahl und mit einem Nachwort von <a href="https://wp.pop-verlag.com/?page_id=3182"><strong>Katharina Kilzer</strong></a> (Hrsg.). Übersetzungen aus dem Rumänischen von <strong><a href="https://wp.pop-verlag.com/?page_id=3184">Maria Herlo</a></strong>, <a href="https://wp.pop-verlag.com/?page_id=3182"><strong>Katharina Kilzer</strong></a> und <strong><a href="https://wp.pop-verlag.com/?page_id=734">Horst Samson</a></strong>. Deutsch-Rumänisch. Orpheus Reihe Band 9. ISBN 978-3-86356-185-7; 210 Seiten, €[D]19,90</p>

<p>Maria Herlo, 1946 in Temeswar (Timișoara/Rumänien) geboren. Studium der Germanistik und Rumänistik in Temeswar. Journalistin, Übersetzerin. Lebt in Heidelberg. Übersetzungen: Ana Blandiana: In einer spanischen Herberge. Berlin 2012; Ana Blandiana: Die vier Jahreszeiten. Berlin 2015; Ana Blandiana: Wozu Dichter in &hellip; <a class="more-link" href="https://wp.pop-verlag.com/?page_id=3184">Weiterlesen <span class="meta-nav">&rarr;</span></a></p>
