{"id":3144,"date":"2018-05-16T05:39:31","date_gmt":"2018-05-16T05:39:31","guid":{"rendered":"https:\/\/wp.pop-verlag.com\/?page_id=3144"},"modified":"2022-01-02T13:29:41","modified_gmt":"2022-01-02T13:29:41","slug":"marco-sagurna","status":"publish","type":"page","link":"https:\/\/wp.pop-verlag.com\/?page_id=3144","title":{"rendered":"Marco Sagurna"},"content":{"rendered":"<p>&nbsp;<\/p>\n<p><img loading=\"lazy\" decoding=\"async\" class=\"alignleft wp-image-3798 size-medium\" src=\"https:\/\/wp.pop-verlag.com\/wp-content\/uploads\/2018\/11\/Marco-Sagurna_S_1_300-225x300.jpg\" alt=\"\" width=\"225\" height=\"300\" srcset=\"https:\/\/wp.pop-verlag.com\/wp-content\/uploads\/2018\/11\/Marco-Sagurna_S_1_300-225x300.jpg 225w, https:\/\/wp.pop-verlag.com\/wp-content\/uploads\/2018\/11\/Marco-Sagurna_S_1_300-768x1025.jpg 768w, https:\/\/wp.pop-verlag.com\/wp-content\/uploads\/2018\/11\/Marco-Sagurna_S_1_300-767x1024.jpg 767w, https:\/\/wp.pop-verlag.com\/wp-content\/uploads\/2018\/11\/Marco-Sagurna_S_1_300.jpg 1946w\" sizes=\"auto, (max-width: 225px) 100vw, 225px\" \/>\u00a0<a href=\"https:\/\/wp.pop-verlag.com\/?page_id=3144\"><strong>MARCO SAGURNA<\/strong><\/a>, *1961 in Wiesbaden; Leben in Frankfurt am Main, Vechta, Angers, Oldenburg und seit 1999 in Hannover. Studium der Germanistik, Kunst, Psychologie sowie Kulturmanagement. Autor von Geschichten, Gedichten, Feuilletons und Berichten in Zeitschriften, Zeitungen, B\u00fcchern, Rundfunk und Internet. Herausgeber und Mitherausgeber der Literaturzeitschriften <em>GR\u00d6SSENWAHN<\/em> (1986-1990) und <em>EISWASSER <\/em>(1996-2002) sowie zusammen mit Gunter Geduldig Herausgeber des 1994 im Alano Verlag (Aachen) erschienenen Dichter-Buches <em>too much \u2013 das lange Leben des Rolf Dieter Brinkmann<\/em>. 15 Jahre lang arbeitete er als Redakteur an Tageszeitungen sowie als Pressesprecher. 1998 bekam die <em>Oldenburgische Volkszeitung<\/em> f\u00fcr den von ihm mitinszenierten <em>Tag des Gedichts<\/em> den Sonderpreis des Deutschen Lokaljournalistenpreises. 2004 wurde der Eiswasser-Verlag, f\u00fcr den er als Gesch\u00e4ftsf\u00fchrer wie Herausgeber t\u00e4tig war, mit dem Nieders\u00e4chsischen Verlagspreis geehrt. 1987 erschien <em>MAXIMAL<\/em> \u2013 Gedichte; zw\u00f6lf vom Autor handgearbeitete Siebdrucke in Mappe in einer limitierten Auflage. Als erz\u00e4hlerisches \u00dcbungsst\u00fcck publizierte er 2012 das Romanexperiment\u00a0<em>Erdbeerburg<\/em> und <em>Trompete kommt um acht<\/em> als <em>eine<\/em> Geschichte in <em>zwei<\/em> Versionen via <em>epubli <\/em>f\u00fcr einen gr\u00f6\u00dferen Testleserkreis. 2013 erschien im Mitteldeutschen Verlag (Halle) sein Reisef\u00fchrer <em>Oldenburg<\/em>, verfasst zusammen mit Co-Autor J\u00f6rgen Welp. 2018 erschien Marco Sagurnas Roman <em>WARMIA<\/em>, f\u00fcr den er zur Frankfurter Buchmesse mit dem <em>Prima Verba Deb\u00fctpreis<\/em>\u00a0des POP Verlags ausgezeichnet wurde. Der Autor im Internet: <a href=\"https:\/\/marcosagurna.de\/\">https:\/\/marcosagurna.de\/<\/a><\/p>\n<p><span class=\"readonlyText multiple\"><strong>Titel<\/strong> von<\/span> <strong><a href=\"https:\/\/wp.pop-verlag.com\/?page_id=3144\">Marco Sagurna<\/a>: <\/strong><\/p>\n<p><strong><a href=\"https:\/\/wp.pop-verlag.com\/?p=3147\">\u2013 \u201eWarmia\u201c<\/a>. <\/strong>Roman. Prima Verba Deb\u00fctpreis 2018. Pop Epik-Reihe. Band 91. ISBN: 978-3-86356-228-1, 382 Seiten, \u20ac[D]23,50 &#8211;&gt; <strong>Dieser Titel ist nicht mehr lieferbar<\/strong><\/p>\n<p>\u2013 <strong><a href=\"https:\/\/wp.pop-verlag.com\/?p=4482\">MINIMAL<\/a><\/strong> Gedichte. Die POP-Verlag-LYRIKREIHE Bd. 124. ISBN 978-3-86356-256-4, 86 Seiten, \u20ac[D]12,80 &#8211;&gt; &#8211;&gt; <strong>Dieser Titel ist nicht mehr lieferbar<\/strong><\/p>\n<p>&nbsp;<\/p>\n","protected":false},"excerpt":{"rendered":"<p>&nbsp; \u00a0MARCO SAGURNA, *1961 in Wiesbaden; Leben in Frankfurt am Main, Vechta, Angers, Oldenburg und seit 1999 in Hannover. Studium der Germanistik, Kunst, Psychologie sowie Kulturmanagement. Autor von Geschichten, Gedichten, Feuilletons und Berichten in Zeitschriften, Zeitungen, B\u00fcchern, Rundfunk und Internet. &hellip; <a class=\"more-link\" href=\"https:\/\/wp.pop-verlag.com\/?page_id=3144\">Weiterlesen <span class=\"meta-nav\">&rarr;<\/span><\/a><\/p>\n","protected":false},"author":2,"featured_media":0,"parent":712,"menu_order":1,"comment_status":"closed","ping_status":"closed","template":"","meta":{"footnotes":""},"class_list":["post-3144","page","type-page","status-publish","hentry"],"jetpack_sharing_enabled":true,"_links":{"self":[{"href":"https:\/\/wp.pop-verlag.com\/index.php?rest_route=\/wp\/v2\/pages\/3144","targetHints":{"allow":["GET"]}}],"collection":[{"href":"https:\/\/wp.pop-verlag.com\/index.php?rest_route=\/wp\/v2\/pages"}],"about":[{"href":"https:\/\/wp.pop-verlag.com\/index.php?rest_route=\/wp\/v2\/types\/page"}],"author":[{"embeddable":true,"href":"https:\/\/wp.pop-verlag.com\/index.php?rest_route=\/wp\/v2\/users\/2"}],"replies":[{"embeddable":true,"href":"https:\/\/wp.pop-verlag.com\/index.php?rest_route=%2Fwp%2Fv2%2Fcomments&post=3144"}],"version-history":[{"count":13,"href":"https:\/\/wp.pop-verlag.com\/index.php?rest_route=\/wp\/v2\/pages\/3144\/revisions"}],"predecessor-version":[{"id":6103,"href":"https:\/\/wp.pop-verlag.com\/index.php?rest_route=\/wp\/v2\/pages\/3144\/revisions\/6103"}],"up":[{"embeddable":true,"href":"https:\/\/wp.pop-verlag.com\/index.php?rest_route=\/wp\/v2\/pages\/712"}],"wp:attachment":[{"href":"https:\/\/wp.pop-verlag.com\/index.php?rest_route=%2Fwp%2Fv2%2Fmedia&parent=3144"}],"curies":[{"name":"wp","href":"https:\/\/api.w.org\/{rel}","templated":true}]}}

<p>&nbsp;</p>
<p><img loading="lazy" decoding="async" class="alignleft wp-image-3798 size-medium" src="https://wp.pop-verlag.com/wp-content/uploads/2018/11/Marco-Sagurna_S_1_300-225x300.jpg" alt="" width="225" height="300" srcset="https://wp.pop-verlag.com/wp-content/uploads/2018/11/Marco-Sagurna_S_1_300-225x300.jpg 225w, https://wp.pop-verlag.com/wp-content/uploads/2018/11/Marco-Sagurna_S_1_300-768x1025.jpg 768w, https://wp.pop-verlag.com/wp-content/uploads/2018/11/Marco-Sagurna_S_1_300-767x1024.jpg 767w, https://wp.pop-verlag.com/wp-content/uploads/2018/11/Marco-Sagurna_S_1_300.jpg 1946w" sizes="auto, (max-width: 225px) 100vw, 225px" /> <a href="https://wp.pop-verlag.com/?page_id=3144"><strong>MARCO SAGURNA</strong></a>, *1961 in Wiesbaden; Leben in Frankfurt am Main, Vechta, Angers, Oldenburg und seit 1999 in Hannover. Studium der Germanistik, Kunst, Psychologie sowie Kulturmanagement. Autor von Geschichten, Gedichten, Feuilletons und Berichten in Zeitschriften, Zeitungen, Büchern, Rundfunk und Internet. Herausgeber und Mitherausgeber der Literaturzeitschriften <em>GRÖSSENWAHN</em> (1986-1990) und <em>EISWASSER </em>(1996-2002) sowie zusammen mit Gunter Geduldig Herausgeber des 1994 im Alano Verlag (Aachen) erschienenen Dichter-Buches <em>too much – das lange Leben des Rolf Dieter Brinkmann</em>. 15 Jahre lang arbeitete er als Redakteur an Tageszeitungen sowie als Pressesprecher. 1998 bekam die <em>Oldenburgische Volkszeitung</em> für den von ihm mitinszenierten <em>Tag des Gedichts</em> den Sonderpreis des Deutschen Lokaljournalistenpreises. 2004 wurde der Eiswasser-Verlag, für den er als Geschäftsführer wie Herausgeber tätig war, mit dem Niedersächsischen Verlagspreis geehrt. 1987 erschien <em>MAXIMAL</em> – Gedichte; zwölf vom Autor handgearbeitete Siebdrucke in Mappe in einer limitierten Auflage. Als erzählerisches Übungsstück publizierte er 2012 das Romanexperiment <em>Erdbeerburg</em> und <em>Trompete kommt um acht</em> als <em>eine</em> Geschichte in <em>zwei</em> Versionen via <em>epubli </em>für einen größeren Testleserkreis. 2013 erschien im Mitteldeutschen Verlag (Halle) sein Reiseführer <em>Oldenburg</em>, verfasst zusammen mit Co-Autor Jörgen Welp. 2018 erschien Marco Sagurnas Roman <em>WARMIA</em>, für den er zur Frankfurter Buchmesse mit dem <em>Prima Verba Debütpreis</em> des POP Verlags ausgezeichnet wurde. Der Autor im Internet: <a href="https://marcosagurna.de/">https://marcosagurna.de/</a></p>
<p><span class="readonlyText multiple"><strong>Titel</strong> von</span> <strong><a href="https://wp.pop-verlag.com/?page_id=3144">Marco Sagurna</a>: </strong></p>
<p><strong><a href="https://wp.pop-verlag.com/?p=3147">– „Warmia“</a>. </strong>Roman. Prima Verba Debütpreis 2018. Pop Epik-Reihe. Band 91. ISBN: 978-3-86356-228-1, 382 Seiten, €[D]23,50 &#8211;&gt; <strong>Dieser Titel ist nicht mehr lieferbar</strong></p>
<p>– <strong><a href="https://wp.pop-verlag.com/?p=4482">MINIMAL</a></strong> Gedichte. Die POP-Verlag-LYRIKREIHE Bd. 124. ISBN 978-3-86356-256-4, 86 Seiten, €[D]12,80 &#8211;&gt; &#8211;&gt; <strong>Dieser Titel ist nicht mehr lieferbar</strong></p>
<p>&nbsp;</p>

<p>&nbsp;  MARCO SAGURNA, *1961 in Wiesbaden; Leben in Frankfurt am Main, Vechta, Angers, Oldenburg und seit 1999 in Hannover. Studium der Germanistik, Kunst, Psychologie sowie Kulturmanagement. Autor von Geschichten, Gedichten, Feuilletons und Berichten in Zeitschriften, Zeitungen, Büchern, Rundfunk und Internet. &hellip; <a class="more-link" href="https://wp.pop-verlag.com/?page_id=3144">Weiterlesen <span class="meta-nav">&rarr;</span></a></p>
