{"id":3067,"date":"2019-07-07T16:21:20","date_gmt":"2019-07-07T16:21:20","guid":{"rendered":"http:\/\/wp.pop-verlag.com\/?page_id=3067"},"modified":"2019-10-10T16:31:22","modified_gmt":"2019-10-10T16:31:22","slug":"__trashed","status":"publish","type":"page","link":"https:\/\/wp.pop-verlag.com\/?page_id=3067","title":{"rendered":"Werner K. Bli\u00df"},"content":{"rendered":"<p><strong><img loading=\"lazy\" decoding=\"async\" class=\"alignleft wp-image-4542 size-medium\" src=\"https:\/\/wp.pop-verlag.com\/wp-content\/uploads\/2019\/10\/Bli\u00df-Werner1-199x300.jpg\" alt=\"\" width=\"199\" height=\"300\" srcset=\"https:\/\/wp.pop-verlag.com\/wp-content\/uploads\/2019\/10\/Bli\u00df-Werner1-199x300.jpg 199w, https:\/\/wp.pop-verlag.com\/wp-content\/uploads\/2019\/10\/Bli\u00df-Werner1-768x1155.jpg 768w, https:\/\/wp.pop-verlag.com\/wp-content\/uploads\/2019\/10\/Bli\u00df-Werner1-681x1024.jpg 681w, https:\/\/wp.pop-verlag.com\/wp-content\/uploads\/2019\/10\/Bli\u00df-Werner1.jpg 1181w\" sizes=\"auto, (max-width: 199px) 100vw, 199px\" \/>\u00a0<a href=\"https:\/\/wp.pop-verlag.com\/?page_id=3067\">Werner K. Bli\u00df<\/a><\/strong> wurde 1950 in Schiltach im Schwarzwald geboren und lebt (nach mehrj\u00e4hrigem Portugalaufenthalt) in Hausach im Schwarzwald, wo er malt und Gedichte schreibt, die immer wieder durch die Begegnung mit Kunstwerken (u.a. von Nicole Bianchet, Peter Doig, Elisabeth Endres, Armin G\u00f6hringer, Marianne Hopf, Christoph Meckel, Werner Pokorny und Vitali Vitanov) angeregt werden und die er in Literaturzeitschriften, Anthologien, Kunstkatalogen und Internetportalen ver\u00f6ffentlicht. Neben der regelm\u00e4\u00dfigen Ausstellung eigener Bilder und Objekte arbeitete Bli\u00df in den Jahren 2016 und 2017 in seinem Atelier mit jungen Afghanen und Syrern und pr\u00e4sentierte die Ergebnisse in der Ausstellung MIGRATION INTERAKTION INTEGRATION. <em>Gek\u00e4mmte Zeit<\/em> ist die erste Buchver\u00f6ffentlichung von Werner K. Bli\u00df.<\/p>\n<p>&nbsp;<\/p>\n<p>Lieferbare Titel von <strong>\u00a0<a href=\"https:\/\/wp.pop-verlag.com\/?page_id=3067\">Werner K. Bli\u00df<\/a><\/strong>: <strong><a href=\"https:\/\/wp.pop-verlag.com\/?p=4538\">Gek\u00e4mmte Zeit<\/a><\/strong>. Gedichte. Die POP-Verlag-LYRIKREIHE Bd. 142. ISBN 978-3-86356-288-5, 150 Seiten, \u20ac[D]15,00<\/p>\n","protected":false},"excerpt":{"rendered":"<p>\u00a0Werner K. Bli\u00df wurde 1950 in Schiltach im Schwarzwald geboren und lebt (nach mehrj\u00e4hrigem Portugalaufenthalt) in Hausach im Schwarzwald, wo er malt und Gedichte schreibt, die immer wieder durch die Begegnung mit Kunstwerken (u.a. von Nicole Bianchet, Peter Doig, Elisabeth &hellip; <a class=\"more-link\" href=\"https:\/\/wp.pop-verlag.com\/?page_id=3067\">Weiterlesen <span class=\"meta-nav\">&rarr;<\/span><\/a><\/p>\n","protected":false},"author":2,"featured_media":0,"parent":660,"menu_order":13,"comment_status":"closed","ping_status":"closed","template":"","meta":{"footnotes":""},"class_list":["post-3067","page","type-page","status-publish","hentry"],"jetpack_sharing_enabled":true,"_links":{"self":[{"href":"https:\/\/wp.pop-verlag.com\/index.php?rest_route=\/wp\/v2\/pages\/3067","targetHints":{"allow":["GET"]}}],"collection":[{"href":"https:\/\/wp.pop-verlag.com\/index.php?rest_route=\/wp\/v2\/pages"}],"about":[{"href":"https:\/\/wp.pop-verlag.com\/index.php?rest_route=\/wp\/v2\/types\/page"}],"author":[{"embeddable":true,"href":"https:\/\/wp.pop-verlag.com\/index.php?rest_route=\/wp\/v2\/users\/2"}],"replies":[{"embeddable":true,"href":"https:\/\/wp.pop-verlag.com\/index.php?rest_route=%2Fwp%2Fv2%2Fcomments&post=3067"}],"version-history":[{"count":5,"href":"https:\/\/wp.pop-verlag.com\/index.php?rest_route=\/wp\/v2\/pages\/3067\/revisions"}],"predecessor-version":[{"id":4548,"href":"https:\/\/wp.pop-verlag.com\/index.php?rest_route=\/wp\/v2\/pages\/3067\/revisions\/4548"}],"up":[{"embeddable":true,"href":"https:\/\/wp.pop-verlag.com\/index.php?rest_route=\/wp\/v2\/pages\/660"}],"wp:attachment":[{"href":"https:\/\/wp.pop-verlag.com\/index.php?rest_route=%2Fwp%2Fv2%2Fmedia&parent=3067"}],"curies":[{"name":"wp","href":"https:\/\/api.w.org\/{rel}","templated":true}]}}

Werner K. Bliß

<p><strong><img loading="lazy" decoding="async" class="alignleft wp-image-4542 size-medium" src="https://wp.pop-verlag.com/wp-content/uploads/2019/10/Bliß-Werner1-199x300.jpg" alt="" width="199" height="300" srcset="https://wp.pop-verlag.com/wp-content/uploads/2019/10/Bliß-Werner1-199x300.jpg 199w, https://wp.pop-verlag.com/wp-content/uploads/2019/10/Bliß-Werner1-768x1155.jpg 768w, https://wp.pop-verlag.com/wp-content/uploads/2019/10/Bliß-Werner1-681x1024.jpg 681w, https://wp.pop-verlag.com/wp-content/uploads/2019/10/Bliß-Werner1.jpg 1181w" sizes="auto, (max-width: 199px) 100vw, 199px" /> <a href="https://wp.pop-verlag.com/?page_id=3067">Werner K. Bliß</a></strong> wurde 1950 in Schiltach im Schwarzwald geboren und lebt (nach mehrjährigem Portugalaufenthalt) in Hausach im Schwarzwald, wo er malt und Gedichte schreibt, die immer wieder durch die Begegnung mit Kunstwerken (u.a. von Nicole Bianchet, Peter Doig, Elisabeth Endres, Armin Göhringer, Marianne Hopf, Christoph Meckel, Werner Pokorny und Vitali Vitanov) angeregt werden und die er in Literaturzeitschriften, Anthologien, Kunstkatalogen und Internetportalen veröffentlicht. Neben der regelmäßigen Ausstellung eigener Bilder und Objekte arbeitete Bliß in den Jahren 2016 und 2017 in seinem Atelier mit jungen Afghanen und Syrern und präsentierte die Ergebnisse in der Ausstellung MIGRATION INTERAKTION INTEGRATION. <em>Gekämmte Zeit</em> ist die erste Buchveröffentlichung von Werner K. Bliß.</p>
<p>&nbsp;</p>
<p>Lieferbare Titel von <strong> <a href="https://wp.pop-verlag.com/?page_id=3067">Werner K. Bliß</a></strong>: <strong><a href="https://wp.pop-verlag.com/?p=4538">Gekämmte Zeit</a></strong>. Gedichte. Die POP-Verlag-LYRIKREIHE Bd. 142. ISBN 978-3-86356-288-5, 150 Seiten, €[D]15,00</p>

<p> Werner K. Bliß wurde 1950 in Schiltach im Schwarzwald geboren und lebt (nach mehrjährigem Portugalaufenthalt) in Hausach im Schwarzwald, wo er malt und Gedichte schreibt, die immer wieder durch die Begegnung mit Kunstwerken (u.a. von Nicole Bianchet, Peter Doig, Elisabeth &hellip; <a class="more-link" href="https://wp.pop-verlag.com/?page_id=3067">Weiterlesen <span class="meta-nav">&rarr;</span></a></p>
