{"id":3009,"date":"2018-03-10T12:32:06","date_gmt":"2018-03-10T12:32:06","guid":{"rendered":"http:\/\/wp.pop-verlag.com\/?page_id=3009"},"modified":"2018-03-10T12:38:31","modified_gmt":"2018-03-10T12:38:31","slug":"slavomir-gvozdenovic","status":"publish","type":"page","link":"https:\/\/wp.pop-verlag.com\/?page_id=3009","title":{"rendered":"Slavomir Gvozdenovi\u0107"},"content":{"rendered":"<p style=\"text-align: justify;\"><a href=\"http:\/\/wp.pop-verlag.com\/?page_id=3009\"><strong><img loading=\"lazy\" decoding=\"async\" class=\"alignleft wp-image-3012 size-medium\" src=\"http:\/\/wp.pop-verlag.com\/wp-content\/uploads\/2018\/03\/Slavomir-Gvozdenovi\u0107-300x300.jpg\" alt=\"Slavomir Gvozdenovi\u0107\" width=\"300\" height=\"300\" srcset=\"https:\/\/wp.pop-verlag.com\/wp-content\/uploads\/2018\/03\/Slavomir-Gvozdenovi\u0107-300x300.jpg 300w, https:\/\/wp.pop-verlag.com\/wp-content\/uploads\/2018\/03\/Slavomir-Gvozdenovi\u0107-150x150.jpg 150w, https:\/\/wp.pop-verlag.com\/wp-content\/uploads\/2018\/03\/Slavomir-Gvozdenovi\u0107-768x765.jpg 768w, https:\/\/wp.pop-verlag.com\/wp-content\/uploads\/2018\/03\/Slavomir-Gvozdenovi\u0107-1024x1020.jpg 1024w, https:\/\/wp.pop-verlag.com\/wp-content\/uploads\/2018\/03\/Slavomir-Gvozdenovi\u0107-301x300.jpg 301w\" sizes=\"auto, (max-width: 300px) 100vw, 300px\" \/>\u00a0Slavomir Gvozdenovi\u0107<\/strong><\/a>, geboren 1953 in Belobreschka (Kreis Karasch-Severin). Abschluss an der Universit\u00e4t Bukarest, Fakult\u00e4t f\u00fcr serbische Sprache und Literatur. Mitglied des rum\u00e4nischen Schriftstellerverbandes. Ehrenmitglied des Schriftstellerverbandes der Republik Serbien. Mitglied des Schriftstellerverbandes der Republika Srpska. Chefredakteur der Zeitschrift \u201eKnjizevni zivot\u201c (Literarisches Leben).<\/p>\n<p style=\"text-align: justify;\">PREISE:<\/p>\n<p>\u201eInternationales Treffen balkanischer Schriftsteller\u201c, Bor, 1988; au\u00dferordentlicher Preis \u201eBranko Miljkovi\u0107\u201c, Belgrad-Ni\u0161, 1989; Poesiepreis des rum\u00e4nischen Schriftstellerverbandes, Au\u00dfenstelle Temeswar, 1995. Der gro\u00dfe Preis \u201eSusnjar\u201c des Schriftstellerverbandes der Republika Srpska, 1997; au\u00dferordentlicher Preis der serbisch-orthodoxen Kirche aus Crvenka beim Treffen jugoslawischer Dichter f\u00fcr Kinderliteratur, 1997. Ehrenmedaille des Weltverbandes der Serben f\u00fcr nationale und kulturelle Verdienste, 1998, Preis des rum\u00e4nisches Schriftstellerverbandes, 1999. Medaille f\u00fcr kulturelle Verdienste, \u00fcberreicht vom rum\u00e4nischen Pr\u00e4sidenten, 2002, Orden \u201eVuk Karad\u017ei\u0107\u201c \u00fcberreicht vom serbischen Pr\u00e4sidenten, 2005, und der Preis des serbischen Schriftstellerverbandes, \u201e\u010carnojevi\u0107s Kreuz\u201c, 2005.<\/p>\n<p>B\u00dcCHER (IN SERBISCHER SPRACHE)<\/p>\n<p>\u201eDie Fl\u00fcge! und ein bisschen Feuer\u201c, Bukarest, Kriterion, 1975; \u201cLieder vor der Morgend\u00e4mmerung\u201c, Temeswar, Facla, 1977; \u201cAbwehr der Fl\u00fcgel\u201c Bukarest, Kriterion, 1978;<br \/>\n\u201eLirik\u201c, Bukarest, Kriterion, 1981; \u201cDie helle Erl\u00f6sung der Steine\u201c, Bukarest, Kriterion, 1983; \u201eUnvorhergesehenes Ende\u201c, Prosa f\u00fcr Kinder, Bukarest, Kriterion, 1986; \u201eDas Buch \u00fcber das Haus des Medizinmannes\u201c, Bukarest, Kriterion, 1988; \u201eDie Zusammensetzung\u201c (Lyrische Anthologie), Belgrad,1988; \u201eDie Kreisbahn der wei\u00dfen Sonne\u201c; Temeswar, Facla, 1989, ins Rum\u00e4nische \u00fcbertragen von Lucian Alexiu; \u201eDer Stein der Tr\u00e4nen\u201c, Bukarest, Kriterion, 1990; \u201eSerbisches Gebet in Temeswar\u2019\u2019, Svetovi, Novi Sad, 1991; \u201eLicht und Wort\u201c, Temeswar, Hestia Verlag, 1994; \u201eIm Haus voller Feuer und Eis\u201c, Belgrad, Prosveta, 1995; \u201eDie Geburt des Urgro\u00dfvaters\u201c \u2013 Prometej, Novi Sad, Petar Koci\u0107 \u2013 Banja Luka, Hestia-Temeswar, 1997; \u201eUnd\u201c, Poeme, Temeswar, Hestia, 1999; \u201eCrnjanski in Temeswar\u201c (Ausgew\u00e4hlte Gedichte), Belgrad, Prosveta, 2002; \u201cDie Angst in der Falle\u201c, Temeswar, Hestia, 2003; \u201eDas Kreuz und der Schrei\u201c I-lI, Temeswar, Anthropos, 2003; \u201eDie Abendschule\u201c, Temeswar, Anthropos, 2003, ins Rum\u00e4nische \u00fcbertragen von Lucian Alexiu; \u201eChicago, Amerika und Vidovdan\u2019\u2019, Prosa, Temeswar-Chicago, 2003\u201c.<br \/>\nIn Zusammenarbeit mit Lucian Alexiu hat Slavomir Gvozdenovi\u0107 mehrere Gedichtb\u00e4nde der serbischen Literatur, darunter auch die Anthologie \u201eNord Serbien\u201c (von Drasko Redjep, Hestia Verlag, 1999) in die rum\u00e4nische Sprache \u00fcbersetzt.<br \/>\nGleichzeitig \u00fcbersetzte er auch mehrere rum\u00e4nische Dichter ins Serbische, unter anderen auch \u201eDie Anthologie der rum\u00e4nischen Kindergedichte\u201c (Autor und \u00dcbersetzer, Smederevska pesnicka jesen, Smederevo, 2000).<br \/>\nDie Poeme von Slavomir\u00a0 Gvozdenovi\u0107 wurden in mehrere Sprachen \u00fcbersetzt. Seine Werke sind in Gedichtanthologien vertreten, die in Rum\u00e4nien, Serbien, Montenegro, (Jugoslawien), \u00d6sterreich, Deutschland, Italien, Kanada erschienen, wie zum Beispiel \u201eStern im blauen Kreis\u201c, Anthologie der serbischen Poesie in Rum\u00e4nien (1945-1990), Dnevnik, Novi Sad, 1990; \u201eDie moderne serbische Poesie\u201c \u00ad das Buch \u00fcber die moderne serbische Lyrik von Kosti\u0107 und Ili\u0107 bis heute. Anthologie von Stevan Tonti\u0107, Sarajevo, Svijetlost, 1991; \u201eGedichte von der anderen Grenzseite \u2013 Anthologie von Slobodan Vuksanovi\u0107, Belgrad, Prosveta, 1995; \u201eDie Tontaube\u201c \u2013 Anthologie der serbischen Poesie in Rum\u00e4nien in Zusammenarbeit mit Lucian Alexiu, Bukarest, Persona, 1998; \u201eDer Fluch-Serbien, Fr\u00fchling 1999\u201c \u2013 Anthologie von Moma Dimi\u0107, Schriftsteller-Verband Serbiens, Belgrad, 1999, \u201eAnthologie des serbischen Liebesgedichtes; Novi Sad, Prometej, Subotica \u2013Hochschule f\u00fcr P\u00e4dagogik, 2002, und viele andere.<br \/>\nSlavomir\u00a0 Gvozdenovi\u0107 ist ebenfalls im Lexikon \u201eWho is who\u201c \u2013 serbische Schriftsteller aus Jugoslawien \u2013 von Milisav Savi\u0107, Belgrad, Prosvela Verlag, 1994, und im serbisch-englischen Lexikon \u201eSerben in der Welt, 1999\u201c von Milena Milanovi\u0107, Belgrad \/ Los Angeles, 1999, zu finden.<\/p>\n","protected":false},"excerpt":{"rendered":"<p>\u00a0Slavomir Gvozdenovi\u0107, geboren 1953 in Belobreschka (Kreis Karasch-Severin). Abschluss an der Universit\u00e4t Bukarest, Fakult\u00e4t f\u00fcr serbische Sprache und Literatur. Mitglied des rum\u00e4nischen Schriftstellerverbandes. Ehrenmitglied des Schriftstellerverbandes der Republik Serbien. Mitglied des Schriftstellerverbandes der Republika Srpska. Chefredakteur der Zeitschrift \u201eKnjizevni zivot\u201c &hellip; <a class=\"more-link\" href=\"https:\/\/wp.pop-verlag.com\/?page_id=3009\">Weiterlesen <span class=\"meta-nav\">&rarr;<\/span><\/a><\/p>\n","protected":false},"author":2,"featured_media":0,"parent":672,"menu_order":8,"comment_status":"closed","ping_status":"closed","template":"","meta":{"footnotes":""},"class_list":["post-3009","page","type-page","status-publish","hentry"],"jetpack_sharing_enabled":true,"_links":{"self":[{"href":"https:\/\/wp.pop-verlag.com\/index.php?rest_route=\/wp\/v2\/pages\/3009","targetHints":{"allow":["GET"]}}],"collection":[{"href":"https:\/\/wp.pop-verlag.com\/index.php?rest_route=\/wp\/v2\/pages"}],"about":[{"href":"https:\/\/wp.pop-verlag.com\/index.php?rest_route=\/wp\/v2\/types\/page"}],"author":[{"embeddable":true,"href":"https:\/\/wp.pop-verlag.com\/index.php?rest_route=\/wp\/v2\/users\/2"}],"replies":[{"embeddable":true,"href":"https:\/\/wp.pop-verlag.com\/index.php?rest_route=%2Fwp%2Fv2%2Fcomments&post=3009"}],"version-history":[{"count":3,"href":"https:\/\/wp.pop-verlag.com\/index.php?rest_route=\/wp\/v2\/pages\/3009\/revisions"}],"predecessor-version":[{"id":3013,"href":"https:\/\/wp.pop-verlag.com\/index.php?rest_route=\/wp\/v2\/pages\/3009\/revisions\/3013"}],"up":[{"embeddable":true,"href":"https:\/\/wp.pop-verlag.com\/index.php?rest_route=\/wp\/v2\/pages\/672"}],"wp:attachment":[{"href":"https:\/\/wp.pop-verlag.com\/index.php?rest_route=%2Fwp%2Fv2%2Fmedia&parent=3009"}],"curies":[{"name":"wp","href":"https:\/\/api.w.org\/{rel}","templated":true}]}}

Slavomir Gvozdenović

<p style="text-align: justify;"><a href="http://wp.pop-verlag.com/?page_id=3009"><strong><img loading="lazy" decoding="async" class="alignleft wp-image-3012 size-medium" src="http://wp.pop-verlag.com/wp-content/uploads/2018/03/Slavomir-Gvozdenović-300x300.jpg" alt="Slavomir Gvozdenović" width="300" height="300" srcset="https://wp.pop-verlag.com/wp-content/uploads/2018/03/Slavomir-Gvozdenović-300x300.jpg 300w, https://wp.pop-verlag.com/wp-content/uploads/2018/03/Slavomir-Gvozdenović-150x150.jpg 150w, https://wp.pop-verlag.com/wp-content/uploads/2018/03/Slavomir-Gvozdenović-768x765.jpg 768w, https://wp.pop-verlag.com/wp-content/uploads/2018/03/Slavomir-Gvozdenović-1024x1020.jpg 1024w, https://wp.pop-verlag.com/wp-content/uploads/2018/03/Slavomir-Gvozdenović-301x300.jpg 301w" sizes="auto, (max-width: 300px) 100vw, 300px" /> Slavomir Gvozdenović</strong></a>, geboren 1953 in Belobreschka (Kreis Karasch-Severin). Abschluss an der Universität Bukarest, Fakultät für serbische Sprache und Literatur. Mitglied des rumänischen Schriftstellerverbandes. Ehrenmitglied des Schriftstellerverbandes der Republik Serbien. Mitglied des Schriftstellerverbandes der Republika Srpska. Chefredakteur der Zeitschrift „Knjizevni zivot“ (Literarisches Leben).</p>
<p style="text-align: justify;">PREISE:</p>
<p>„Internationales Treffen balkanischer Schriftsteller“, Bor, 1988; außerordentlicher Preis „Branko Miljković“, Belgrad-Niš, 1989; Poesiepreis des rumänischen Schriftstellerverbandes, Außenstelle Temeswar, 1995. Der große Preis „Susnjar“ des Schriftstellerverbandes der Republika Srpska, 1997; außerordentlicher Preis der serbisch-orthodoxen Kirche aus Crvenka beim Treffen jugoslawischer Dichter für Kinderliteratur, 1997. Ehrenmedaille des Weltverbandes der Serben für nationale und kulturelle Verdienste, 1998, Preis des rumänisches Schriftstellerverbandes, 1999. Medaille für kulturelle Verdienste, überreicht vom rumänischen Präsidenten, 2002, Orden „Vuk Karadžić“ überreicht vom serbischen Präsidenten, 2005, und der Preis des serbischen Schriftstellerverbandes, „Čarnojevićs Kreuz“, 2005.</p>
<p>BÜCHER (IN SERBISCHER SPRACHE)</p>
<p>„Die Flüge! und ein bisschen Feuer“, Bukarest, Kriterion, 1975; “Lieder vor der Morgendämmerung“, Temeswar, Facla, 1977; “Abwehr der Flügel“ Bukarest, Kriterion, 1978;<br />
„Lirik“, Bukarest, Kriterion, 1981; “Die helle Erlösung der Steine“, Bukarest, Kriterion, 1983; „Unvorhergesehenes Ende“, Prosa für Kinder, Bukarest, Kriterion, 1986; „Das Buch über das Haus des Medizinmannes“, Bukarest, Kriterion, 1988; „Die Zusammensetzung“ (Lyrische Anthologie), Belgrad,1988; „Die Kreisbahn der weißen Sonne“; Temeswar, Facla, 1989, ins Rumänische übertragen von Lucian Alexiu; „Der Stein der Tränen“, Bukarest, Kriterion, 1990; „Serbisches Gebet in Temeswar’’, Svetovi, Novi Sad, 1991; „Licht und Wort“, Temeswar, Hestia Verlag, 1994; „Im Haus voller Feuer und Eis“, Belgrad, Prosveta, 1995; „Die Geburt des Urgroßvaters“ – Prometej, Novi Sad, Petar Kocić – Banja Luka, Hestia-Temeswar, 1997; „Und“, Poeme, Temeswar, Hestia, 1999; „Crnjanski in Temeswar“ (Ausgewählte Gedichte), Belgrad, Prosveta, 2002; “Die Angst in der Falle“, Temeswar, Hestia, 2003; „Das Kreuz und der Schrei“ I-lI, Temeswar, Anthropos, 2003; „Die Abendschule“, Temeswar, Anthropos, 2003, ins Rumänische übertragen von Lucian Alexiu; „Chicago, Amerika und Vidovdan’’, Prosa, Temeswar-Chicago, 2003“.<br />
In Zusammenarbeit mit Lucian Alexiu hat Slavomir Gvozdenović mehrere Gedichtbände der serbischen Literatur, darunter auch die Anthologie „Nord Serbien“ (von Drasko Redjep, Hestia Verlag, 1999) in die rumänische Sprache übersetzt.<br />
Gleichzeitig übersetzte er auch mehrere rumänische Dichter ins Serbische, unter anderen auch „Die Anthologie der rumänischen Kindergedichte“ (Autor und Übersetzer, Smederevska pesnicka jesen, Smederevo, 2000).<br />
Die Poeme von Slavomir  Gvozdenović wurden in mehrere Sprachen übersetzt. Seine Werke sind in Gedichtanthologien vertreten, die in Rumänien, Serbien, Montenegro, (Jugoslawien), Österreich, Deutschland, Italien, Kanada erschienen, wie zum Beispiel „Stern im blauen Kreis“, Anthologie der serbischen Poesie in Rumänien (1945-1990), Dnevnik, Novi Sad, 1990; „Die moderne serbische Poesie“ ­ das Buch über die moderne serbische Lyrik von Kostić und Ilić bis heute. Anthologie von Stevan Tontić, Sarajevo, Svijetlost, 1991; „Gedichte von der anderen Grenzseite – Anthologie von Slobodan Vuksanović, Belgrad, Prosveta, 1995; „Die Tontaube“ – Anthologie der serbischen Poesie in Rumänien in Zusammenarbeit mit Lucian Alexiu, Bukarest, Persona, 1998; „Der Fluch-Serbien, Frühling 1999“ – Anthologie von Moma Dimić, Schriftsteller-Verband Serbiens, Belgrad, 1999, „Anthologie des serbischen Liebesgedichtes; Novi Sad, Prometej, Subotica –Hochschule für Pädagogik, 2002, und viele andere.<br />
Slavomir  Gvozdenović ist ebenfalls im Lexikon „Who is who“ – serbische Schriftsteller aus Jugoslawien – von Milisav Savić, Belgrad, Prosvela Verlag, 1994, und im serbisch-englischen Lexikon „Serben in der Welt, 1999“ von Milena Milanović, Belgrad / Los Angeles, 1999, zu finden.</p>

<p> Slavomir Gvozdenović, geboren 1953 in Belobreschka (Kreis Karasch-Severin). Abschluss an der Universität Bukarest, Fakultät für serbische Sprache und Literatur. Mitglied des rumänischen Schriftstellerverbandes. Ehrenmitglied des Schriftstellerverbandes der Republik Serbien. Mitglied des Schriftstellerverbandes der Republika Srpska. Chefredakteur der Zeitschrift „Knjizevni zivot“ &hellip; <a class="more-link" href="https://wp.pop-verlag.com/?page_id=3009">Weiterlesen <span class="meta-nav">&rarr;</span></a></p>
