{"id":2921,"date":"2018-03-09T06:25:14","date_gmt":"2018-03-09T06:25:14","guid":{"rendered":"http:\/\/wp.pop-verlag.com\/?page_id=2921"},"modified":"2018-07-25T14:30:17","modified_gmt":"2018-07-25T14:30:17","slug":"sabine-schiffner","status":"publish","type":"page","link":"https:\/\/wp.pop-verlag.com\/?page_id=2921","title":{"rendered":"Sabine Schiffner"},"content":{"rendered":"<p><a href=\"https:\/\/wp.pop-verlag.com\/?page_id=2921\"><strong>Sabine Schiffner<\/strong><\/a>, geboren 1965 in Bremen, Studium der Theater-, Film- und Fernsehwissenschaften, Germanistik und Psychologie in K\u00f6ln.T\u00e4tigkeit als Regisseurin und Darstellerin am Schauspielhaus K\u00f6ln. Seit 1996 als Autorin und \u00dcbersetzerin t\u00e4tig.<\/p>\n<p>Ver\u00f6ffentlichungen (Auswahl):<br \/>\nBesteck im Kopf. Gedichte, Emons Verlag, K\u00f6ln 1994<br \/>\nKindbettfieber. Roman, S. Fischer, Frankfurt a. M. 2005<br \/>\nMale. Gedichte, Zu Klampen, Springe, 2006<br \/>\nDschinn. Gedichte, S. Fischer, Frankfurt a. M. 2007<br \/>\nFr\u00fchling l\u00e4sst sein blaues Band. Gedichte und Prosa, S. Fischer, Frankfurt a. M. 2009<br \/>\nfremd gedanken. Gedichte, Horlemann Verlag, Berlin 2013<br \/>\nsuper ach. Gedichte, Lilienfeld Verlag, D\u00fcsseldorf 2018<\/p>\n<p>Preise und Auszeichnungen:<br \/>\nBremer Autorenpreis, 2001<br \/>\nAufenthaltsstipendium im K\u00fcnstlerhaus Lukas in Ahrenshoop, 2002<br \/>\nAufenthaltsstipendium in Schloss Wiepersdorf, 2004<br \/>\nAufenthaltsstipendium in der Raketenstation Hombroich, 2004<br \/>\nMartha-Saalfeld-Preis f\u00fcr Lyrik, 2005<br \/>\nJ\u00fcrgen-Ponto-Preis der Dresdner Bank, 2005<br \/>\nAufenthaltsstipendium in der Villa Aurora in L.A., 2006<br \/>\nAufnahme in den PEN, 2007<br \/>\nLiteraturstipendium NRW, 2007<br \/>\nAufenthaltsstipendium Sch\u00f6ppingen, 2009<br \/>\nArbeitsstipendium f\u00fcr Schriftsteller, NRW, 2011<br \/>\nScriptorium-Stipendium der Stadt K\u00f6ln, 2012\/2013<br \/>\nArbeitsstipendium der Kulturstiftung der Sparkasse K\u00f6lnBonn, 2014<br \/>\nEhrengabe der Schillerstiftung, 2014<\/p>\n<p>Lieferbare Titel von <a href=\"https:\/\/wp.pop-verlag.com\/?page_id=2921\"><strong>Sabine Schiffner<\/strong><\/a>:<\/p>\n<ul>\n<li><strong><a href=\"http:\/\/wp.pop-verlag.com\/?p=2914\">Kopf\u00fcber \/ \u10d7\u10d0\u10d5\u10d3\u10d0\u10e7\u10d8\u10e0\u10d0<\/a><a href=\"http:\/\/wp.pop-verlag.com\/?p=2914\">. <\/a><\/strong>Nachgedichtet von <a href=\"http:\/\/wp.pop-verlag.com\/?page_id=2921\">Sabine Schiffner. <\/a>Deutsch \u2013 Georgisch. Kaukasische Bibliothek.\u00a0Hrsg. <a href=\"http:\/\/wp.pop-verlag.com\/?page_id=1216\">Uli Rothfuss<\/a> und <a href=\"http:\/\/wp.pop-verlag.com\/?page_id=2088\">Traian Pop<\/a>. Band 19. (Georgien); Lyrik, 92 Seiten,\u00a0ISBN 978-3-86356-222-9, \u20ac [D]16,50<\/li>\n<li><a href=\"http:\/\/wp.pop-verlag.com\/?page_id=2485\"><strong>Irma Shiolashvili<\/strong><\/a>: <a href=\"http:\/\/wp.pop-verlag.com\/?p=3117\"><strong>Kopf\u00fcber.\u00a0<\/strong><\/a>Nachgedichtet von <a href=\"http:\/\/wp.pop-verlag.com\/?page_id=2921\">Sabine Schiffner<\/a><br \/>\nLyrik, 52 Seiten,\u00a0ISBN 978-3-86356-223-6 \u20ac [D]12,80<\/li>\n<li><a href=\"https:\/\/wp.pop-verlag.com\/?p=3399\"><strong>Roter Schein<\/strong><\/a>. Nachgedichtet von <a href=\"http:\/\/wp.pop-verlag.com\/?page_id=2921\">Sabine Schiffner.<\/a> Kaukasische Bibliothek.\u00a0Hrsg. <a href=\"http:\/\/wp.pop-verlag.com\/?page_id=1216\">Uli Rothfuss<\/a> und <a href=\"http:\/\/wp.pop-verlag.com\/?page_id=2088\">Traian Pop<\/a>. Band 21. (Georgien); 84 Seiten,\u00a0ISBN 978-3-86356-224-3; \u20ac [D]16,50<\/li>\n<\/ul>\n","protected":false},"excerpt":{"rendered":"<p>Sabine Schiffner, geboren 1965 in Bremen, Studium der Theater-, Film- und Fernsehwissenschaften, Germanistik und Psychologie in K\u00f6ln.T\u00e4tigkeit als Regisseurin und Darstellerin am Schauspielhaus K\u00f6ln. Seit 1996 als Autorin und \u00dcbersetzerin t\u00e4tig. Ver\u00f6ffentlichungen (Auswahl): Besteck im Kopf. Gedichte, Emons Verlag, K\u00f6ln &hellip; <a class=\"more-link\" href=\"https:\/\/wp.pop-verlag.com\/?page_id=2921\">Weiterlesen <span class=\"meta-nav\">&rarr;<\/span><\/a><\/p>\n","protected":false},"author":2,"featured_media":0,"parent":712,"menu_order":8,"comment_status":"closed","ping_status":"closed","template":"","meta":{"footnotes":""},"class_list":["post-2921","page","type-page","status-publish","hentry"],"jetpack_sharing_enabled":true,"_links":{"self":[{"href":"https:\/\/wp.pop-verlag.com\/index.php?rest_route=\/wp\/v2\/pages\/2921","targetHints":{"allow":["GET"]}}],"collection":[{"href":"https:\/\/wp.pop-verlag.com\/index.php?rest_route=\/wp\/v2\/pages"}],"about":[{"href":"https:\/\/wp.pop-verlag.com\/index.php?rest_route=\/wp\/v2\/types\/page"}],"author":[{"embeddable":true,"href":"https:\/\/wp.pop-verlag.com\/index.php?rest_route=\/wp\/v2\/users\/2"}],"replies":[{"embeddable":true,"href":"https:\/\/wp.pop-verlag.com\/index.php?rest_route=%2Fwp%2Fv2%2Fcomments&post=2921"}],"version-history":[{"count":3,"href":"https:\/\/wp.pop-verlag.com\/index.php?rest_route=\/wp\/v2\/pages\/2921\/revisions"}],"predecessor-version":[{"id":3410,"href":"https:\/\/wp.pop-verlag.com\/index.php?rest_route=\/wp\/v2\/pages\/2921\/revisions\/3410"}],"up":[{"embeddable":true,"href":"https:\/\/wp.pop-verlag.com\/index.php?rest_route=\/wp\/v2\/pages\/712"}],"wp:attachment":[{"href":"https:\/\/wp.pop-verlag.com\/index.php?rest_route=%2Fwp%2Fv2%2Fmedia&parent=2921"}],"curies":[{"name":"wp","href":"https:\/\/api.w.org\/{rel}","templated":true}]}}