{"id":2789,"date":"2018-02-04T14:24:24","date_gmt":"2018-02-04T14:24:24","guid":{"rendered":"http:\/\/wp.pop-verlag.com\/?page_id=2789"},"modified":"2018-02-04T14:30:09","modified_gmt":"2018-02-04T14:30:09","slug":"michael-hillen","status":"publish","type":"page","link":"https:\/\/wp.pop-verlag.com\/?page_id=2789","title":{"rendered":"Michael Hillen"},"content":{"rendered":"<p style=\"text-align: justify;\"><a href=\"http:\/\/wp.pop-verlag.com\/?page_id=2789\"><strong><img loading=\"lazy\" decoding=\"async\" class=\"alignleft wp-image-2792 size-medium\" src=\"http:\/\/wp.pop-verlag.com\/wp-content\/uploads\/2018\/02\/Michael-Hillen-196x300.jpg\" alt=\"Michael Hillen\" width=\"196\" height=\"300\" srcset=\"https:\/\/wp.pop-verlag.com\/wp-content\/uploads\/2018\/02\/Michael-Hillen-196x300.jpg 196w, https:\/\/wp.pop-verlag.com\/wp-content\/uploads\/2018\/02\/Michael-Hillen-768x1175.jpg 768w, https:\/\/wp.pop-verlag.com\/wp-content\/uploads\/2018\/02\/Michael-Hillen-669x1024.jpg 669w, https:\/\/wp.pop-verlag.com\/wp-content\/uploads\/2018\/02\/Michael-Hillen.jpg 1181w\" sizes=\"auto, (max-width: 196px) 100vw, 196px\" \/>Michael Hillen<\/strong><\/a>, *1953 in Bonn (bis 1979 \u2013 Vater aus Antwerpen \u2013 belgische Staatsangeh\u00f6rigkeit), lebt und arbeitet dort. Nach Ausbildung in einem sonderp\u00e4dagogischen Verlag T\u00e4tigkeit als Korrektor, Lektor und Bibliothekar; Lyriker. Seit den 1970er Jahren ver\u00f6ffentlicht er Gedichte auf K\u00fcnstlerpostkarten, in Zeitungen, Anthologien, Jahrb\u00fcchern, literarischen Kalendern und in- und ausl\u00e4ndischen Literaturzeitschriften. 2009, zusammen mit Lutz Fleischer (Grafik): Das Z\u00fcndbl\u00e4ttchen (\u00dcberelbsche Bl\u00e4tter f\u00fcr Kunst und Literatur, Nr. 34, Edition Dreizeichen, Mei\u00dfen). Zuletzt ver\u00f6ffentlichte Hillen die Gedichtb\u00e4nde Ablegende Schiffe (Silver Horse Edition, Marklkofen 2009), Beschattete Erinnerungen (Silver Horse Edition, Marklkofen 2011), Frau R\u00f6ntgens Hand (hrsg. v. Helwig Brunner, Edition Keiper, Graz 2012), Die Kartoffelesser (Illustrationen: Xenia Pankowa, hrsg. v. Carl-Walter Kottnik, Hamburg 2015) und Wundbilder (mit einer Radierung von Peter Marggraf, hrsg. v. Hans Georg Bulla, San Marco Handpresse, Bordenau\/Venezia 2016). 2009 Sonderpreis der Literaturzeitschrift Dulzinea.<\/p>\n<p>Lieferbare Titel von <strong><a href=\"http:\/\/wp.pop-verlag.com\/?page_id=2789\">Michael Hillen<\/a>: <\/strong><\/p>\n<ul>\n<li><strong><a href=\"http:\/\/wp.pop-verlag.com\/?p=2785\">Antonia und andere Frauengeschichten<\/a><\/strong>. Gedichte.<\/li>\n<\/ul>\n<p>ISBN: 978-3-86356-195-6, 80 Seiten, \u20ac[D]14,50<\/p>\n","protected":false},"excerpt":{"rendered":"<p>Michael Hillen, *1953 in Bonn (bis 1979 \u2013 Vater aus Antwerpen \u2013 belgische Staatsangeh\u00f6rigkeit), lebt und arbeitet dort. Nach Ausbildung in einem sonderp\u00e4dagogischen Verlag T\u00e4tigkeit als Korrektor, Lektor und Bibliothekar; Lyriker. Seit den 1970er Jahren ver\u00f6ffentlicht er Gedichte auf K\u00fcnstlerpostkarten, &hellip; <a class=\"more-link\" href=\"https:\/\/wp.pop-verlag.com\/?page_id=2789\">Weiterlesen <span class=\"meta-nav\">&rarr;<\/span><\/a><\/p>\n","protected":false},"author":2,"featured_media":0,"parent":674,"menu_order":7,"comment_status":"closed","ping_status":"closed","template":"","meta":{"footnotes":""},"class_list":["post-2789","page","type-page","status-publish","hentry"],"jetpack_sharing_enabled":true,"_links":{"self":[{"href":"https:\/\/wp.pop-verlag.com\/index.php?rest_route=\/wp\/v2\/pages\/2789","targetHints":{"allow":["GET"]}}],"collection":[{"href":"https:\/\/wp.pop-verlag.com\/index.php?rest_route=\/wp\/v2\/pages"}],"about":[{"href":"https:\/\/wp.pop-verlag.com\/index.php?rest_route=\/wp\/v2\/types\/page"}],"author":[{"embeddable":true,"href":"https:\/\/wp.pop-verlag.com\/index.php?rest_route=\/wp\/v2\/users\/2"}],"replies":[{"embeddable":true,"href":"https:\/\/wp.pop-verlag.com\/index.php?rest_route=%2Fwp%2Fv2%2Fcomments&post=2789"}],"version-history":[{"count":6,"href":"https:\/\/wp.pop-verlag.com\/index.php?rest_route=\/wp\/v2\/pages\/2789\/revisions"}],"predecessor-version":[{"id":2797,"href":"https:\/\/wp.pop-verlag.com\/index.php?rest_route=\/wp\/v2\/pages\/2789\/revisions\/2797"}],"up":[{"embeddable":true,"href":"https:\/\/wp.pop-verlag.com\/index.php?rest_route=\/wp\/v2\/pages\/674"}],"wp:attachment":[{"href":"https:\/\/wp.pop-verlag.com\/index.php?rest_route=%2Fwp%2Fv2%2Fmedia&parent=2789"}],"curies":[{"name":"wp","href":"https:\/\/api.w.org\/{rel}","templated":true}]}}