{"id":2628,"date":"2017-12-31T10:25:33","date_gmt":"2017-12-31T10:25:33","guid":{"rendered":"http:\/\/wp.pop-verlag.com\/?page_id=2628"},"modified":"2017-12-31T10:25:48","modified_gmt":"2017-12-31T10:25:48","slug":"aleksander-nawrocki","status":"publish","type":"page","link":"https:\/\/wp.pop-verlag.com\/?page_id=2628","title":{"rendered":"Aleksander Nawrocki"},"content":{"rendered":"<p><img loading=\"lazy\" decoding=\"async\" class=\"alignleft wp-image-2629 size-medium\" src=\"http:\/\/wp.pop-verlag.com\/wp-content\/uploads\/2017\/12\/ALEKSANDER_NAWROCKI_-158x300.jpg\" alt=\"ALEKSANDER_NAWROCKI_\" width=\"158\" height=\"300\" srcset=\"https:\/\/wp.pop-verlag.com\/wp-content\/uploads\/2017\/12\/ALEKSANDER_NAWROCKI_-158x300.jpg 158w, https:\/\/wp.pop-verlag.com\/wp-content\/uploads\/2017\/12\/ALEKSANDER_NAWROCKI_-539x1024.jpg 539w, https:\/\/wp.pop-verlag.com\/wp-content\/uploads\/2017\/12\/ALEKSANDER_NAWROCKI_.jpg 710w\" sizes=\"auto, (max-width: 158px) 100vw, 158px\" \/>Geboren wurde <a href=\"http:\/\/wp.pop-verlag.com\/?page_id=2628\"><strong>Aleksander Nawrocki<\/strong><\/a> 1940 in Bartniki, zwischen Warschau und Olsztyn. Er ist ein polnischer Dichter, Romancier und Essayist, Kritiker, Herausgeber und \u00dcbersetzer.<br \/>\nNawrocki studierte polnische Philologie und Ethnographie an der Universit\u00e4t Warschau wie auch Philosophie, Soziologie, Geschichte und Arch\u00e4ologie. Seine Studien vertiefte er im Ausland u.a. in Ungarn und Rum\u00e4nien.<br \/>\n1965 deb\u00fctierte er in der zeitgen\u00f6ssischen Literaturzeitschrift \u201eKultura\u201c (Kultur), Warschau. Dortselbst erschien 1966 sein erster Gedichtband, \u201eRdzawe owoce\u201c (Rostfrucht) in der literarischen Reihe \u201ePax\u201c.<br \/>\nSeit 1992 ist Nawrocki Inhaber des Verlags IBiS, Herausgeber und verantwortlicher Lektor der Monatszeitschrift \u201ePoezja dzisiaj\u201c (Poesie heute). Seit 1998 ist er Organisator des Welttages der Poesie unter der Schirmherrschaft der UNESCO und des Ministeriums f\u00fcr Kultur Polens und langj\u00e4hriger Mitorganisator des Warschauer Herbstes der Poesie.<br \/>\nNawrocki trat mit zahlreichen Publikationen in Erscheinung wie \u201eNie twoje srebrniki\u201d (Nicht deine Silberlinge), Erz\u00e4hlung, 1989, \u201eJak zamordowano Imre Nagya \u201d (Wie Imre Nagy ermordert wurde), Reportage vom ungarischen Aufstand 1956, erschienen 1990, \u201eCodziennik z kobietami w tle\u201d (Alle Tage mit Frauen im Hintergrund), Gedichtsammlung, 2010. Er ist Herausgeber eines umfangreichen, drei B\u00e4nde umfassenden Werkes polnischer Dichtung innerhalb des letzten Jahrtausends. 2015 erschien in Warschau der Sammelband \u201eDom zbudowany w jedn\u0105 noc\u201c (Das in einer Nacht erbaute Haus) mit einer Auswahl seiner Gedichte, Prosa und Kritik.<br \/>\nNawrocki publizierte mehr als zwanzig B\u00e4nde \u00dcbersetzungen der Literatur Ungarns, Rum\u00e4niens, Bulgariens, Russlands, Finnlands.<br \/>\nEr erhielt zahlreiche, auch internationale Preise, u.a. das Goldene Verdienstkreuz Polens, 2000, das Diplom des polnischen Komitees der UNESCO, 2010, den Award der internationalen Akademie Aserbaidschan, 2011, das Ritter-Verdienstkreuz des Pr\u00e4sidenten Ungarns, 2011.<br \/>\nNawrocki lebt und arbeitet in Warschau.<\/p>\n","protected":false},"excerpt":{"rendered":"<p>Geboren wurde Aleksander Nawrocki 1940 in Bartniki, zwischen Warschau und Olsztyn. Er ist ein polnischer Dichter, Romancier und Essayist, Kritiker, Herausgeber und \u00dcbersetzer. Nawrocki studierte polnische Philologie und Ethnographie an der Universit\u00e4t Warschau wie auch Philosophie, Soziologie, Geschichte und Arch\u00e4ologie. &hellip; <a class=\"more-link\" href=\"https:\/\/wp.pop-verlag.com\/?page_id=2628\">Weiterlesen <span class=\"meta-nav\">&rarr;<\/span><\/a><\/p>\n","protected":false},"author":2,"featured_media":0,"parent":702,"menu_order":2,"comment_status":"closed","ping_status":"closed","template":"","meta":{"footnotes":""},"class_list":["post-2628","page","type-page","status-publish","hentry"],"jetpack_sharing_enabled":true,"_links":{"self":[{"href":"https:\/\/wp.pop-verlag.com\/index.php?rest_route=\/wp\/v2\/pages\/2628","targetHints":{"allow":["GET"]}}],"collection":[{"href":"https:\/\/wp.pop-verlag.com\/index.php?rest_route=\/wp\/v2\/pages"}],"about":[{"href":"https:\/\/wp.pop-verlag.com\/index.php?rest_route=\/wp\/v2\/types\/page"}],"author":[{"embeddable":true,"href":"https:\/\/wp.pop-verlag.com\/index.php?rest_route=\/wp\/v2\/users\/2"}],"replies":[{"embeddable":true,"href":"https:\/\/wp.pop-verlag.com\/index.php?rest_route=%2Fwp%2Fv2%2Fcomments&post=2628"}],"version-history":[{"count":2,"href":"https:\/\/wp.pop-verlag.com\/index.php?rest_route=\/wp\/v2\/pages\/2628\/revisions"}],"predecessor-version":[{"id":2631,"href":"https:\/\/wp.pop-verlag.com\/index.php?rest_route=\/wp\/v2\/pages\/2628\/revisions\/2631"}],"up":[{"embeddable":true,"href":"https:\/\/wp.pop-verlag.com\/index.php?rest_route=\/wp\/v2\/pages\/702"}],"wp:attachment":[{"href":"https:\/\/wp.pop-verlag.com\/index.php?rest_route=%2Fwp%2Fv2%2Fmedia&parent=2628"}],"curies":[{"name":"wp","href":"https:\/\/api.w.org\/{rel}","templated":true}]}}