{"id":2593,"date":"2017-12-19T06:14:22","date_gmt":"2017-12-19T06:14:22","guid":{"rendered":"http:\/\/wp.pop-verlag.com\/?page_id=2593"},"modified":"2022-09-10T07:40:43","modified_gmt":"2022-09-10T07:40:43","slug":"anton-sterbling","status":"publish","type":"page","link":"https:\/\/wp.pop-verlag.com\/?page_id=2593","title":{"rendered":"Anton Sterbling"},"content":{"rendered":"<p style=\"text-align: justify;\"><img loading=\"lazy\" decoding=\"async\" class=\"alignleft wp-image-2600 size-medium\" src=\"http:\/\/wp.pop-verlag.com\/wp-content\/uploads\/2017\/12\/Anton_Sterbling_2013-243x300.jpg\" alt=\"Anton_Sterbling_2013\" width=\"243\" height=\"300\" srcset=\"https:\/\/wp.pop-verlag.com\/wp-content\/uploads\/2017\/12\/Anton_Sterbling_2013-243x300.jpg 243w, https:\/\/wp.pop-verlag.com\/wp-content\/uploads\/2017\/12\/Anton_Sterbling_2013-768x948.jpg 768w, https:\/\/wp.pop-verlag.com\/wp-content\/uploads\/2017\/12\/Anton_Sterbling_2013-829x1024.jpg 829w, https:\/\/wp.pop-verlag.com\/wp-content\/uploads\/2017\/12\/Anton_Sterbling_2013.jpg 1181w\" sizes=\"auto, (max-width: 243px) 100vw, 243px\" \/>Prof. Dr. <a href=\"http:\/\/wp.pop-verlag.com\/?page_id=2593\"><strong>Anton Sterbling<\/strong><\/a>, geb. 1953 in Gro\u00df-Sankt-Nikolaus (Banat\/Rum\u00e4nien). Mitbegr\u00fcnder der regimekritischen rum\u00e4niendeutschen Autorengruppe Aktionsgruppe Banat. 1975 Aussiedlung in die Bundesrepublik Deutschland. Sozialwissenschaftliches Studium (Soziologie, Sozialpsychologie, Volkswirtschaftslehre und Wissenschaftslehre) an der Universit\u00e4t Mannheim, Studienabschluss als Diplom-Soziologe 1981. Von 1982 bis 1998 an der Universit\u00e4t der Bundeswehr Hamburg t\u00e4tig, zuletzt als Oberassistent und Privatdozent. Hier 1987 Promotion (\u201esumma cum laude\u201c) mit einer Arbeit \u00fcber Eliten im Modernisierungsprozess. 1993 Habilitation im Fachgebiet Soziologie. 1993\/94 Vertretung einer Professur f\u00fcr Soziologie an der Universit\u00e4t Heidelberg, 1996\/97 Vertretung des Lehrstuhls f\u00fcr Soziologie an der Universit\u00e4t Bonn. Seit 1.11.1997 bis 31.3.2019 an der Hochschule der S\u00e4chsischen Polizei, in Rothenburg\/OL als Professor t\u00e4tig. Mitantragsteller und betreuender Professor am Graduiertenkolleg Kulturelle Orientierungen und gesellschaftliche Ordnungsstrukturen in S\u00fcdosteuropa, Friedrich-Schiller Universit\u00e4t Jena (2006\u20132016), Gastprofessuren: Sommerakademie f\u00fcr Sozialwissenschaften in Baltschik\/Bulgarien und in Zlatni Pjasatzi bei Varna\/Bulgarien; Babe\u015f-Bolyai Universit\u00e4t in Cluj-Napoca\/Rum\u00e4nien, Fakult\u00e4t f\u00fcr Europ\u00e4ische Studien (Tempus-Programm). Mitglied des Wissenschaftlichen Beirats der S\u00fcdosteuropa-Gesellschaft (2000\u20132012, Vorsitzender 2004\u20132008); Mitglied des Sprecherrates der Sektion Europasoziologie (vormals Ost- und Ostmitteleuropa-Soziologie) der Deutschen Gesellschaft f\u00fcr Soziologie (1994\u20132014, Sprecher 2005\u20132008); Mitglied des Wissenschaftlichen Beirats des Instituts f\u00fcr kulturelle Infrastruktur Sachsen in G\u00f6rlitz; Mitglied des Kuratoriums der Stiftung Erinnerung, Begegnung, Integration \u2013 Stiftung der Vertriebenen im Freistaat Sachsen; Pr\u00e4sidiumsmitglied des Balkanologenverbandes; Stellv. Vorsitzender des Kulturwerk Banater Schwaben in Bayern. Etwa 425 wissenschaftliche Vortr\u00e4ge, Lesungen und \u00c4hnliches.<br \/>\nVer\u00f6ffentlichungen: Gedichte und Prosa: Entr\u00fcckung in den Kopfstand. Gedichte und Texte 1968 bis 2019 Ludwigsburg: Pop 2019, <em>Klimadelirium und andere furchtbare Erz\u00e4hlungen,<\/em> Epik. Ludwigsburg: Pop 2020, <em>Die versunkene Republik. Erz\u00e4hlungen<\/em>. Ludwigsburg: Pop 2021, <em>Ende einer Pandemie und weitere Erz\u00e4hlungen.<\/em> Ludwigsburg: Pop 2022. Wichtige B\u00fccher: <em>Strukturfragen und Modernisierungsprobleme s\u00fcdosteurop\u00e4ischer Gesellschaften<\/em>. Hamburg: Kr\u00e4mer 1993; <em>Kontinuit\u00e4t und Wandel in Rum\u00e4nien und S\u00fcdosteuropa<\/em>. M\u00fcnchen: S\u00fcdostdeutsches Kulturwerk 1997; <em>Widerspr\u00fcche der Moderne und die Widerspenstigkeit der Traditionalit\u00e4t<\/em>, Hamburg: Kr\u00e4mer 1997; <em>Intellektuelle, Eliten, Institutionenwande<\/em>l. Hamburg: Kr\u00e4mer 2001; <em>Zumutungen der Moderne,<\/em> Hamburg: Kr\u00e4mer 2007;<em> \u201eAm Anfang war das Gespr\u00e4ch\u201c<\/em>, Hamburg: Kr\u00e4mer 2008; <em>Verwerfungen in Modernisierungsprozessen. Soziologische Querschnitte<\/em>, Hamburg: Kr\u00e4mer 2012; <em>Grenzg\u00e4nge, Heimat, Wanderungen. Narrative \u00fcber das zerbrochene Sinnmuster der Vergangenheit,<\/em> Ludwigsburg: Pop 2013; <em>Wege der Modernisierung und Konturen der Moderne im westlichen und \u00f6stlichen Europa<\/em>, Wiesbaden: Springer 2015; <em>Europa zwischen Realit\u00e4t und Verblendung<\/em>, Hamburg: Kr\u00e4mer 2016; <em>Am Rande Mitteleuropas. \u00dcber das Banat und Rum\u00e4nien<\/em>, Buchreihe Land-Berichte 14, Aachen: Shaker 2018; <em>Nationalstaaten und Europa. Problemfacetten komplizierter Wechselbeziehungen<\/em>, Dresden: Nei\u00dfe 2018; <em>\u00dcber deutsche Dichter, Schriftsteller und Intellektuelle aus Rum\u00e4nien. Autorenportraits, Essays und Rezensionen<\/em>, Schriftenreihe Universitas, Ludwigsburg: Pop 2019; <em>Einf\u00fchrung in die Grundlagen der Soziologie<\/em>, Stuttgart: Ibidem 2020; <em>B\u00fcrgerliche Gesellschaft, ihre Leistungen und ihre Feinde<\/em>, Stuttgart: Ibidem 2020; <em>Die antwortlose Gesellschaft,<\/em> Buchreihe Land-Berichte 17, D\u00fcren: Shaker 2021. Mitherausgeber der Zeitschrift Land-Berichte im Shaker Verlag D\u00fcren und Redaktionsmitglied der Literaturzeitschriften Matrix und Baw\u00fclon im Pop Verlag Ludwigsburg. Vorsitzender der Jury des \u201eRolf Bossert\u201c Ged\u00e4chtnispreises im Jahr 2021.<\/p>\n<p>Lieferbare Titel von<a href=\"http:\/\/wp.pop-verlag.com\/?page_id=2593\"><strong>\u00a0Anton Sterbling<\/strong><\/a>:<\/p>\n<ul>\n<li><strong><a href=\"http:\/\/wp.pop-verlag.com\/?p=470\">\u201eGrenzg\u00e4nge, Heimat, Wanderungen<\/a><\/strong>\u201c . Narrative \u00fcber das zerbrochene. Sinnmuster der Vergangenheit. ISBN 978-3-86356-054-6, 170 Seiten, \u20ac[D]14,80<\/li>\n<li><strong>Horst Samson<\/strong> <strong>&amp; <a href=\"http:\/\/wp.pop-verlag.com\/?page_id=2593\">Anton Sterbling<\/a><\/strong> (Hrsg.):<a href=\"http:\/\/wp.pop-verlag.com\/?p=2670\"><strong> \u201eDie Sprache, die auf das Nichts folgt, die kennen wir nicht. S\u00e4tze und Texte f\u00fcr Richard Wagner.\u201c<\/strong> <\/a>Mit Grafiken und Malereien von Walter Andreas Kirchner. Fragmentarium Reihe. 320 Seiten,\u00a0ISBN: 978-3-86356-174-1,\u00a0 \u20ac[D] 23,00<\/li>\n<li><strong>\u00dcber deutsche Dichter, Schriftsteller und Intellektuelle aus Rum\u00e4nien. <\/strong>Autorenportraits, Essays und Rezensionen.<a href=\"https:\/\/wp.pop-verlag.com\/?p=2670\">Richard Wagner<\/a>, Herta M\u00fcller, Paul Schuster, <a href=\"https:\/\/wp.pop-verlag.com\/?page_id=742\">Johann Lippet<\/a>, <a href=\"https:\/\/wp.pop-verlag.com\/?page_id=964\">Hellmut Seiler<\/a>, <a href=\"https:\/\/wp.pop-verlag.com\/?page_id=734\">Horst Samson<\/a>, Ilse Hehn,\u00a0Werner Kremm.Pop Universitas, Bd. 14, ISBN 978-3-86356-251-9, 216 Seiten, \u20ac[D]16,50<\/li>\n<li><strong><a href=\"https:\/\/wp.pop-verlag.com\/?p=4566\">Entr\u00fcckung in den Kopfstand<\/a><\/strong>. Gedichte und Texte 1968 bis 2019. Lyrikreihe Bd. 141; ISBN 978-3-86356-283-0; 141 Seiten, \u20ac[D]15,00<\/li>\n<li><strong><a href=\"https:\/\/wp.pop-verlag.com\/?p=5187\">Klimadelirium und andere furchtbare Erz\u00e4hlungen<\/a><\/strong>. Reihe Epik Bd. 113; ISBN: 978-3-86356-303-5; 244 Seiten, \u20ac[D]16,90<\/li>\n<li><strong><a href=\"http:\/\/wp.pop-verlag.com\/?page_id=2593\">Anton Sterbling<\/a>:\u00a0<a href=\"https:\/\/wp.pop-verlag.com\/?p=5611\">Die versunkene Republik.\u00a0<\/a><\/strong>Erz\u00e4hlungen. Reihe: EPIK, Bd. 119. ISBN 978-3-86356-321-9, Pop Verlag, Ludwigsburg 2021, 280 Seiten. \u20ac[D]18,50.<\/li>\n<li><a href=\"https:\/\/wp.pop-verlag.com\/?p=6152\"><strong>Ende einer Pandemie und weitere Erz\u00e4hlungen<\/strong><\/a>. Kartoniert mit Schutzumschlag (bedruckt).\u00a0 Reihe Epik Bd. 131; ISBN: 978-3-86356-357-8; 183 Seiten, \u20ac[D]16,50<\/li>\n<\/ul>\n<p>&nbsp;<\/p>\n","protected":false},"excerpt":{"rendered":"<p>Prof. Dr. Anton Sterbling, geb. 1953 in Gro\u00df-Sankt-Nikolaus (Banat\/Rum\u00e4nien). Mitbegr\u00fcnder der regimekritischen rum\u00e4niendeutschen Autorengruppe Aktionsgruppe Banat. 1975 Aussiedlung in die Bundesrepublik Deutschland. Sozialwissenschaftliches Studium (Soziologie, Sozialpsychologie, Volkswirtschaftslehre und Wissenschaftslehre) an der Universit\u00e4t Mannheim, Studienabschluss als Diplom-Soziologe 1981. Von 1982 bis &hellip; <a class=\"more-link\" href=\"https:\/\/wp.pop-verlag.com\/?page_id=2593\">Weiterlesen <span class=\"meta-nav\">&rarr;<\/span><\/a><\/p>\n","protected":false},"author":2,"featured_media":0,"parent":712,"menu_order":9,"comment_status":"closed","ping_status":"closed","template":"","meta":{"footnotes":""},"class_list":["post-2593","page","type-page","status-publish","hentry"],"jetpack_sharing_enabled":true,"_links":{"self":[{"href":"https:\/\/wp.pop-verlag.com\/index.php?rest_route=\/wp\/v2\/pages\/2593","targetHints":{"allow":["GET"]}}],"collection":[{"href":"https:\/\/wp.pop-verlag.com\/index.php?rest_route=\/wp\/v2\/pages"}],"about":[{"href":"https:\/\/wp.pop-verlag.com\/index.php?rest_route=\/wp\/v2\/types\/page"}],"author":[{"embeddable":true,"href":"https:\/\/wp.pop-verlag.com\/index.php?rest_route=\/wp\/v2\/users\/2"}],"replies":[{"embeddable":true,"href":"https:\/\/wp.pop-verlag.com\/index.php?rest_route=%2Fwp%2Fv2%2Fcomments&post=2593"}],"version-history":[{"count":16,"href":"https:\/\/wp.pop-verlag.com\/index.php?rest_route=\/wp\/v2\/pages\/2593\/revisions"}],"predecessor-version":[{"id":6385,"href":"https:\/\/wp.pop-verlag.com\/index.php?rest_route=\/wp\/v2\/pages\/2593\/revisions\/6385"}],"up":[{"embeddable":true,"href":"https:\/\/wp.pop-verlag.com\/index.php?rest_route=\/wp\/v2\/pages\/712"}],"wp:attachment":[{"href":"https:\/\/wp.pop-verlag.com\/index.php?rest_route=%2Fwp%2Fv2%2Fmedia&parent=2593"}],"curies":[{"name":"wp","href":"https:\/\/api.w.org\/{rel}","templated":true}]}}

<p style="text-align: justify;"><img loading="lazy" decoding="async" class="alignleft wp-image-2600 size-medium" src="http://wp.pop-verlag.com/wp-content/uploads/2017/12/Anton_Sterbling_2013-243x300.jpg" alt="Anton_Sterbling_2013" width="243" height="300" srcset="https://wp.pop-verlag.com/wp-content/uploads/2017/12/Anton_Sterbling_2013-243x300.jpg 243w, https://wp.pop-verlag.com/wp-content/uploads/2017/12/Anton_Sterbling_2013-768x948.jpg 768w, https://wp.pop-verlag.com/wp-content/uploads/2017/12/Anton_Sterbling_2013-829x1024.jpg 829w, https://wp.pop-verlag.com/wp-content/uploads/2017/12/Anton_Sterbling_2013.jpg 1181w" sizes="auto, (max-width: 243px) 100vw, 243px" />Prof. Dr. <a href="http://wp.pop-verlag.com/?page_id=2593"><strong>Anton Sterbling</strong></a>, geb. 1953 in Groß-Sankt-Nikolaus (Banat/Rumänien). Mitbegründer der regimekritischen rumäniendeutschen Autorengruppe Aktionsgruppe Banat. 1975 Aussiedlung in die Bundesrepublik Deutschland. Sozialwissenschaftliches Studium (Soziologie, Sozialpsychologie, Volkswirtschaftslehre und Wissenschaftslehre) an der Universität Mannheim, Studienabschluss als Diplom-Soziologe 1981. Von 1982 bis 1998 an der Universität der Bundeswehr Hamburg tätig, zuletzt als Oberassistent und Privatdozent. Hier 1987 Promotion („summa cum laude“) mit einer Arbeit über Eliten im Modernisierungsprozess. 1993 Habilitation im Fachgebiet Soziologie. 1993/94 Vertretung einer Professur für Soziologie an der Universität Heidelberg, 1996/97 Vertretung des Lehrstuhls für Soziologie an der Universität Bonn. Seit 1.11.1997 bis 31.3.2019 an der Hochschule der Sächsischen Polizei, in Rothenburg/OL als Professor tätig. Mitantragsteller und betreuender Professor am Graduiertenkolleg Kulturelle Orientierungen und gesellschaftliche Ordnungsstrukturen in Südosteuropa, Friedrich-Schiller Universität Jena (2006–2016), Gastprofessuren: Sommerakademie für Sozialwissenschaften in Baltschik/Bulgarien und in Zlatni Pjasatzi bei Varna/Bulgarien; Babeş-Bolyai Universität in Cluj-Napoca/Rumänien, Fakultät für Europäische Studien (Tempus-Programm). Mitglied des Wissenschaftlichen Beirats der Südosteuropa-Gesellschaft (2000–2012, Vorsitzender 2004–2008); Mitglied des Sprecherrates der Sektion Europasoziologie (vormals Ost- und Ostmitteleuropa-Soziologie) der Deutschen Gesellschaft für Soziologie (1994–2014, Sprecher 2005–2008); Mitglied des Wissenschaftlichen Beirats des Instituts für kulturelle Infrastruktur Sachsen in Görlitz; Mitglied des Kuratoriums der Stiftung Erinnerung, Begegnung, Integration – Stiftung der Vertriebenen im Freistaat Sachsen; Präsidiumsmitglied des Balkanologenverbandes; Stellv. Vorsitzender des Kulturwerk Banater Schwaben in Bayern. Etwa 425 wissenschaftliche Vorträge, Lesungen und Ähnliches.<br />
Veröffentlichungen: Gedichte und Prosa: Entrückung in den Kopfstand. Gedichte und Texte 1968 bis 2019 Ludwigsburg: Pop 2019, <em>Klimadelirium und andere furchtbare Erzählungen,</em> Epik. Ludwigsburg: Pop 2020, <em>Die versunkene Republik. Erzählungen</em>. Ludwigsburg: Pop 2021, <em>Ende einer Pandemie und weitere Erzählungen.</em> Ludwigsburg: Pop 2022. Wichtige Bücher: <em>Strukturfragen und Modernisierungsprobleme südosteuropäischer Gesellschaften</em>. Hamburg: Krämer 1993; <em>Kontinuität und Wandel in Rumänien und Südosteuropa</em>. München: Südostdeutsches Kulturwerk 1997; <em>Widersprüche der Moderne und die Widerspenstigkeit der Traditionalität</em>, Hamburg: Krämer 1997; <em>Intellektuelle, Eliten, Institutionenwande</em>l. Hamburg: Krämer 2001; <em>Zumutungen der Moderne,</em> Hamburg: Krämer 2007;<em> „Am Anfang war das Gespräch“</em>, Hamburg: Krämer 2008; <em>Verwerfungen in Modernisierungsprozessen. Soziologische Querschnitte</em>, Hamburg: Krämer 2012; <em>Grenzgänge, Heimat, Wanderungen. Narrative über das zerbrochene Sinnmuster der Vergangenheit,</em> Ludwigsburg: Pop 2013; <em>Wege der Modernisierung und Konturen der Moderne im westlichen und östlichen Europa</em>, Wiesbaden: Springer 2015; <em>Europa zwischen Realität und Verblendung</em>, Hamburg: Krämer 2016; <em>Am Rande Mitteleuropas. Über das Banat und Rumänien</em>, Buchreihe Land-Berichte 14, Aachen: Shaker 2018; <em>Nationalstaaten und Europa. Problemfacetten komplizierter Wechselbeziehungen</em>, Dresden: Neiße 2018; <em>Über deutsche Dichter, Schriftsteller und Intellektuelle aus Rumänien. Autorenportraits, Essays und Rezensionen</em>, Schriftenreihe Universitas, Ludwigsburg: Pop 2019; <em>Einführung in die Grundlagen der Soziologie</em>, Stuttgart: Ibidem 2020; <em>Bürgerliche Gesellschaft, ihre Leistungen und ihre Feinde</em>, Stuttgart: Ibidem 2020; <em>Die antwortlose Gesellschaft,</em> Buchreihe Land-Berichte 17, Düren: Shaker 2021. Mitherausgeber der Zeitschrift Land-Berichte im Shaker Verlag Düren und Redaktionsmitglied der Literaturzeitschriften Matrix und Bawülon im Pop Verlag Ludwigsburg. Vorsitzender der Jury des „Rolf Bossert“ Gedächtnispreises im Jahr 2021.</p>
<p>Lieferbare Titel von<a href="http://wp.pop-verlag.com/?page_id=2593"><strong> Anton Sterbling</strong></a>:</p>
<ul>
<li><strong><a href="http://wp.pop-verlag.com/?p=470">„Grenzgänge, Heimat, Wanderungen</a></strong>“ . Narrative über das zerbrochene. Sinnmuster der Vergangenheit. ISBN 978-3-86356-054-6, 170 Seiten, €[D]14,80</li>
<li><strong>Horst Samson</strong> <strong>&amp; <a href="http://wp.pop-verlag.com/?page_id=2593">Anton Sterbling</a></strong> (Hrsg.):<a href="http://wp.pop-verlag.com/?p=2670"><strong> „Die Sprache, die auf das Nichts folgt, die kennen wir nicht. Sätze und Texte für Richard Wagner.“</strong> </a>Mit Grafiken und Malereien von Walter Andreas Kirchner. Fragmentarium Reihe. 320 Seiten, ISBN: 978-3-86356-174-1,  €[D] 23,00</li>
<li><strong>Über deutsche Dichter, Schriftsteller und Intellektuelle aus Rumänien. </strong>Autorenportraits, Essays und Rezensionen.<a href="https://wp.pop-verlag.com/?p=2670">Richard Wagner</a>, Herta Müller, Paul Schuster, <a href="https://wp.pop-verlag.com/?page_id=742">Johann Lippet</a>, <a href="https://wp.pop-verlag.com/?page_id=964">Hellmut Seiler</a>, <a href="https://wp.pop-verlag.com/?page_id=734">Horst Samson</a>, Ilse Hehn, Werner Kremm.Pop Universitas, Bd. 14, ISBN 978-3-86356-251-9, 216 Seiten, €[D]16,50</li>
<li><strong><a href="https://wp.pop-verlag.com/?p=4566">Entrückung in den Kopfstand</a></strong>. Gedichte und Texte 1968 bis 2019. Lyrikreihe Bd. 141; ISBN 978-3-86356-283-0; 141 Seiten, €[D]15,00</li>
<li><strong><a href="https://wp.pop-verlag.com/?p=5187">Klimadelirium und andere furchtbare Erzählungen</a></strong>. Reihe Epik Bd. 113; ISBN: 978-3-86356-303-5; 244 Seiten, €[D]16,90</li>
<li><strong><a href="http://wp.pop-verlag.com/?page_id=2593">Anton Sterbling</a>: <a href="https://wp.pop-verlag.com/?p=5611">Die versunkene Republik. </a></strong>Erzählungen. Reihe: EPIK, Bd. 119. ISBN 978-3-86356-321-9, Pop Verlag, Ludwigsburg 2021, 280 Seiten. €[D]18,50.</li>
<li><a href="https://wp.pop-verlag.com/?p=6152"><strong>Ende einer Pandemie und weitere Erzählungen</strong></a>. Kartoniert mit Schutzumschlag (bedruckt).  Reihe Epik Bd. 131; ISBN: 978-3-86356-357-8; 183 Seiten, €[D]16,50</li>
</ul>
<p>&nbsp;</p>

<p>Prof. Dr. Anton Sterbling, geb. 1953 in Groß-Sankt-Nikolaus (Banat/Rumänien). Mitbegründer der regimekritischen rumäniendeutschen Autorengruppe Aktionsgruppe Banat. 1975 Aussiedlung in die Bundesrepublik Deutschland. Sozialwissenschaftliches Studium (Soziologie, Sozialpsychologie, Volkswirtschaftslehre und Wissenschaftslehre) an der Universität Mannheim, Studienabschluss als Diplom-Soziologe 1981. Von 1982 bis &hellip; <a class="more-link" href="https://wp.pop-verlag.com/?page_id=2593">Weiterlesen <span class="meta-nav">&rarr;</span></a></p>
