{"id":2581,"date":"2017-12-12T08:55:32","date_gmt":"2017-12-12T08:55:32","guid":{"rendered":"http:\/\/wp.pop-verlag.com\/?page_id=2581"},"modified":"2017-12-12T08:59:53","modified_gmt":"2017-12-12T08:59:53","slug":"tugba-simsek","status":"publish","type":"page","link":"https:\/\/wp.pop-verlag.com\/?page_id=2581","title":{"rendered":"Tu\u011fba \u015eim\u015fek"},"content":{"rendered":"<p><a href=\"http:\/\/wp.pop-verlag.com\/?page_id=2581\"><strong>Tu\u011fba \u015eim\u015fek<\/strong><\/a>, studierte Bildende Kunst an der Freien Kunstakademie Mannheim und dann bei den Professoren Bj\u00f6rn Dahlem, Monika Gryzmala und Raimund Kummer sowie bei Nadine Fecht an der Hochschule f\u00fcr Bildende K\u00fcnste Braunschweig, im Jahr 2013 Studienaufenthalt an der University of Art and Design in Cardiff\/Wales, 2015 und 2016 am Art Center College of Design in Los Angeles\/USA. Im Jahr 2016 graduierte sie mit Auszeichnung an der Hochschule f\u00fcr Bildende K\u00fcnste Braunschweig. Sie erhielt schon verschiedene Preise und Stipendien, u.a. 2014 das Landesstipendium Niedersachsen und den Signature Art Prize London, 2017 das UKKSA-Residenzstipendium in der T\u00fcrkei, den F\u00f6rderpreis f\u00fcr junge K\u00fcnstler der August-M\u00fcller-Stiftung Rheinland-Pfalz, sowie das Jahresstipendium des Nieders\u00e4chsischen Ministeriums f\u00fcr Wissenschaft und Kultur. Tu\u011fba \u015eim\u015fek hatte schon zahlreiche Einzel- und Gruppenausstellungen, u.a. eine Einzelausstellung 2014 in der Modern Alchemists Gallery in Cardiff\/Wales und 2017 in Dat\u00e7a\/T\u00fcrkei sowie im Konsumverein Braunschweig. Sie lebt in Los Angeles und Braunschweig. www.tugbasimsek.com.<\/p>\n<p>Lieferbare Titel von\u00a0<a href=\"http:\/\/wp.pop-verlag.com\/?page_id=2581\"><strong>Tu\u011fba \u015eim\u015fek<\/strong><\/a>:<\/p>\n<ul>\n<li><strong><a href=\"http:\/\/wp.pop-verlag.com\/?p=2574\">trinken dich. und worte neu erfinden<\/a><\/strong>. liebesgedichte 2006-2016. mit achtzehn Zeichnungen von <a href=\"http:\/\/wp.pop-verlag.com\/?page_id=2581\">Tu\u011fba \u015eim\u015fek<\/a>, einem Vorwort von <a href=\"http:\/\/wp.pop-verlag.com\/?page_id=2583\">Nevfel Cumart<\/a> und einem Nachwort des Autors zur Poetik seiner lyrischen Arbeit. Gedichte.Pop Lyrik. ISBN: 978-3-86356-160-4, 184 Seiten, \u20ac [D]19,90<\/li>\n<\/ul>\n","protected":false},"excerpt":{"rendered":"<p>Tu\u011fba \u015eim\u015fek, studierte Bildende Kunst an der Freien Kunstakademie Mannheim und dann bei den Professoren Bj\u00f6rn Dahlem, Monika Gryzmala und Raimund Kummer sowie bei Nadine Fecht an der Hochschule f\u00fcr Bildende K\u00fcnste Braunschweig, im Jahr 2013 Studienaufenthalt an der University &hellip; <a class=\"more-link\" href=\"https:\/\/wp.pop-verlag.com\/?page_id=2581\">Weiterlesen <span class=\"meta-nav\">&rarr;<\/span><\/a><\/p>\n","protected":false},"author":2,"featured_media":0,"parent":712,"menu_order":5,"comment_status":"closed","ping_status":"closed","template":"","meta":{"footnotes":""},"class_list":["post-2581","page","type-page","status-publish","hentry"],"jetpack_sharing_enabled":true,"_links":{"self":[{"href":"https:\/\/wp.pop-verlag.com\/index.php?rest_route=\/wp\/v2\/pages\/2581","targetHints":{"allow":["GET"]}}],"collection":[{"href":"https:\/\/wp.pop-verlag.com\/index.php?rest_route=\/wp\/v2\/pages"}],"about":[{"href":"https:\/\/wp.pop-verlag.com\/index.php?rest_route=\/wp\/v2\/types\/page"}],"author":[{"embeddable":true,"href":"https:\/\/wp.pop-verlag.com\/index.php?rest_route=\/wp\/v2\/users\/2"}],"replies":[{"embeddable":true,"href":"https:\/\/wp.pop-verlag.com\/index.php?rest_route=%2Fwp%2Fv2%2Fcomments&post=2581"}],"version-history":[{"count":2,"href":"https:\/\/wp.pop-verlag.com\/index.php?rest_route=\/wp\/v2\/pages\/2581\/revisions"}],"predecessor-version":[{"id":2588,"href":"https:\/\/wp.pop-verlag.com\/index.php?rest_route=\/wp\/v2\/pages\/2581\/revisions\/2588"}],"up":[{"embeddable":true,"href":"https:\/\/wp.pop-verlag.com\/index.php?rest_route=\/wp\/v2\/pages\/712"}],"wp:attachment":[{"href":"https:\/\/wp.pop-verlag.com\/index.php?rest_route=%2Fwp%2Fv2%2Fmedia&parent=2581"}],"curies":[{"name":"wp","href":"https:\/\/api.w.org\/{rel}","templated":true}]}}

Tuğba Şimşek

<p><a href="http://wp.pop-verlag.com/?page_id=2581"><strong>Tuğba Şimşek</strong></a>, studierte Bildende Kunst an der Freien Kunstakademie Mannheim und dann bei den Professoren Björn Dahlem, Monika Gryzmala und Raimund Kummer sowie bei Nadine Fecht an der Hochschule für Bildende Künste Braunschweig, im Jahr 2013 Studienaufenthalt an der University of Art and Design in Cardiff/Wales, 2015 und 2016 am Art Center College of Design in Los Angeles/USA. Im Jahr 2016 graduierte sie mit Auszeichnung an der Hochschule für Bildende Künste Braunschweig. Sie erhielt schon verschiedene Preise und Stipendien, u.a. 2014 das Landesstipendium Niedersachsen und den Signature Art Prize London, 2017 das UKKSA-Residenzstipendium in der Türkei, den Förderpreis für junge Künstler der August-Müller-Stiftung Rheinland-Pfalz, sowie das Jahresstipendium des Niedersächsischen Ministeriums für Wissenschaft und Kultur. Tuğba Şimşek hatte schon zahlreiche Einzel- und Gruppenausstellungen, u.a. eine Einzelausstellung 2014 in der Modern Alchemists Gallery in Cardiff/Wales und 2017 in Datça/Türkei sowie im Konsumverein Braunschweig. Sie lebt in Los Angeles und Braunschweig. www.tugbasimsek.com.</p>
<p>Lieferbare Titel von <a href="http://wp.pop-verlag.com/?page_id=2581"><strong>Tuğba Şimşek</strong></a>:</p>
<ul>
<li><strong><a href="http://wp.pop-verlag.com/?p=2574">trinken dich. und worte neu erfinden</a></strong>. liebesgedichte 2006-2016. mit achtzehn Zeichnungen von <a href="http://wp.pop-verlag.com/?page_id=2581">Tuğba Şimşek</a>, einem Vorwort von <a href="http://wp.pop-verlag.com/?page_id=2583">Nevfel Cumart</a> und einem Nachwort des Autors zur Poetik seiner lyrischen Arbeit. Gedichte.Pop Lyrik. ISBN: 978-3-86356-160-4, 184 Seiten, € [D]19,90</li>
</ul>

<p>Tuğba Şimşek, studierte Bildende Kunst an der Freien Kunstakademie Mannheim und dann bei den Professoren Björn Dahlem, Monika Gryzmala und Raimund Kummer sowie bei Nadine Fecht an der Hochschule für Bildende Künste Braunschweig, im Jahr 2013 Studienaufenthalt an der University &hellip; <a class="more-link" href="https://wp.pop-verlag.com/?page_id=2581">Weiterlesen <span class="meta-nav">&rarr;</span></a></p>
