{"id":2561,"date":"2017-12-10T18:49:15","date_gmt":"2017-12-10T18:49:15","guid":{"rendered":"http:\/\/wp.pop-verlag.com\/?page_id=2561"},"modified":"2021-07-08T17:53:28","modified_gmt":"2021-07-08T17:53:28","slug":"gyoergy-mandics","status":"publish","type":"page","link":"https:\/\/wp.pop-verlag.com\/?page_id=2561","title":{"rendered":"Gy\u00f6rgy Mandics"},"content":{"rendered":"<p><a href=\"http:\/\/wp.pop-verlag.com\/?page_id=2561\"><strong>Gy\u00f6rgy Mandics<\/strong><\/a>, Dichter, Prosaschriftsteller, Essayist, Literaturhistoriker und -kritiker, Journalist und Dramatiker, wurde 1943 in Timi\u015foara\/Temesv\u00e1r (Rum\u00e4nien) geboren. Absolvent (1966) der F\u00e4cher Mathematik und Mechanik der Universit\u00e4t Timi\u015foara und der Bukarester Akademie \u015etefan Gheorghiu (1977, Journalistik und Redaktion). 1966-1973 Lehrer f\u00fcr Mathematik, 1973-1984 Redakteur im Temesv\u00e1rer Facla-Verlag, 1984-2000 Journalist in Temesv\u00e1r, 2000-2006 Chefredakteur der Ersten Stiftung f\u00fcr Zentral- und Osteuropa in Budapest.<br \/>\nEditorisches Deb\u00fct 1968 mit dem Lyrikband Gy\u00f6ny\u00f6r\u0171 gy\u00f6kerek (Wunderbare Wurzeln), gefolgt von den B\u00e4nden A megtal\u00e1lt anyaf\u00f6ld (Die gefundene Muttererde, 1976) und Bolyai J\u00e1nos jegyzeteib\u00f6l (Aus den Aufzeichnungen von J\u00e1nos Bolyai, mit Zsuzsanna M. Veress, 1979) sowie A h\u00edd fele (Die H\u00e4lfte der Br\u00fccke, 2002). Als Prosaist zeichnet er f\u00fcr die B\u00e4nde Temesv\u00e1ri golgota I-III (Temeswarer Golgatha, 1991), Manipul\u00e1lt forradalom (Die manipulierte Revolution, 2009). Dar\u00fcber hinaus: Drei Literaturkritikb\u00e4nde, ein Publizistik-Band, sieben in Zusammenarbeit verfasste B\u00e4nde, zu denen auch die Science-Fiction-Romane mit Zsuzsanna M. Veress z\u00e4hlen, elf B\u00e4nde, die der Geschichte der Schrift gewidmet sind, 36 literarische Szenarien unter dem Titel K\u00f6-k\u00e9pek (Stein-Bilder) \u00fcber die H\u00f6hlenmalerei und -skulptur, sechs \u00dcbersetzungsb\u00e4nde ins Ungarische u. a. m. runden ein vielseitiges literarisches Profil ab. Zahlreiche angesehene literarische Preise.<\/p>\n<p>Lieferbare Titel von <strong><a href=\"https:\/\/wp.pop-verlag.com\/?page_id=2561\">Gy\u00f6rgy Mandics<\/a><\/strong><\/p>\n<ul>\n<li><strong><a href=\"https:\/\/wp.pop-verlag.com\/?page_id=2561\">Gy\u00f6rgy Mandics<\/a> \/ <a href=\"http:\/\/wp.pop-verlag.com\/?page_id=2563\">Zsuzsanna M. Veress:<\/a> Aus den Aufzeichnungen von J\u00e1nos Bolyai<\/strong><br \/>\nAus dem Ungarischen von <a href=\"http:\/\/wp.pop-verlag.com\/?page_id=2024\">Julia Schiff<\/a>. \u00dcberarbeitet von <a href=\"https:\/\/wp.pop-verlag.com\/?page_id=2637\">Peter Gehrisch<\/a>.Gedichte.Pop Lyrik. ISBN: 978-3-86356-148-2, 72 Seiten, \u20ac [D]16,50<\/li>\n<li><strong><a href=\"https:\/\/wp.pop-verlag.com\/?p=5814\">Auf der Suche nach der Muttererde.\u00a0<\/a><\/strong>Aus dem Ungarischen nachgedichtet von <a href=\"https:\/\/wp.pop-verlag.com\/?page_id=2637\">Peter Gehrisch<\/a>. Gedichte. Reihe Lyrik Band 161, 141 Seiten, ISBN 978-3-86356-328-8; \u20ac[D]16,50<\/li>\n<\/ul>\n","protected":false},"excerpt":{"rendered":"<p>Gy\u00f6rgy Mandics, Dichter, Prosaschriftsteller, Essayist, Literaturhistoriker und -kritiker, Journalist und Dramatiker, wurde 1943 in Timi\u015foara\/Temesv\u00e1r (Rum\u00e4nien) geboren. Absolvent (1966) der F\u00e4cher Mathematik und Mechanik der Universit\u00e4t Timi\u015foara und der Bukarester Akademie \u015etefan Gheorghiu (1977, Journalistik und Redaktion). 1966-1973 Lehrer f\u00fcr &hellip; <a class=\"more-link\" href=\"https:\/\/wp.pop-verlag.com\/?page_id=2561\">Weiterlesen <span class=\"meta-nav\">&rarr;<\/span><\/a><\/p>\n","protected":false},"author":2,"featured_media":0,"parent":700,"menu_order":1,"comment_status":"closed","ping_status":"closed","template":"","meta":{"footnotes":""},"class_list":["post-2561","page","type-page","status-publish","hentry"],"jetpack_sharing_enabled":true,"_links":{"self":[{"href":"https:\/\/wp.pop-verlag.com\/index.php?rest_route=\/wp\/v2\/pages\/2561","targetHints":{"allow":["GET"]}}],"collection":[{"href":"https:\/\/wp.pop-verlag.com\/index.php?rest_route=\/wp\/v2\/pages"}],"about":[{"href":"https:\/\/wp.pop-verlag.com\/index.php?rest_route=\/wp\/v2\/types\/page"}],"author":[{"embeddable":true,"href":"https:\/\/wp.pop-verlag.com\/index.php?rest_route=\/wp\/v2\/users\/2"}],"replies":[{"embeddable":true,"href":"https:\/\/wp.pop-verlag.com\/index.php?rest_route=%2Fwp%2Fv2%2Fcomments&post=2561"}],"version-history":[{"count":4,"href":"https:\/\/wp.pop-verlag.com\/index.php?rest_route=\/wp\/v2\/pages\/2561\/revisions"}],"predecessor-version":[{"id":5823,"href":"https:\/\/wp.pop-verlag.com\/index.php?rest_route=\/wp\/v2\/pages\/2561\/revisions\/5823"}],"up":[{"embeddable":true,"href":"https:\/\/wp.pop-verlag.com\/index.php?rest_route=\/wp\/v2\/pages\/700"}],"wp:attachment":[{"href":"https:\/\/wp.pop-verlag.com\/index.php?rest_route=%2Fwp%2Fv2%2Fmedia&parent=2561"}],"curies":[{"name":"wp","href":"https:\/\/api.w.org\/{rel}","templated":true}]}}

György Mandics

<p><a href="http://wp.pop-verlag.com/?page_id=2561"><strong>György Mandics</strong></a>, Dichter, Prosaschriftsteller, Essayist, Literaturhistoriker und -kritiker, Journalist und Dramatiker, wurde 1943 in Timişoara/Temesvár (Rumänien) geboren. Absolvent (1966) der Fächer Mathematik und Mechanik der Universität Timişoara und der Bukarester Akademie Ştefan Gheorghiu (1977, Journalistik und Redaktion). 1966-1973 Lehrer für Mathematik, 1973-1984 Redakteur im Temesvárer Facla-Verlag, 1984-2000 Journalist in Temesvár, 2000-2006 Chefredakteur der Ersten Stiftung für Zentral- und Osteuropa in Budapest.<br />
Editorisches Debüt 1968 mit dem Lyrikband Gyönyörű gyökerek (Wunderbare Wurzeln), gefolgt von den Bänden A megtalált anyaföld (Die gefundene Muttererde, 1976) und Bolyai János jegyzeteiböl (Aus den Aufzeichnungen von János Bolyai, mit Zsuzsanna M. Veress, 1979) sowie A híd fele (Die Hälfte der Brücke, 2002). Als Prosaist zeichnet er für die Bände Temesvári golgota I-III (Temeswarer Golgatha, 1991), Manipulált forradalom (Die manipulierte Revolution, 2009). Darüber hinaus: Drei Literaturkritikbände, ein Publizistik-Band, sieben in Zusammenarbeit verfasste Bände, zu denen auch die Science-Fiction-Romane mit Zsuzsanna M. Veress zählen, elf Bände, die der Geschichte der Schrift gewidmet sind, 36 literarische Szenarien unter dem Titel Kö-képek (Stein-Bilder) über die Höhlenmalerei und -skulptur, sechs Übersetzungsbände ins Ungarische u. a. m. runden ein vielseitiges literarisches Profil ab. Zahlreiche angesehene literarische Preise.</p>
<p>Lieferbare Titel von <strong><a href="https://wp.pop-verlag.com/?page_id=2561">György Mandics</a></strong></p>
<ul>
<li><strong><a href="https://wp.pop-verlag.com/?page_id=2561">György Mandics</a> / <a href="http://wp.pop-verlag.com/?page_id=2563">Zsuzsanna M. Veress:</a> Aus den Aufzeichnungen von János Bolyai</strong><br />
Aus dem Ungarischen von <a href="http://wp.pop-verlag.com/?page_id=2024">Julia Schiff</a>. Überarbeitet von <a href="https://wp.pop-verlag.com/?page_id=2637">Peter Gehrisch</a>.Gedichte.Pop Lyrik. ISBN: 978-3-86356-148-2, 72 Seiten, € [D]16,50</li>
<li><strong><a href="https://wp.pop-verlag.com/?p=5814">Auf der Suche nach der Muttererde. </a></strong>Aus dem Ungarischen nachgedichtet von <a href="https://wp.pop-verlag.com/?page_id=2637">Peter Gehrisch</a>. Gedichte. Reihe Lyrik Band 161, 141 Seiten, ISBN 978-3-86356-328-8; €[D]16,50</li>
</ul>

<p>György Mandics, Dichter, Prosaschriftsteller, Essayist, Literaturhistoriker und -kritiker, Journalist und Dramatiker, wurde 1943 in Timişoara/Temesvár (Rumänien) geboren. Absolvent (1966) der Fächer Mathematik und Mechanik der Universität Timişoara und der Bukarester Akademie Ştefan Gheorghiu (1977, Journalistik und Redaktion). 1966-1973 Lehrer für &hellip; <a class="more-link" href="https://wp.pop-verlag.com/?page_id=2561">Weiterlesen <span class="meta-nav">&rarr;</span></a></p>
