{"id":2467,"date":"2017-12-01T06:33:26","date_gmt":"2017-12-01T06:33:26","guid":{"rendered":"http:\/\/wp.pop-verlag.com\/?page_id=2467"},"modified":"2017-12-01T06:43:45","modified_gmt":"2017-12-01T06:43:45","slug":"laura-armeanu","status":"publish","type":"page","link":"https:\/\/wp.pop-verlag.com\/?page_id=2467","title":{"rendered":"Laura Armeanu"},"content":{"rendered":"<p><strong><img loading=\"lazy\" decoding=\"async\" class=\"alignleft wp-image-2464 size-medium\" src=\"http:\/\/wp.pop-verlag.com\/wp-content\/uploads\/2017\/12\/Laura-Armeanu_1-300x300.jpg\" alt=\"Laura Armeanu_1\" width=\"300\" height=\"300\" srcset=\"https:\/\/wp.pop-verlag.com\/wp-content\/uploads\/2017\/12\/Laura-Armeanu_1-300x300.jpg 300w, https:\/\/wp.pop-verlag.com\/wp-content\/uploads\/2017\/12\/Laura-Armeanu_1-150x150.jpg 150w, https:\/\/wp.pop-verlag.com\/wp-content\/uploads\/2017\/12\/Laura-Armeanu_1.jpg 472w\" sizes=\"auto, (max-width: 300px) 100vw, 300px\" \/>Laura Armeanu<\/strong>, *1989 in Constan\u0163a (am Schwarzen Meer), Rum\u00e4nien. 2008- 2011 studierte an der \u201eUniversitatea\u00a0 Na\u021bional\u0103 de Arte\u201d (Kunstakademie), Bukarest, Fakult\u00e4t\u00a0 \u201eArte Plastice\u201c (Malerei). ab 2011 \u2013 Lehrerin an einem Gymnasium in Constanta, Rum\u00e4nien. Teilnahme an zahlreichen Einzel- und Gruppenausstellungen in Galerien und Museen.<\/p>\n<p>&nbsp;<\/p>\n<p>&nbsp;<\/p>\n<p>&nbsp;<\/p>\n<p>&nbsp;<\/p>\n<p>Lieferbare Titel von\u00a0<a href=\"http:\/\/wp.pop-verlag.com\/?page_id=2467\"><strong>Laura Armeanu<\/strong><\/a><strong>:<\/strong><\/p>\n<ul>\n<li><strong><a href=\"http:\/\/wp.pop-verlag.com\/?page_id=2462\">Kira Iorgoveanu-Mantsu<\/a><a href=\"http:\/\/wp.pop-verlag.com\/?p=2458\">: Curnicea<\/a><\/strong>.\u00a0Prosa f\u00fcr Kinder auf Aromunisch\/ Proz\u00e2 pi limba Arm\u00e2n\u00e2. Illustrationen\/ Zuyr\u00e2pseri di <a href=\"http:\/\/wp.pop-verlag.com\/?page_id=2467\"><strong>Laura Armeanu<\/strong><\/a>. Kids Samlung Band 2, 206 Seiten, ISBN: 978-3-86356-166-6 \u20ac [D]19,90<\/li>\n<\/ul>\n","protected":false},"excerpt":{"rendered":"<p>Laura Armeanu, *1989 in Constan\u0163a (am Schwarzen Meer), Rum\u00e4nien. 2008- 2011 studierte an der \u201eUniversitatea\u00a0 Na\u021bional\u0103 de Arte\u201d (Kunstakademie), Bukarest, Fakult\u00e4t\u00a0 \u201eArte Plastice\u201c (Malerei). ab 2011 \u2013 Lehrerin an einem Gymnasium in Constanta, Rum\u00e4nien. Teilnahme an zahlreichen Einzel- und Gruppenausstellungen &hellip; <a class=\"more-link\" href=\"https:\/\/wp.pop-verlag.com\/?page_id=2467\">Weiterlesen <span class=\"meta-nav\">&rarr;<\/span><\/a><\/p>\n","protected":false},"author":2,"featured_media":0,"parent":658,"menu_order":7,"comment_status":"closed","ping_status":"closed","template":"","meta":{"footnotes":""},"class_list":["post-2467","page","type-page","status-publish","hentry"],"jetpack_sharing_enabled":true,"_links":{"self":[{"href":"https:\/\/wp.pop-verlag.com\/index.php?rest_route=\/wp\/v2\/pages\/2467","targetHints":{"allow":["GET"]}}],"collection":[{"href":"https:\/\/wp.pop-verlag.com\/index.php?rest_route=\/wp\/v2\/pages"}],"about":[{"href":"https:\/\/wp.pop-verlag.com\/index.php?rest_route=\/wp\/v2\/types\/page"}],"author":[{"embeddable":true,"href":"https:\/\/wp.pop-verlag.com\/index.php?rest_route=\/wp\/v2\/users\/2"}],"replies":[{"embeddable":true,"href":"https:\/\/wp.pop-verlag.com\/index.php?rest_route=%2Fwp%2Fv2%2Fcomments&post=2467"}],"version-history":[{"count":3,"href":"https:\/\/wp.pop-verlag.com\/index.php?rest_route=\/wp\/v2\/pages\/2467\/revisions"}],"predecessor-version":[{"id":2474,"href":"https:\/\/wp.pop-verlag.com\/index.php?rest_route=\/wp\/v2\/pages\/2467\/revisions\/2474"}],"up":[{"embeddable":true,"href":"https:\/\/wp.pop-verlag.com\/index.php?rest_route=\/wp\/v2\/pages\/658"}],"wp:attachment":[{"href":"https:\/\/wp.pop-verlag.com\/index.php?rest_route=%2Fwp%2Fv2%2Fmedia&parent=2467"}],"curies":[{"name":"wp","href":"https:\/\/api.w.org\/{rel}","templated":true}]}}

<p><strong><img loading="lazy" decoding="async" class="alignleft wp-image-2464 size-medium" src="http://wp.pop-verlag.com/wp-content/uploads/2017/12/Laura-Armeanu_1-300x300.jpg" alt="Laura Armeanu_1" width="300" height="300" srcset="https://wp.pop-verlag.com/wp-content/uploads/2017/12/Laura-Armeanu_1-300x300.jpg 300w, https://wp.pop-verlag.com/wp-content/uploads/2017/12/Laura-Armeanu_1-150x150.jpg 150w, https://wp.pop-verlag.com/wp-content/uploads/2017/12/Laura-Armeanu_1.jpg 472w" sizes="auto, (max-width: 300px) 100vw, 300px" />Laura Armeanu</strong>, *1989 in Constanţa (am Schwarzen Meer), Rumänien. 2008- 2011 studierte an der „Universitatea  Națională de Arte” (Kunstakademie), Bukarest, Fakultät  „Arte Plastice“ (Malerei). ab 2011 – Lehrerin an einem Gymnasium in Constanta, Rumänien. Teilnahme an zahlreichen Einzel- und Gruppenausstellungen in Galerien und Museen.</p>
<p>&nbsp;</p>
<p>&nbsp;</p>
<p>&nbsp;</p>
<p>&nbsp;</p>
<p>Lieferbare Titel von <a href="http://wp.pop-verlag.com/?page_id=2467"><strong>Laura Armeanu</strong></a><strong>:</strong></p>
<ul>
<li><strong><a href="http://wp.pop-verlag.com/?page_id=2462">Kira Iorgoveanu-Mantsu</a><a href="http://wp.pop-verlag.com/?p=2458">: Curnicea</a></strong>. Prosa für Kinder auf Aromunisch/ Prozâ pi limba Armânâ. Illustrationen/ Zuyrâpseri di <a href="http://wp.pop-verlag.com/?page_id=2467"><strong>Laura Armeanu</strong></a>. Kids Samlung Band 2, 206 Seiten, ISBN: 978-3-86356-166-6 € [D]19,90</li>
</ul>

<p>Laura Armeanu, *1989 in Constanţa (am Schwarzen Meer), Rumänien. 2008- 2011 studierte an der „Universitatea  Națională de Arte” (Kunstakademie), Bukarest, Fakultät  „Arte Plastice“ (Malerei). ab 2011 – Lehrerin an einem Gymnasium in Constanta, Rumänien. Teilnahme an zahlreichen Einzel- und Gruppenausstellungen &hellip; <a class="more-link" href="https://wp.pop-verlag.com/?page_id=2467">Weiterlesen <span class="meta-nav">&rarr;</span></a></p>
