{"id":2382,"date":"2017-11-11T06:08:22","date_gmt":"2017-11-11T06:08:22","guid":{"rendered":"http:\/\/wp.pop-verlag.com\/?page_id=2382"},"modified":"2021-06-08T05:36:36","modified_gmt":"2021-06-08T05:36:36","slug":"regine-kress-fricke","status":"publish","type":"page","link":"https:\/\/wp.pop-verlag.com\/?page_id=2382","title":{"rendered":"Regine Kress-Fricke"},"content":{"rendered":"<p><a href=\"http:\/\/wp.pop-verlag.com\/?page_id=2382\"><strong><img loading=\"lazy\" decoding=\"async\" class=\"alignleft wp-image-2401 size-medium\" src=\"http:\/\/wp.pop-verlag.com\/wp-content\/uploads\/2017\/11\/Regine-Kress-Fricke-257x300.gif\" alt=\"Regine-Kress-Fricke\" width=\"257\" height=\"300\" srcset=\"https:\/\/wp.pop-verlag.com\/wp-content\/uploads\/2017\/11\/Regine-Kress-Fricke-257x300.gif 257w, https:\/\/wp.pop-verlag.com\/wp-content\/uploads\/2017\/11\/Regine-Kress-Fricke-768x896.gif 768w, https:\/\/wp.pop-verlag.com\/wp-content\/uploads\/2017\/11\/Regine-Kress-Fricke-878x1024.gif 878w\" sizes=\"auto, (max-width: 257px) 100vw, 257px\" \/>Regine Kress-Fricke<\/strong><\/a> schreibt Lyrik und Prosa. Ihre Arbeit wurde nachhaltig durch l\u00e4ngere Aufenthalte in Mexiko und den USA beeinflusst.Ver\u00f6ffentlichung zahlreicher\u00a0 &#8211; auch zweisprachiger &#8211; B\u00fccher sowie Essays, Features und satirischer Texte im Funk, in Magazinen und Zeitungen. Im Pop Verlag Ludwigsburg erschien der Lyrikband <a href=\"http:\/\/wp.pop-verlag.com\/?p=2387\">TICKEN IM EIGENEN RHYTHMUS<\/a>. Zuletzt ver\u00f6ffentlichte sie als Co-Autorin und Mithrsg. die mexikanisch-deutsche Anthologie \u201eCERCANA DISTANCIA &#8211; NAHE FERNE\u201c, 2015, 2. Auflage 2016, Monterrey, Mexiko. Aktuell Beitr\u00e4ge in: Im D\u00f6rfle, im Auftrag der Literarischen Gesellschaft Karlsruhe,\u00a0 hrsg. von J\u00fcrgen Oppermann, Ende 2016; Bards of Blidworth and beyond, hrsg. von Pam Brindle; LA QUINCENA 157, Mexiko, Herbst 2016 u.a. Ihre Arbeit wurde mit Stipendien und Preisen ausgezeichnet:\u00a0 Kunststiftung BW, K\u00fcnstlerhaus Lauenburg\/Elbe (1997\/98), Franz\u00f6sisches Ministerium f\u00fcr Kultur und Kommunikation &amp; der DRAC etc. Sie ist Mitglied in der GEDOK, DIE KOGGE, im PEN-Zentrum BRD. Homepage: reginekressfricke.kulturserver-bawue.de\u00a0 oder Wikipedia.<\/p>\n<p>Lieferbare Titel von\u00a0<strong><a href=\"http:\/\/wp.pop-verlag.com\/?page_id=2382\">Regine Kress-Fricke<\/a><\/strong><a href=\"http:\/\/wp.pop-verlag.com\/?page_id=1087\">:<br \/>\n<\/a><\/p>\n<ul>\n<li><a href=\"http:\/\/wp.pop-verlag.com\/?p=2387\"><strong><em>Ticken im eigenen Rhythmus<\/em><\/strong><\/a>. Gedichte.\u00a0 Mit vier Tuschbildern von Guntram Prochaska. (Lyrik- Sammlung) 80 S. ISBN:\u00a0 978-3-86356-046-1, \u20ac [D] 12,80\u2013<\/li>\n<li>\u201eCERCANA DISTANCIA &#8211; NAHE FERNE\u201c, 2015, 2. Auflage 2016, Monterrey, Mexiko<\/li>\n<li><strong><a href=\"http:\/\/wp.pop-verlag.com\/?p=2379\">Pfeile im Herzen und die Klinge am Hals. Germaine de Sta\u00ebl, die gro\u00dfe Liebende und K\u00e4mpferin.<\/a><\/strong>Reihe Lesezeichen Band 2. ISBN: 978-3-86356-154-3, 174 Seiten, \u20ac [D]16,90<\/li>\n<li><strong><a href=\"http:\/\/wp.pop-verlag.com\/?page_id=2382\">Regine Kress-Fricke<\/a> \/<a href=\"https:\/\/wp.pop-verlag.com\/?page_id=5760\"> Jean Kirsten<\/a><\/strong>: <a href=\"https:\/\/wp.pop-verlag.com\/?p=5720\"><strong>Hommage \u00e0 Martha &amp; Rudolf von Laban<\/strong><\/a><br \/>\nReihe Lyrik Band 160, ISBN 978-3-86356-310-3, 62 Seiten, \u20ac[D]15,90.<\/li>\n<\/ul>\n<p>&nbsp;<\/p>\n","protected":false},"excerpt":{"rendered":"<p>Regine Kress-Fricke schreibt Lyrik und Prosa. Ihre Arbeit wurde nachhaltig durch l\u00e4ngere Aufenthalte in Mexiko und den USA beeinflusst.Ver\u00f6ffentlichung zahlreicher\u00a0 &#8211; auch zweisprachiger &#8211; B\u00fccher sowie Essays, Features und satirischer Texte im Funk, in Magazinen und Zeitungen. Im Pop Verlag &hellip; <a class=\"more-link\" href=\"https:\/\/wp.pop-verlag.com\/?page_id=2382\">Weiterlesen <span class=\"meta-nav\">&rarr;<\/span><\/a><\/p>\n","protected":false},"author":2,"featured_media":0,"parent":695,"menu_order":3,"comment_status":"closed","ping_status":"closed","template":"","meta":{"footnotes":""},"class_list":["post-2382","page","type-page","status-publish","hentry"],"jetpack_sharing_enabled":true,"_links":{"self":[{"href":"https:\/\/wp.pop-verlag.com\/index.php?rest_route=\/wp\/v2\/pages\/2382","targetHints":{"allow":["GET"]}}],"collection":[{"href":"https:\/\/wp.pop-verlag.com\/index.php?rest_route=\/wp\/v2\/pages"}],"about":[{"href":"https:\/\/wp.pop-verlag.com\/index.php?rest_route=\/wp\/v2\/types\/page"}],"author":[{"embeddable":true,"href":"https:\/\/wp.pop-verlag.com\/index.php?rest_route=\/wp\/v2\/users\/2"}],"replies":[{"embeddable":true,"href":"https:\/\/wp.pop-verlag.com\/index.php?rest_route=%2Fwp%2Fv2%2Fcomments&post=2382"}],"version-history":[{"count":8,"href":"https:\/\/wp.pop-verlag.com\/index.php?rest_route=\/wp\/v2\/pages\/2382\/revisions"}],"predecessor-version":[{"id":5764,"href":"https:\/\/wp.pop-verlag.com\/index.php?rest_route=\/wp\/v2\/pages\/2382\/revisions\/5764"}],"up":[{"embeddable":true,"href":"https:\/\/wp.pop-verlag.com\/index.php?rest_route=\/wp\/v2\/pages\/695"}],"wp:attachment":[{"href":"https:\/\/wp.pop-verlag.com\/index.php?rest_route=%2Fwp%2Fv2%2Fmedia&parent=2382"}],"curies":[{"name":"wp","href":"https:\/\/api.w.org\/{rel}","templated":true}]}}

<p><a href="http://wp.pop-verlag.com/?page_id=2382"><strong><img loading="lazy" decoding="async" class="alignleft wp-image-2401 size-medium" src="http://wp.pop-verlag.com/wp-content/uploads/2017/11/Regine-Kress-Fricke-257x300.gif" alt="Regine-Kress-Fricke" width="257" height="300" srcset="https://wp.pop-verlag.com/wp-content/uploads/2017/11/Regine-Kress-Fricke-257x300.gif 257w, https://wp.pop-verlag.com/wp-content/uploads/2017/11/Regine-Kress-Fricke-768x896.gif 768w, https://wp.pop-verlag.com/wp-content/uploads/2017/11/Regine-Kress-Fricke-878x1024.gif 878w" sizes="auto, (max-width: 257px) 100vw, 257px" />Regine Kress-Fricke</strong></a> schreibt Lyrik und Prosa. Ihre Arbeit wurde nachhaltig durch längere Aufenthalte in Mexiko und den USA beeinflusst.Veröffentlichung zahlreicher  &#8211; auch zweisprachiger &#8211; Bücher sowie Essays, Features und satirischer Texte im Funk, in Magazinen und Zeitungen. Im Pop Verlag Ludwigsburg erschien der Lyrikband <a href="http://wp.pop-verlag.com/?p=2387">TICKEN IM EIGENEN RHYTHMUS</a>. Zuletzt veröffentlichte sie als Co-Autorin und Mithrsg. die mexikanisch-deutsche Anthologie „CERCANA DISTANCIA &#8211; NAHE FERNE“, 2015, 2. Auflage 2016, Monterrey, Mexiko. Aktuell Beiträge in: Im Dörfle, im Auftrag der Literarischen Gesellschaft Karlsruhe,  hrsg. von Jürgen Oppermann, Ende 2016; Bards of Blidworth and beyond, hrsg. von Pam Brindle; LA QUINCENA 157, Mexiko, Herbst 2016 u.a. Ihre Arbeit wurde mit Stipendien und Preisen ausgezeichnet:  Kunststiftung BW, Künstlerhaus Lauenburg/Elbe (1997/98), Französisches Ministerium für Kultur und Kommunikation &amp; der DRAC etc. Sie ist Mitglied in der GEDOK, DIE KOGGE, im PEN-Zentrum BRD. Homepage: reginekressfricke.kulturserver-bawue.de  oder Wikipedia.</p>
<p>Lieferbare Titel von <strong><a href="http://wp.pop-verlag.com/?page_id=2382">Regine Kress-Fricke</a></strong><a href="http://wp.pop-verlag.com/?page_id=1087">:<br />
</a></p>
<ul>
<li><a href="http://wp.pop-verlag.com/?p=2387"><strong><em>Ticken im eigenen Rhythmus</em></strong></a>. Gedichte.  Mit vier Tuschbildern von Guntram Prochaska. (Lyrik- Sammlung) 80 S. ISBN:  978-3-86356-046-1, € [D] 12,80–</li>
<li>„CERCANA DISTANCIA &#8211; NAHE FERNE“, 2015, 2. Auflage 2016, Monterrey, Mexiko</li>
<li><strong><a href="http://wp.pop-verlag.com/?p=2379">Pfeile im Herzen und die Klinge am Hals. Germaine de Staël, die große Liebende und Kämpferin.</a></strong>Reihe Lesezeichen Band 2. ISBN: 978-3-86356-154-3, 174 Seiten, € [D]16,90</li>
<li><strong><a href="http://wp.pop-verlag.com/?page_id=2382">Regine Kress-Fricke</a> /<a href="https://wp.pop-verlag.com/?page_id=5760"> Jean Kirsten</a></strong>: <a href="https://wp.pop-verlag.com/?p=5720"><strong>Hommage à Martha &amp; Rudolf von Laban</strong></a><br />
Reihe Lyrik Band 160, ISBN 978-3-86356-310-3, 62 Seiten, €[D]15,90.</li>
</ul>
<p>&nbsp;</p>

<p>Regine Kress-Fricke schreibt Lyrik und Prosa. Ihre Arbeit wurde nachhaltig durch längere Aufenthalte in Mexiko und den USA beeinflusst.Veröffentlichung zahlreicher  &#8211; auch zweisprachiger &#8211; Bücher sowie Essays, Features und satirischer Texte im Funk, in Magazinen und Zeitungen. Im Pop Verlag &hellip; <a class="more-link" href="https://wp.pop-verlag.com/?page_id=2382">Weiterlesen <span class="meta-nav">&rarr;</span></a></p>
