{"id":2359,"date":"2017-10-21T04:12:40","date_gmt":"2017-10-21T04:12:40","guid":{"rendered":"http:\/\/wp.pop-verlag.com\/?page_id=2359"},"modified":"2017-11-29T04:44:10","modified_gmt":"2017-11-29T04:44:10","slug":"albrecht-schau","status":"publish","type":"page","link":"https:\/\/wp.pop-verlag.com\/?page_id=2359","title":{"rendered":"Albrecht Schau"},"content":{"rendered":"<p><img loading=\"lazy\" decoding=\"async\" class=\"alignleft wp-image-2362 size-medium\" src=\"http:\/\/wp.pop-verlag.com\/wp-content\/uploads\/2017\/10\/Schau-221x300.jpg\" alt=\"Schau\" width=\"221\" height=\"300\" srcset=\"https:\/\/wp.pop-verlag.com\/wp-content\/uploads\/2017\/10\/Schau-221x300.jpg 221w, https:\/\/wp.pop-verlag.com\/wp-content\/uploads\/2017\/10\/Schau-768x1044.jpg 768w, https:\/\/wp.pop-verlag.com\/wp-content\/uploads\/2017\/10\/Schau-753x1024.jpg 753w, https:\/\/wp.pop-verlag.com\/wp-content\/uploads\/2017\/10\/Schau.jpg 945w\" sizes=\"auto, (max-width: 221px) 100vw, 221px\" \/><a href=\"http:\/\/wp.pop-verlag.com\/?page_id=2359\"><strong>Albrecht Schau<\/strong><\/a> *1936 in Gleiwitz, lebt in Ludwigsburg. Studium der Germanistik und Sportwissenschaft, Promotion \u00fcber Eichendorff, Hochschul-lehrerlaufbahn, seit 2001 emeritiert, zweite Existenz als Schriftsteller und Rezitator. Viele Buchver\u00f6ffentlichungen, u.a. die Romane: Der Prof. Eine verwilderte Criminal-Groteske, nachl\u00e4ssig erz\u00e4hlt, Valentin Verlag, 2001; FIVE-ZERO-OUT. Mit 50 bist du drau\u00dfen. Blitzlichter auf einen nicht enden wollenden Kriminalfall, Valentin Verlag, 2002; Dichter in Handschellen, Kontrast Verlag, 2006; H\u00f6rbuch zu den \u201eHandschellen\u201c, 2007; Von der belebenden Wirkung des Verbrechens. Urlaubsgr\u00fc\u00dfe aus dem wahren Leben, POP-Verlag, 2010, ein Aphoorismen Band Von Schlagb\u00e4umen, Schlagl\u00f6chern und Schlaglichtern. Aphorismen und Capriccios, POP-Verlag, 2013, und die Kurzgeschichten: Von der Lust am Morden mit Worten. Briefwechsel zwischen Monika Geier und Albrecht Schau, in: \u201eChaussee 13\u201c 2007; Janus \u2013 Nebelspalter, in: Anthologie \u201eFichten, F\u00e4lle, Fahnder\u201c, Podzun Verlag, 2005; Eiskalte Wut, in: Anthologie \u201eMordlust\u201c, Storia Verlag, 2005.<\/p>\n<p><span class=\"readonlyText multiple\">Lieferbare Titel von <\/span><a href=\"http:\/\/wp.pop-verlag.com\/?page_id=2359\"><strong>Albrecht Schau<\/strong><\/a><a href=\"http:\/\/wp.pop-verlag.com\/?page_id=1846\">:<\/a><\/p>\n<ul>\n<li>Von der belebenden Wirkung des Verbrechens. Urlaubsgr\u00fc\u00dfe aus dem wahren Leben, Roman. 2010, Epik, ISBN <span style=\"font-size: medium;\">978-3-937139-95-1<\/span>, 372 Seiten, 16,90 \u20ac<\/li>\n<li><a href=\"http:\/\/wp.pop-verlag.com\/?p=486\"><strong>Von Schlagb\u00e4umen, Schlagl\u00f6chern und Schlaglichtern<\/strong><\/a>. Aphorismen und Capriccios. 2013, edition monrepos, ISBN 978-3-86356-080-5, 83 Seiten, 10,00 \u20ac<\/li>\n<li>Vom St\u00f6hnen des Leibes. Heitere Erkundungen zum Lebensmittelpunkt. edition monrepos, ISBN 978-3-86356-164-2, 160 Seiten, 16,50 \u20ac<\/li>\n<\/ul>\n","protected":false},"excerpt":{"rendered":"<p>Albrecht Schau *1936 in Gleiwitz, lebt in Ludwigsburg. Studium der Germanistik und Sportwissenschaft, Promotion \u00fcber Eichendorff, Hochschul-lehrerlaufbahn, seit 2001 emeritiert, zweite Existenz als Schriftsteller und Rezitator. Viele Buchver\u00f6ffentlichungen, u.a. die Romane: Der Prof. Eine verwilderte Criminal-Groteske, nachl\u00e4ssig erz\u00e4hlt, Valentin Verlag, &hellip; <a class=\"more-link\" href=\"https:\/\/wp.pop-verlag.com\/?page_id=2359\">Weiterlesen <span class=\"meta-nav\">&rarr;<\/span><\/a><\/p>\n","protected":false},"author":2,"featured_media":0,"parent":712,"menu_order":3,"comment_status":"closed","ping_status":"closed","template":"","meta":{"footnotes":""},"class_list":["post-2359","page","type-page","status-publish","hentry"],"jetpack_sharing_enabled":true,"_links":{"self":[{"href":"https:\/\/wp.pop-verlag.com\/index.php?rest_route=\/wp\/v2\/pages\/2359","targetHints":{"allow":["GET"]}}],"collection":[{"href":"https:\/\/wp.pop-verlag.com\/index.php?rest_route=\/wp\/v2\/pages"}],"about":[{"href":"https:\/\/wp.pop-verlag.com\/index.php?rest_route=\/wp\/v2\/types\/page"}],"author":[{"embeddable":true,"href":"https:\/\/wp.pop-verlag.com\/index.php?rest_route=\/wp\/v2\/users\/2"}],"replies":[{"embeddable":true,"href":"https:\/\/wp.pop-verlag.com\/index.php?rest_route=%2Fwp%2Fv2%2Fcomments&post=2359"}],"version-history":[{"count":5,"href":"https:\/\/wp.pop-verlag.com\/index.php?rest_route=\/wp\/v2\/pages\/2359\/revisions"}],"predecessor-version":[{"id":2433,"href":"https:\/\/wp.pop-verlag.com\/index.php?rest_route=\/wp\/v2\/pages\/2359\/revisions\/2433"}],"up":[{"embeddable":true,"href":"https:\/\/wp.pop-verlag.com\/index.php?rest_route=\/wp\/v2\/pages\/712"}],"wp:attachment":[{"href":"https:\/\/wp.pop-verlag.com\/index.php?rest_route=%2Fwp%2Fv2%2Fmedia&parent=2359"}],"curies":[{"name":"wp","href":"https:\/\/api.w.org\/{rel}","templated":true}]}}

<p><img loading="lazy" decoding="async" class="alignleft wp-image-2362 size-medium" src="http://wp.pop-verlag.com/wp-content/uploads/2017/10/Schau-221x300.jpg" alt="Schau" width="221" height="300" srcset="https://wp.pop-verlag.com/wp-content/uploads/2017/10/Schau-221x300.jpg 221w, https://wp.pop-verlag.com/wp-content/uploads/2017/10/Schau-768x1044.jpg 768w, https://wp.pop-verlag.com/wp-content/uploads/2017/10/Schau-753x1024.jpg 753w, https://wp.pop-verlag.com/wp-content/uploads/2017/10/Schau.jpg 945w" sizes="auto, (max-width: 221px) 100vw, 221px" /><a href="http://wp.pop-verlag.com/?page_id=2359"><strong>Albrecht Schau</strong></a> *1936 in Gleiwitz, lebt in Ludwigsburg. Studium der Germanistik und Sportwissenschaft, Promotion über Eichendorff, Hochschul-lehrerlaufbahn, seit 2001 emeritiert, zweite Existenz als Schriftsteller und Rezitator. Viele Buchveröffentlichungen, u.a. die Romane: Der Prof. Eine verwilderte Criminal-Groteske, nachlässig erzählt, Valentin Verlag, 2001; FIVE-ZERO-OUT. Mit 50 bist du draußen. Blitzlichter auf einen nicht enden wollenden Kriminalfall, Valentin Verlag, 2002; Dichter in Handschellen, Kontrast Verlag, 2006; Hörbuch zu den „Handschellen“, 2007; Von der belebenden Wirkung des Verbrechens. Urlaubsgrüße aus dem wahren Leben, POP-Verlag, 2010, ein Aphoorismen Band Von Schlagbäumen, Schlaglöchern und Schlaglichtern. Aphorismen und Capriccios, POP-Verlag, 2013, und die Kurzgeschichten: Von der Lust am Morden mit Worten. Briefwechsel zwischen Monika Geier und Albrecht Schau, in: „Chaussee 13“ 2007; Janus – Nebelspalter, in: Anthologie „Fichten, Fälle, Fahnder“, Podzun Verlag, 2005; Eiskalte Wut, in: Anthologie „Mordlust“, Storia Verlag, 2005.</p>
<p><span class="readonlyText multiple">Lieferbare Titel von </span><a href="http://wp.pop-verlag.com/?page_id=2359"><strong>Albrecht Schau</strong></a><a href="http://wp.pop-verlag.com/?page_id=1846">:</a></p>
<ul>
<li>Von der belebenden Wirkung des Verbrechens. Urlaubsgrüße aus dem wahren Leben, Roman. 2010, Epik, ISBN <span style="font-size: medium;">978-3-937139-95-1</span>, 372 Seiten, 16,90 €</li>
<li><a href="http://wp.pop-verlag.com/?p=486"><strong>Von Schlagbäumen, Schlaglöchern und Schlaglichtern</strong></a>. Aphorismen und Capriccios. 2013, edition monrepos, ISBN 978-3-86356-080-5, 83 Seiten, 10,00 €</li>
<li>Vom Stöhnen des Leibes. Heitere Erkundungen zum Lebensmittelpunkt. edition monrepos, ISBN 978-3-86356-164-2, 160 Seiten, 16,50 €</li>
</ul>

<p>Albrecht Schau *1936 in Gleiwitz, lebt in Ludwigsburg. Studium der Germanistik und Sportwissenschaft, Promotion über Eichendorff, Hochschul-lehrerlaufbahn, seit 2001 emeritiert, zweite Existenz als Schriftsteller und Rezitator. Viele Buchveröffentlichungen, u.a. die Romane: Der Prof. Eine verwilderte Criminal-Groteske, nachlässig erzählt, Valentin Verlag, &hellip; <a class="more-link" href="https://wp.pop-verlag.com/?page_id=2359">Weiterlesen <span class="meta-nav">&rarr;</span></a></p>
