{"id":2336,"date":"2017-10-08T08:09:34","date_gmt":"2017-10-08T08:09:34","guid":{"rendered":"http:\/\/wp.pop-verlag.com\/?page_id=2336"},"modified":"2017-10-08T08:09:54","modified_gmt":"2017-10-08T08:09:54","slug":"anneliese-merkel","status":"publish","type":"page","link":"https:\/\/wp.pop-verlag.com\/?page_id=2336","title":{"rendered":"Anneliese Merkel"},"content":{"rendered":"<p><strong><img loading=\"lazy\" decoding=\"async\" class=\"alignleft wp-image-2337 size-medium\" src=\"http:\/\/wp.pop-verlag.com\/wp-content\/uploads\/2017\/10\/Foto-A_Merkel-207x300.jpg\" alt=\"Foto A_Merkel\" width=\"207\" height=\"300\" srcset=\"https:\/\/wp.pop-verlag.com\/wp-content\/uploads\/2017\/10\/Foto-A_Merkel-207x300.jpg 207w, https:\/\/wp.pop-verlag.com\/wp-content\/uploads\/2017\/10\/Foto-A_Merkel-768x1114.jpg 768w, https:\/\/wp.pop-verlag.com\/wp-content\/uploads\/2017\/10\/Foto-A_Merkel-706x1024.jpg 706w\" sizes=\"auto, (max-width: 207px) 100vw, 207px\" \/><a href=\"http:\/\/wp.pop-verlag.com\/?page_id=2336\">Anneliese Merkel<\/a><\/strong>, *1949 in Duisburg. Berufliche Stationen: Buchh\u00e4ndlerin in Duisburg und G\u00f6ttingen, Verlagsangestellte in Stuttgart, lebt seit 2004 in Ulm. Schriftstellerische T\u00e4tigkeit seit 1988, vorwiegend Lyrik und Kurzprosa, neben Einzelb\u00e4nden Ver\u00f6ffentlichungen in Anthologien und Zeitschriften; Essays \u00fcber Schriftsteller (Georg Trakl, Ernst Wiechert). Letzte Lyrikvero\u0308ffentlichungen: Spiegelungen. Gedichte, Schweinfurt, 2007 und Der Himmel im Baum, Weiden, 2014. Viele Auszeichnungen, u.a. Inge-Czernik-F\u00f6rderpreis f\u00fcr Lyrik, Freudenstadt 1994 und Literaturpreis der K\u00fcnstlergilde Esslingen 1997, 2003, 2011, 2013 und 2015.<\/p>\n","protected":false},"excerpt":{"rendered":"<p>Anneliese Merkel, *1949 in Duisburg. Berufliche Stationen: Buchh\u00e4ndlerin in Duisburg und G\u00f6ttingen, Verlagsangestellte in Stuttgart, lebt seit 2004 in Ulm. Schriftstellerische T\u00e4tigkeit seit 1988, vorwiegend Lyrik und Kurzprosa, neben Einzelb\u00e4nden Ver\u00f6ffentlichungen in Anthologien und Zeitschriften; Essays \u00fcber Schriftsteller (Georg Trakl, &hellip; <a class=\"more-link\" href=\"https:\/\/wp.pop-verlag.com\/?page_id=2336\">Weiterlesen <span class=\"meta-nav\">&rarr;<\/span><\/a><\/p>\n","protected":false},"author":2,"featured_media":0,"parent":700,"menu_order":3,"comment_status":"closed","ping_status":"closed","template":"","meta":{"footnotes":""},"class_list":["post-2336","page","type-page","status-publish","hentry"],"jetpack_sharing_enabled":true,"_links":{"self":[{"href":"https:\/\/wp.pop-verlag.com\/index.php?rest_route=\/wp\/v2\/pages\/2336","targetHints":{"allow":["GET"]}}],"collection":[{"href":"https:\/\/wp.pop-verlag.com\/index.php?rest_route=\/wp\/v2\/pages"}],"about":[{"href":"https:\/\/wp.pop-verlag.com\/index.php?rest_route=\/wp\/v2\/types\/page"}],"author":[{"embeddable":true,"href":"https:\/\/wp.pop-verlag.com\/index.php?rest_route=\/wp\/v2\/users\/2"}],"replies":[{"embeddable":true,"href":"https:\/\/wp.pop-verlag.com\/index.php?rest_route=%2Fwp%2Fv2%2Fcomments&post=2336"}],"version-history":[{"count":2,"href":"https:\/\/wp.pop-verlag.com\/index.php?rest_route=\/wp\/v2\/pages\/2336\/revisions"}],"predecessor-version":[{"id":2339,"href":"https:\/\/wp.pop-verlag.com\/index.php?rest_route=\/wp\/v2\/pages\/2336\/revisions\/2339"}],"up":[{"embeddable":true,"href":"https:\/\/wp.pop-verlag.com\/index.php?rest_route=\/wp\/v2\/pages\/700"}],"wp:attachment":[{"href":"https:\/\/wp.pop-verlag.com\/index.php?rest_route=%2Fwp%2Fv2%2Fmedia&parent=2336"}],"curies":[{"name":"wp","href":"https:\/\/api.w.org\/{rel}","templated":true}]}}

<p><strong><img loading="lazy" decoding="async" class="alignleft wp-image-2337 size-medium" src="http://wp.pop-verlag.com/wp-content/uploads/2017/10/Foto-A_Merkel-207x300.jpg" alt="Foto A_Merkel" width="207" height="300" srcset="https://wp.pop-verlag.com/wp-content/uploads/2017/10/Foto-A_Merkel-207x300.jpg 207w, https://wp.pop-verlag.com/wp-content/uploads/2017/10/Foto-A_Merkel-768x1114.jpg 768w, https://wp.pop-verlag.com/wp-content/uploads/2017/10/Foto-A_Merkel-706x1024.jpg 706w" sizes="auto, (max-width: 207px) 100vw, 207px" /><a href="http://wp.pop-verlag.com/?page_id=2336">Anneliese Merkel</a></strong>, *1949 in Duisburg. Berufliche Stationen: Buchhändlerin in Duisburg und Göttingen, Verlagsangestellte in Stuttgart, lebt seit 2004 in Ulm. Schriftstellerische Tätigkeit seit 1988, vorwiegend Lyrik und Kurzprosa, neben Einzelbänden Veröffentlichungen in Anthologien und Zeitschriften; Essays über Schriftsteller (Georg Trakl, Ernst Wiechert). Letzte Lyrikveröffentlichungen: Spiegelungen. Gedichte, Schweinfurt, 2007 und Der Himmel im Baum, Weiden, 2014. Viele Auszeichnungen, u.a. Inge-Czernik-Förderpreis für Lyrik, Freudenstadt 1994 und Literaturpreis der Künstlergilde Esslingen 1997, 2003, 2011, 2013 und 2015.</p>

<p>Anneliese Merkel, *1949 in Duisburg. Berufliche Stationen: Buchhändlerin in Duisburg und Göttingen, Verlagsangestellte in Stuttgart, lebt seit 2004 in Ulm. Schriftstellerische Tätigkeit seit 1988, vorwiegend Lyrik und Kurzprosa, neben Einzelbänden Veröffentlichungen in Anthologien und Zeitschriften; Essays über Schriftsteller (Georg Trakl, &hellip; <a class="more-link" href="https://wp.pop-verlag.com/?page_id=2336">Weiterlesen <span class="meta-nav">&rarr;</span></a></p>
