{"id":2255,"date":"2017-09-19T05:16:01","date_gmt":"2017-09-19T05:16:01","guid":{"rendered":"http:\/\/wp.pop-verlag.com\/?page_id=2255"},"modified":"2017-09-19T05:16:22","modified_gmt":"2017-09-19T05:16:22","slug":"wolfgang-riemann","status":"publish","type":"page","link":"https:\/\/wp.pop-verlag.com\/?page_id=2255","title":{"rendered":"Wolfgang Riemann"},"content":{"rendered":"<p><a href=\"http:\/\/wp.pop-verlag.com\/?page_id=2255\"><strong>Wolfgang Riemann<\/strong><\/a> *1944 hat in Frankfurt am Main und Istanbul Turkologie und Islamwissenschaften studiert. Er konzentriert sich \u2013 neben anderen Themen der modernen t\u00fcrkischen Literatur \u2013 auf die Literatur von T\u00fcrken in und \u00fcber Deutschland. Dazu erschien seine Studie \u201eDas Deutschlandbild in der modernen t\u00fcrkischen Literatur\u201c und seine annotierte Bibliographie \u201e\u00dcber das Leben in Bitterland. Bibliographie zur t\u00fcrkischen Deutschlandliteratur.\u201c Eine Bibliographie mit neuestem Material aus dem letzten Jahrzehnt ist in Arbeit. Wolfgang Riemann hat Belletristik \u2013 neben Romanen auch zweisprachige Erz\u00e4hlb\u00e4nde \u2013 von vielen bekannten t\u00fcrkischen Autoren \u00fcbersetzt, so etwa f\u00fcr die T\u00fcrkische Bibliothek im Unionsverlag den Roman \u201eVerbotene Lieben\u201c (A\u015fk-\u0131 Memnu) von Halid Ziya U\u015fakl\u0131gil.<\/p>\n","protected":false},"excerpt":{"rendered":"<p>Wolfgang Riemann *1944 hat in Frankfurt am Main und Istanbul Turkologie und Islamwissenschaften studiert. Er konzentriert sich \u2013 neben anderen Themen der modernen t\u00fcrkischen Literatur \u2013 auf die Literatur von T\u00fcrken in und \u00fcber Deutschland. Dazu erschien seine Studie \u201eDas &hellip; <a class=\"more-link\" href=\"https:\/\/wp.pop-verlag.com\/?page_id=2255\">Weiterlesen <span class=\"meta-nav\">&rarr;<\/span><\/a><\/p>\n","protected":false},"author":2,"featured_media":0,"parent":708,"menu_order":5,"comment_status":"closed","ping_status":"closed","template":"","meta":{"footnotes":""},"class_list":["post-2255","page","type-page","status-publish","hentry"],"jetpack_sharing_enabled":true,"_links":{"self":[{"href":"https:\/\/wp.pop-verlag.com\/index.php?rest_route=\/wp\/v2\/pages\/2255","targetHints":{"allow":["GET"]}}],"collection":[{"href":"https:\/\/wp.pop-verlag.com\/index.php?rest_route=\/wp\/v2\/pages"}],"about":[{"href":"https:\/\/wp.pop-verlag.com\/index.php?rest_route=\/wp\/v2\/types\/page"}],"author":[{"embeddable":true,"href":"https:\/\/wp.pop-verlag.com\/index.php?rest_route=\/wp\/v2\/users\/2"}],"replies":[{"embeddable":true,"href":"https:\/\/wp.pop-verlag.com\/index.php?rest_route=%2Fwp%2Fv2%2Fcomments&post=2255"}],"version-history":[{"count":2,"href":"https:\/\/wp.pop-verlag.com\/index.php?rest_route=\/wp\/v2\/pages\/2255\/revisions"}],"predecessor-version":[{"id":2257,"href":"https:\/\/wp.pop-verlag.com\/index.php?rest_route=\/wp\/v2\/pages\/2255\/revisions\/2257"}],"up":[{"embeddable":true,"href":"https:\/\/wp.pop-verlag.com\/index.php?rest_route=\/wp\/v2\/pages\/708"}],"wp:attachment":[{"href":"https:\/\/wp.pop-verlag.com\/index.php?rest_route=%2Fwp%2Fv2%2Fmedia&parent=2255"}],"curies":[{"name":"wp","href":"https:\/\/api.w.org\/{rel}","templated":true}]}}