{"id":2109,"date":"2017-07-19T04:38:35","date_gmt":"2017-07-19T04:38:35","guid":{"rendered":"http:\/\/wp.pop-verlag.com\/?page_id=2109"},"modified":"2020-04-17T05:56:54","modified_gmt":"2020-04-17T05:56:54","slug":"charlotte-ueckert","status":"publish","type":"page","link":"https:\/\/wp.pop-verlag.com\/?page_id=2109","title":{"rendered":"Charlotte Ueckert"},"content":{"rendered":"<p style=\"text-align: justify;\"><img loading=\"lazy\" decoding=\"async\" class=\"alignleft wp-image-2110 size-medium\" src=\"http:\/\/wp.pop-verlag.com\/wp-content\/uploads\/2017\/07\/Charlotte-Ueckert-300x264.jpg\" alt=\"Charlotte Ueckert\" width=\"300\" height=\"264\" srcset=\"https:\/\/wp.pop-verlag.com\/wp-content\/uploads\/2017\/07\/Charlotte-Ueckert-300x264.jpg 300w, https:\/\/wp.pop-verlag.com\/wp-content\/uploads\/2017\/07\/Charlotte-Ueckert-768x677.jpg 768w, https:\/\/wp.pop-verlag.com\/wp-content\/uploads\/2017\/07\/Charlotte-Ueckert-1024x902.jpg 1024w, https:\/\/wp.pop-verlag.com\/wp-content\/uploads\/2017\/07\/Charlotte-Ueckert-341x300.jpg 341w, https:\/\/wp.pop-verlag.com\/wp-content\/uploads\/2017\/07\/Charlotte-Ueckert.jpg 1772w\" sizes=\"auto, (max-width: 300px) 100vw, 300px\" \/><a href=\"http:\/\/wp.pop-verlag.com\/?page_id=2109\"><strong>Charlotte Ueckert<\/strong><\/a>, studierte Literaturwissenschaft, Psychologie und Kunstgeschichte, war wissenschaftliche Mitarbeiterin an der Universit\u00e4t Hamburg in den Bereichen Exilliteratur und Nachkriegsliteratur, freiberufliche Lektorin und Dozentin und jetzt freie Autorin. Sie lebt in Hamburg und ver\u00f6ffentlichte mehrere Lyrikb\u00e4nde, Reiseessays und Biografien, u.a. \u201ePaula Modersohn-Becker\u201c bei Rowohlt, 2. Aufl. 2008, das Buch \u201eHamburgerinnen. Eine Frauengeschichte der Stadt\u201c im Verlag Die Hanse 2008, die Gedichtb\u00e4nde \u201eN\u00f6rdlich von Rom\u201c Edition Klaus Raasch 2010, \u201eDein Haar ist mein Nest\u201c, Fixpoetry.Verlag 2011, \u201eNach Italien. Liebesgeschichten von anfangend sp\u00e4ter\u201c POP-Verlag 2012 \u201eMitlesebuch 104\u201c Aphaia-Verlag 2012 u. 2013. In der Edition Art Science, St. Wolfgang ver\u00f6ffentlichte sie 2013 den Gedichtband: \u201eEin Reh auf der Chaussee\u201c. Zutetzt: \u201eEinstimmen\u201c, Gedichte, POP-Verlag 2015.<br \/>\nIhre Gedichte sind ins Persische, Polnische, Rum\u00e4nische und Spanische \u00fcbersetzt worden.<br \/>\nIm Herbst 2013 erschien: \u201eDie Erben der Etrusker. Literarische Reisebilder aus Latium und der Toskana\u201c in der Edition Karo, Berlin, im Fr\u00fchjahr 2014: \u201eOldenburger Land \u2013 neu erlebt\u201c im Gmeiner Verlag.<br \/>\nSie erhielt mehrere Reisestipendien und nahm an verschiedenen Interna-<br \/>\ntionalen Poesietagen teil. Sie ist Mitglied im PEN und in der Europ\u00e4ischen Autorenvereinigung Die Kogge.<\/p>\n<p>Je l\u00e4nger die Lekt\u00fcre dauert, desto mehr erschlie\u00dft sich der innere Zusammenhang &#8230; Alles scheint miteinander verwoben. Immer wieder sind es Menschen, auf deren Spuren sich die Autorin begibt.<br \/>\n(Siegener Zeitung)<\/p>\n<p>Mit dem Gesp\u00fcr f\u00fcr historische Dimensionen und der Lust am scheinbar Unscheinbaren&#8230;<br \/>\n(Die Zeit)<\/p>\n<p>Lieferbare Titel von <strong>Charlotte Ueckert<\/strong>:<\/p>\n<p><span style=\"font-size: medium;\"><b><a href=\"http:\/\/traian.pop-verlag.com\/charlotte_ueckert.htm\">&#8211; Charlotte Ueckert<\/a> und <a href=\"http:\/\/traian.pop-verlag.com\/manfred_chobot.htm\">Manfred Chobot<\/a> (Hrsg.), <\/b><i><a href=\"http:\/\/traian.pop-verlag.com\/seite33.htm\">Der Jaguar im Spiegel. Ein KOGGE Lesebuch.<\/a><\/i>Mit einem Vorwort von <a href=\"http:\/\/traian.pop-verlag.com\/rothfuss.htm\"><b>Uli Rothfuss.<\/b><\/a><\/span><b> <\/b><span style=\"font-size: medium;\">(FRAGMENTARIUM- Sammlung);<b><i> <\/i><\/b>342 Seiten,\u00a0 ISBN: 978-3-937139-93-7. Preis: 18,00 \u20ac<\/span><\/p>\n<p><em><strong><a href=\"http:\/\/traian.pop-verlag.com\/978-3-86356-028-7.htm\">&#8211; Nach Italien. Liebesgeschichten von anfangs und sp\u00e4ter.<\/a><\/strong><\/em> 204 S. ISBN: ISBN: 978-3-86356-028-7, \u20ac [D] 14,80<\/p>\n<p><strong><a href=\"http:\/\/wp.pop-verlag.com\/?p=627\">&#8211; Einstimmen<\/a><\/strong>. Gedichte. 88 Seiten, ISBN 978-3-86356-114-7, 14,50 \u20ac<\/p>\n<p><strong> <a href=\"http:\/\/wp.pop-verlag.com\/?p=2140\">&#8211; Die Fremde aus Deutschland. <\/a><\/strong>Kurzprosa und Reisegedichte. Pop Lyrik. 116 Seiten, ISBN 978-3-86356-159-8,16,50 \u20ac<\/p>\n<p><strong><a href=\"https:\/\/wp.pop-verlag.com\/?p=4402\">&#8211; NACH ALPHABET GESAMMELT aus vierzig Jahren<\/a>.<\/strong> Mit einem Nachwort von Uli Rothfuss. Lyrikreihe Bd. 131; ISBN 978-3-86356-267-0; 158 Seiten, \u20ac[D]16,50<\/p>\n<p>&nbsp;<\/p>\n","protected":false},"excerpt":{"rendered":"<p>Charlotte Ueckert, studierte Literaturwissenschaft, Psychologie und Kunstgeschichte, war wissenschaftliche Mitarbeiterin an der Universit\u00e4t Hamburg in den Bereichen Exilliteratur und Nachkriegsliteratur, freiberufliche Lektorin und Dozentin und jetzt freie Autorin. Sie lebt in Hamburg und ver\u00f6ffentlichte mehrere Lyrikb\u00e4nde, Reiseessays und Biografien, u.a. &hellip; <a class=\"more-link\" href=\"https:\/\/wp.pop-verlag.com\/?page_id=2109\">Weiterlesen <span class=\"meta-nav\">&rarr;<\/span><\/a><\/p>\n","protected":false},"author":2,"featured_media":0,"parent":715,"menu_order":1,"comment_status":"closed","ping_status":"closed","template":"","meta":{"footnotes":""},"class_list":["post-2109","page","type-page","status-publish","hentry"],"jetpack_sharing_enabled":true,"_links":{"self":[{"href":"https:\/\/wp.pop-verlag.com\/index.php?rest_route=\/wp\/v2\/pages\/2109","targetHints":{"allow":["GET"]}}],"collection":[{"href":"https:\/\/wp.pop-verlag.com\/index.php?rest_route=\/wp\/v2\/pages"}],"about":[{"href":"https:\/\/wp.pop-verlag.com\/index.php?rest_route=\/wp\/v2\/types\/page"}],"author":[{"embeddable":true,"href":"https:\/\/wp.pop-verlag.com\/index.php?rest_route=\/wp\/v2\/users\/2"}],"replies":[{"embeddable":true,"href":"https:\/\/wp.pop-verlag.com\/index.php?rest_route=%2Fwp%2Fv2%2Fcomments&post=2109"}],"version-history":[{"count":6,"href":"https:\/\/wp.pop-verlag.com\/index.php?rest_route=\/wp\/v2\/pages\/2109\/revisions"}],"predecessor-version":[{"id":5069,"href":"https:\/\/wp.pop-verlag.com\/index.php?rest_route=\/wp\/v2\/pages\/2109\/revisions\/5069"}],"up":[{"embeddable":true,"href":"https:\/\/wp.pop-verlag.com\/index.php?rest_route=\/wp\/v2\/pages\/715"}],"wp:attachment":[{"href":"https:\/\/wp.pop-verlag.com\/index.php?rest_route=%2Fwp%2Fv2%2Fmedia&parent=2109"}],"curies":[{"name":"wp","href":"https:\/\/api.w.org\/{rel}","templated":true}]}}