{"id":2054,"date":"2017-05-19T08:32:06","date_gmt":"2017-05-19T08:32:06","guid":{"rendered":"http:\/\/wp.pop-verlag.com\/?page_id=2054"},"modified":"2017-05-19T08:41:15","modified_gmt":"2017-05-19T08:41:15","slug":"2054-2","status":"publish","type":"page","link":"https:\/\/wp.pop-verlag.com\/?page_id=2054","title":{"rendered":"Peter Ettl"},"content":{"rendered":"<p><strong><img loading=\"lazy\" decoding=\"async\" class=\"alignleft wp-image-2055 size-medium\" src=\"http:\/\/wp.pop-verlag.com\/wp-content\/uploads\/2017\/05\/Peter-Ettl-200x300.jpg\" alt=\"Peter Ettl\" width=\"200\" height=\"300\" srcset=\"https:\/\/wp.pop-verlag.com\/wp-content\/uploads\/2017\/05\/Peter-Ettl-200x300.jpg 200w, https:\/\/wp.pop-verlag.com\/wp-content\/uploads\/2017\/05\/Peter-Ettl-768x1155.jpg 768w, https:\/\/wp.pop-verlag.com\/wp-content\/uploads\/2017\/05\/Peter-Ettl-681x1024.jpg 681w, https:\/\/wp.pop-verlag.com\/wp-content\/uploads\/2017\/05\/Peter-Ettl.jpg 1772w\" sizes=\"auto, (max-width: 200px) 100vw, 200px\" \/><a href=\"http:\/\/wp.pop-verlag.com\/?page_id=2054\">Peter Ettl<\/a><\/strong>, *1954 in Regensburg. Studium der Volkswirtschaft an der dortigen Universit\u00e4t. Redakteur und Schriftsteller. L\u00e4ngere Studienaufenthalte in der Bretagne und in Paris. Lebt heute als freier Schriftsteller mit seiner Frau auf dem eigenen Reiterhof \u201eSilver Horse Ranch\u201c in Gschaid\/Marklkofen.<br \/>\n1972 Rolf-Ulrici-Preis, 1980 Kulturf\u00f6rderpreis Ostbayern, 1988 Kulturf\u00f6rderpreis Regensburg. Publikationen in ca. 500 Anthologien, Zeitschriften, Literaturzeitschriften sowie im Rundfunk. 2008 Aufnahme von zwei Gedichten in den Gro\u00dfen Conrady. 36 Buchver\u00f6ffentlichungen. Die j\u00fcngsten eigenst\u00e4ndigen Publikationen: Traumtrabanten, Gesammelte Gedichte, 2003, Silver Horse Edition, Nachmieter f\u00fcr den Olymp gesucht \u2013 Geschichten aus Griechenland, Silver Horse Editon, 2003, 2. Auflage 2005, 3. Auflage 2008, Gleitfl\u00fcge zwischen den Gezeiten, Gedichte, 2005, Silver Horse Edition, Land schafft, Gedichte, 2006, Silver Horse Edition, Der Wind kam von Afrika, Kretisches Tag- und Nachtbuch, 2009, Silver Horse Edition, Samtkrallen Wurzelfl\u00fcgler, Gedichte, 2009, Peter-Segler-Verlag, Leipzig, <a href=\"http:\/\/wp.pop-verlag.com\/?p=148\">Distellicht<\/a>, Gedichte, 2013, POP-Verlag, Ludwigsburg.<\/p>\n<p>Lieferbare Titel von <strong><a href=\"http:\/\/wp.pop-verlag.com\/?page_id=2054\">Peter Ettl<\/a><\/strong>:<\/p>\n<p><strong><a href=\"http:\/\/wp.pop-verlag.com\/?p=148\">Distellicht &#8211; <\/a><\/strong>Gedichte. 79 Seiten, ISBN 978-3-86356-053-9; 12,99 \u20ac,<br \/>\nISBN 978-3-86356-053-9<\/p>\n<p><strong><a href=\"http:\/\/wp.pop-verlag.com\/?p=365\">Noch Hundert Lichtjahre bis Buffalo<\/a> &#8211; Kurzgeschichten<\/strong>; 94 Seiten, ISBN 978-3-86356-091-1; 11,99 \u20ac<\/p>\n","protected":false},"excerpt":{"rendered":"<p>Peter Ettl, *1954 in Regensburg. Studium der Volkswirtschaft an der dortigen Universit\u00e4t. Redakteur und Schriftsteller. L\u00e4ngere Studienaufenthalte in der Bretagne und in Paris. Lebt heute als freier Schriftsteller mit seiner Frau auf dem eigenen Reiterhof \u201eSilver Horse Ranch\u201c in Gschaid\/Marklkofen. &hellip; <a class=\"more-link\" href=\"https:\/\/wp.pop-verlag.com\/?page_id=2054\">Weiterlesen <span class=\"meta-nav\">&rarr;<\/span><\/a><\/p>\n","protected":false},"author":2,"featured_media":0,"parent":666,"menu_order":4,"comment_status":"closed","ping_status":"closed","template":"","meta":{"footnotes":""},"class_list":["post-2054","page","type-page","status-publish","hentry"],"jetpack_sharing_enabled":true,"_links":{"self":[{"href":"https:\/\/wp.pop-verlag.com\/index.php?rest_route=\/wp\/v2\/pages\/2054","targetHints":{"allow":["GET"]}}],"collection":[{"href":"https:\/\/wp.pop-verlag.com\/index.php?rest_route=\/wp\/v2\/pages"}],"about":[{"href":"https:\/\/wp.pop-verlag.com\/index.php?rest_route=\/wp\/v2\/types\/page"}],"author":[{"embeddable":true,"href":"https:\/\/wp.pop-verlag.com\/index.php?rest_route=\/wp\/v2\/users\/2"}],"replies":[{"embeddable":true,"href":"https:\/\/wp.pop-verlag.com\/index.php?rest_route=%2Fwp%2Fv2%2Fcomments&post=2054"}],"version-history":[{"count":7,"href":"https:\/\/wp.pop-verlag.com\/index.php?rest_route=\/wp\/v2\/pages\/2054\/revisions"}],"predecessor-version":[{"id":2067,"href":"https:\/\/wp.pop-verlag.com\/index.php?rest_route=\/wp\/v2\/pages\/2054\/revisions\/2067"}],"up":[{"embeddable":true,"href":"https:\/\/wp.pop-verlag.com\/index.php?rest_route=\/wp\/v2\/pages\/666"}],"wp:attachment":[{"href":"https:\/\/wp.pop-verlag.com\/index.php?rest_route=%2Fwp%2Fv2%2Fmedia&parent=2054"}],"curies":[{"name":"wp","href":"https:\/\/api.w.org\/{rel}","templated":true}]}}