{"id":2037,"date":"2017-05-14T14:35:46","date_gmt":"2017-05-14T14:35:46","guid":{"rendered":"http:\/\/wp.pop-verlag.com\/?page_id=2037"},"modified":"2019-04-10T10:12:30","modified_gmt":"2019-04-10T10:12:30","slug":"2037-2","status":"publish","type":"page","link":"https:\/\/wp.pop-verlag.com\/?page_id=2037","title":{"rendered":"Ioana Nicolaie"},"content":{"rendered":"<p><strong><img loading=\"lazy\" decoding=\"async\" class=\"alignleft wp-image-2039 size-medium\" src=\"http:\/\/wp.pop-verlag.com\/wp-content\/uploads\/2017\/05\/Ioana-Nicolaie_1_1-272x300.jpg\" alt=\"Ioana Nicolaie_1_1\" width=\"272\" height=\"300\" srcset=\"https:\/\/wp.pop-verlag.com\/wp-content\/uploads\/2017\/05\/Ioana-Nicolaie_1_1-272x300.jpg 272w, https:\/\/wp.pop-verlag.com\/wp-content\/uploads\/2017\/05\/Ioana-Nicolaie_1_1-768x848.jpg 768w, https:\/\/wp.pop-verlag.com\/wp-content\/uploads\/2017\/05\/Ioana-Nicolaie_1_1-928x1024.jpg 928w, https:\/\/wp.pop-verlag.com\/wp-content\/uploads\/2017\/05\/Ioana-Nicolaie_1_1.jpg 1812w\" sizes=\"auto, (max-width: 272px) 100vw, 272px\" \/><a href=\"http:\/\/wp.pop-verlag.com\/?page_id=2037\">Ioana Nicolaie<\/a><\/strong>: wurde 1974 in S\u00e2ngeorz-B\u0103i,\u00a0 im Norden Rum\u00e4niens geboren. Sie studierte Literatur an der Universit\u00e4t Bukarest. Anschlie\u00dfend arbeitete sie als Lehrerin, Jounalistin und f\u00fcr diverse Verlage. Heute lebt sie als freie Autorin in Bukarest. 2000 ver\u00f6ffentlichte sie als Debutpreistr\u00e4gerin ihren ersten Gedichtband \u201eRetuschiertes Foto\u201c. 2002 folgte \u201eDer Norden\u201c. Dieser Band wurde f\u00fcr den ASPRO-Preis nominiert. 2003 kam der thematische Folgeband \u201eDer Glauben\u201c heraus, der ebenfalls f\u00fcr mehrere Preise nominiert wurde. 2005 folgte ein Roman \u201eDer Himmel im Bauch\u201c, der 2006 f\u00fcr den Eastern European Award nominiert wurde. Ausgew\u00e4hlte Gedichte sind bereits in \u00d6sterreich, Frankreich, England, Schweden und Kanada erschienen.<\/p>\n<p>Lieferbare Titel von <strong><a href=\"http:\/\/wp.pop-verlag.com\/?page_id=2037\">Ioana Nicolaie<\/a><\/strong>:<b><\/b><\/p>\n<ul>\n<li><strong><a href=\"http:\/\/wp.pop-verlag.com\/?p=111\">\u201eDer Norden\u201c. <\/a><\/strong>Gedichte, Aus dem Rum\u00e4nischen \u00fcbersetzt von <a href=\"http:\/\/wp.pop-verlag.com\/?page_id=2047\"><strong>Eva Ruth Wemme<\/strong><\/a>. 122 Seiten, ISBN 978-3-937139-43-2; \u20ac[D]16,30<\/li>\n<li><strong><a href=\"http:\/\/wp.pop-verlag.com\/?p=2863\">Der Himmel im Bauch<\/a><\/strong>. Roman. Aus dem Rum\u00e4nischen \u00fcbersetzt von <a href=\"http:\/\/wp.pop-verlag.com\/?page_id=2047\"><strong>Eva Ruth Wemme.\u00a0<\/strong><\/a>Pop Epik, ISBN: 978-3-86356-188-8, 176 Seiten, \u20ac[D]18,50<\/li>\n<\/ul>\n<p>&nbsp;<\/p>\n","protected":false},"excerpt":{"rendered":"<p>Ioana Nicolaie: wurde 1974 in S\u00e2ngeorz-B\u0103i,\u00a0 im Norden Rum\u00e4niens geboren. Sie studierte Literatur an der Universit\u00e4t Bukarest. Anschlie\u00dfend arbeitete sie als Lehrerin, Jounalistin und f\u00fcr diverse Verlage. Heute lebt sie als freie Autorin in Bukarest. 2000 ver\u00f6ffentlichte sie als Debutpreistr\u00e4gerin &hellip; <a class=\"more-link\" href=\"https:\/\/wp.pop-verlag.com\/?page_id=2037\">Weiterlesen <span class=\"meta-nav\">&rarr;<\/span><\/a><\/p>\n","protected":false},"author":2,"featured_media":0,"parent":702,"menu_order":2,"comment_status":"closed","ping_status":"closed","template":"","meta":{"footnotes":""},"class_list":["post-2037","page","type-page","status-publish","hentry"],"jetpack_sharing_enabled":true,"_links":{"self":[{"href":"https:\/\/wp.pop-verlag.com\/index.php?rest_route=\/wp\/v2\/pages\/2037","targetHints":{"allow":["GET"]}}],"collection":[{"href":"https:\/\/wp.pop-verlag.com\/index.php?rest_route=\/wp\/v2\/pages"}],"about":[{"href":"https:\/\/wp.pop-verlag.com\/index.php?rest_route=\/wp\/v2\/types\/page"}],"author":[{"embeddable":true,"href":"https:\/\/wp.pop-verlag.com\/index.php?rest_route=\/wp\/v2\/users\/2"}],"replies":[{"embeddable":true,"href":"https:\/\/wp.pop-verlag.com\/index.php?rest_route=%2Fwp%2Fv2%2Fcomments&post=2037"}],"version-history":[{"count":7,"href":"https:\/\/wp.pop-verlag.com\/index.php?rest_route=\/wp\/v2\/pages\/2037\/revisions"}],"predecessor-version":[{"id":4196,"href":"https:\/\/wp.pop-verlag.com\/index.php?rest_route=\/wp\/v2\/pages\/2037\/revisions\/4196"}],"up":[{"embeddable":true,"href":"https:\/\/wp.pop-verlag.com\/index.php?rest_route=\/wp\/v2\/pages\/702"}],"wp:attachment":[{"href":"https:\/\/wp.pop-verlag.com\/index.php?rest_route=%2Fwp%2Fv2%2Fmedia&parent=2037"}],"curies":[{"name":"wp","href":"https:\/\/api.w.org\/{rel}","templated":true}]}}

<p><strong><img loading="lazy" decoding="async" class="alignleft wp-image-2039 size-medium" src="http://wp.pop-verlag.com/wp-content/uploads/2017/05/Ioana-Nicolaie_1_1-272x300.jpg" alt="Ioana Nicolaie_1_1" width="272" height="300" srcset="https://wp.pop-verlag.com/wp-content/uploads/2017/05/Ioana-Nicolaie_1_1-272x300.jpg 272w, https://wp.pop-verlag.com/wp-content/uploads/2017/05/Ioana-Nicolaie_1_1-768x848.jpg 768w, https://wp.pop-verlag.com/wp-content/uploads/2017/05/Ioana-Nicolaie_1_1-928x1024.jpg 928w, https://wp.pop-verlag.com/wp-content/uploads/2017/05/Ioana-Nicolaie_1_1.jpg 1812w" sizes="auto, (max-width: 272px) 100vw, 272px" /><a href="http://wp.pop-verlag.com/?page_id=2037">Ioana Nicolaie</a></strong>: wurde 1974 in Sângeorz-Băi,  im Norden Rumäniens geboren. Sie studierte Literatur an der Universität Bukarest. Anschließend arbeitete sie als Lehrerin, Jounalistin und für diverse Verlage. Heute lebt sie als freie Autorin in Bukarest. 2000 veröffentlichte sie als Debutpreisträgerin ihren ersten Gedichtband „Retuschiertes Foto“. 2002 folgte „Der Norden“. Dieser Band wurde für den ASPRO-Preis nominiert. 2003 kam der thematische Folgeband „Der Glauben“ heraus, der ebenfalls für mehrere Preise nominiert wurde. 2005 folgte ein Roman „Der Himmel im Bauch“, der 2006 für den Eastern European Award nominiert wurde. Ausgewählte Gedichte sind bereits in Österreich, Frankreich, England, Schweden und Kanada erschienen.</p>
<p>Lieferbare Titel von <strong><a href="http://wp.pop-verlag.com/?page_id=2037">Ioana Nicolaie</a></strong>:<b></b></p>
<ul>
<li><strong><a href="http://wp.pop-verlag.com/?p=111">„Der Norden“. </a></strong>Gedichte, Aus dem Rumänischen übersetzt von <a href="http://wp.pop-verlag.com/?page_id=2047"><strong>Eva Ruth Wemme</strong></a>. 122 Seiten, ISBN 978-3-937139-43-2; €[D]16,30</li>
<li><strong><a href="http://wp.pop-verlag.com/?p=2863">Der Himmel im Bauch</a></strong>. Roman. Aus dem Rumänischen übersetzt von <a href="http://wp.pop-verlag.com/?page_id=2047"><strong>Eva Ruth Wemme. </strong></a>Pop Epik, ISBN: 978-3-86356-188-8, 176 Seiten, €[D]18,50</li>
</ul>
<p>&nbsp;</p>

<p>Ioana Nicolaie: wurde 1974 in Sângeorz-Băi,  im Norden Rumäniens geboren. Sie studierte Literatur an der Universität Bukarest. Anschließend arbeitete sie als Lehrerin, Jounalistin und für diverse Verlage. Heute lebt sie als freie Autorin in Bukarest. 2000 veröffentlichte sie als Debutpreisträgerin &hellip; <a class="more-link" href="https://wp.pop-verlag.com/?page_id=2037">Weiterlesen <span class="meta-nav">&rarr;</span></a></p>
