{"id":1946,"date":"2017-05-07T07:19:34","date_gmt":"2017-05-07T07:19:34","guid":{"rendered":"http:\/\/wp.pop-verlag.com\/?page_id=1946"},"modified":"2017-05-07T07:25:18","modified_gmt":"2017-05-07T07:25:18","slug":"achim-martin-wensien","status":"publish","type":"page","link":"https:\/\/wp.pop-verlag.com\/?page_id=1946","title":{"rendered":"Achim Martin Wensien"},"content":{"rendered":"<p><a href=\"http:\/\/wp.pop-verlag.com\/?page_id=1946\"><strong>Achim Martin Wensien<\/strong><\/a>, *1951 in Eskisehir in der T\u00fcrkei, Diplom-Soziologe und \u00dcbersetzer, lebt seit 1970 in Deutschland und arbeitet sozialerzieherisch mit jungen Migranten. Autor von mehreren Erz\u00e4hlb\u00e4nden.<\/p>\n<p><strong>Lieferbare Titel von <a href=\"http:\/\/traian.pop-verlag.com\/achim_martin_wensien.htm\">Achim Martin Wensien<\/a>:<\/strong><\/p>\n<p><strong><a href=\"http:\/\/traian.pop-verlag.com\/orhan_kemal.htm\">Orhan Kemal<\/a>: <\/strong><em><a href=\"http:\/\/traian.pop-verlag.com\/die_72__zelle.htm\"><strong>Die 72. Zelle.<\/strong><\/a> <\/em>Aus dem T\u00fcrkischen \u00fcbersetzt von\u00a0<a href=\"http:\/\/wp.pop-verlag.com\/?page_id=1946\"><strong>Achim Martin Wensien<\/strong><\/a> und \u00fcberarbeitet von <a href=\"http:\/\/wp.pop-verlag.com\/?page_id=1216\">Uli Rothfuss<\/a>. Prosa,\u00a0 (EPIK- Sammlung); 154\u00a0Seiten, 14,0\u00a0\u00d7\u00a020,0\u00a0cm; ISBN: 978-3-937139-54-8; 15,50 \u20ac.<\/p>\n<p><a href=\"http:\/\/wp.pop-verlag.com\/?page_id=1053\"><strong>Arzu Al\u0131r<\/strong><\/a>: <em><strong><a href=\"http:\/\/wp.pop-verlag.com\/?p=260\">Wenn Satan sich zum Rosenzweig beugt.<\/a><\/strong><\/em> Gedichte. Mit einem Nachwort von <strong><a href=\"http:\/\/wp.pop-verlag.com\/?page_id=654\">Imre T\u00f6r\u00f6k<\/a><\/strong>. Aus dem T\u00fcrkischen \u00fcbersetzt von\u00a0<a href=\"http:\/\/wp.pop-verlag.com\/?page_id=1946\"><strong>Achim Martin Wensien<\/strong><\/a> und \u00fcberarbeitet von<strong> <a href=\"http:\/\/wp.pop-verlag.com\/?page_id=654\">Imre T\u00f6r\u00f6k<\/a><\/strong>.(LYRIK) 120 S. ISBN: 978-3-937139-84-5; 14,00 \u20ac.<\/p>\n","protected":false},"excerpt":{"rendered":"<p>Achim Martin Wensien, *1951 in Eskisehir in der T\u00fcrkei, Diplom-Soziologe und \u00dcbersetzer, lebt seit 1970 in Deutschland und arbeitet sozialerzieherisch mit jungen Migranten. Autor von mehreren Erz\u00e4hlb\u00e4nden. Lieferbare Titel von Achim Martin Wensien: Orhan Kemal: Die 72. Zelle. Aus dem &hellip; <a class=\"more-link\" href=\"https:\/\/wp.pop-verlag.com\/?page_id=1946\">Weiterlesen <span class=\"meta-nav\">&rarr;<\/span><\/a><\/p>\n","protected":false},"author":2,"featured_media":0,"parent":719,"menu_order":3,"comment_status":"closed","ping_status":"closed","template":"","meta":{"footnotes":""},"class_list":["post-1946","page","type-page","status-publish","hentry"],"jetpack_sharing_enabled":true,"_links":{"self":[{"href":"https:\/\/wp.pop-verlag.com\/index.php?rest_route=\/wp\/v2\/pages\/1946","targetHints":{"allow":["GET"]}}],"collection":[{"href":"https:\/\/wp.pop-verlag.com\/index.php?rest_route=\/wp\/v2\/pages"}],"about":[{"href":"https:\/\/wp.pop-verlag.com\/index.php?rest_route=\/wp\/v2\/types\/page"}],"author":[{"embeddable":true,"href":"https:\/\/wp.pop-verlag.com\/index.php?rest_route=\/wp\/v2\/users\/2"}],"replies":[{"embeddable":true,"href":"https:\/\/wp.pop-verlag.com\/index.php?rest_route=%2Fwp%2Fv2%2Fcomments&post=1946"}],"version-history":[{"count":4,"href":"https:\/\/wp.pop-verlag.com\/index.php?rest_route=\/wp\/v2\/pages\/1946\/revisions"}],"predecessor-version":[{"id":1950,"href":"https:\/\/wp.pop-verlag.com\/index.php?rest_route=\/wp\/v2\/pages\/1946\/revisions\/1950"}],"up":[{"embeddable":true,"href":"https:\/\/wp.pop-verlag.com\/index.php?rest_route=\/wp\/v2\/pages\/719"}],"wp:attachment":[{"href":"https:\/\/wp.pop-verlag.com\/index.php?rest_route=%2Fwp%2Fv2%2Fmedia&parent=1946"}],"curies":[{"name":"wp","href":"https:\/\/api.w.org\/{rel}","templated":true}]}}

<p><a href="http://wp.pop-verlag.com/?page_id=1946"><strong>Achim Martin Wensien</strong></a>, *1951 in Eskisehir in der Türkei, Diplom-Soziologe und Übersetzer, lebt seit 1970 in Deutschland und arbeitet sozialerzieherisch mit jungen Migranten. Autor von mehreren Erzählbänden.</p>
<p><strong>Lieferbare Titel von <a href="http://traian.pop-verlag.com/achim_martin_wensien.htm">Achim Martin Wensien</a>:</strong></p>
<p><strong><a href="http://traian.pop-verlag.com/orhan_kemal.htm">Orhan Kemal</a>: </strong><em><a href="http://traian.pop-verlag.com/die_72__zelle.htm"><strong>Die 72. Zelle.</strong></a> </em>Aus dem Türkischen übersetzt von <a href="http://wp.pop-verlag.com/?page_id=1946"><strong>Achim Martin Wensien</strong></a> und überarbeitet von <a href="http://wp.pop-verlag.com/?page_id=1216">Uli Rothfuss</a>. Prosa,  (EPIK- Sammlung); 154 Seiten, 14,0 × 20,0 cm; ISBN: 978-3-937139-54-8; 15,50 €.</p>
<p><a href="http://wp.pop-verlag.com/?page_id=1053"><strong>Arzu Alır</strong></a>: <em><strong><a href="http://wp.pop-verlag.com/?p=260">Wenn Satan sich zum Rosenzweig beugt.</a></strong></em> Gedichte. Mit einem Nachwort von <strong><a href="http://wp.pop-verlag.com/?page_id=654">Imre Török</a></strong>. Aus dem Türkischen übersetzt von <a href="http://wp.pop-verlag.com/?page_id=1946"><strong>Achim Martin Wensien</strong></a> und überarbeitet von<strong> <a href="http://wp.pop-verlag.com/?page_id=654">Imre Török</a></strong>.(LYRIK) 120 S. ISBN: 978-3-937139-84-5; 14,00 €.</p>

<p>Achim Martin Wensien, *1951 in Eskisehir in der Türkei, Diplom-Soziologe und Übersetzer, lebt seit 1970 in Deutschland und arbeitet sozialerzieherisch mit jungen Migranten. Autor von mehreren Erzählbänden. Lieferbare Titel von Achim Martin Wensien: Orhan Kemal: Die 72. Zelle. Aus dem &hellip; <a class="more-link" href="https://wp.pop-verlag.com/?page_id=1946">Weiterlesen <span class="meta-nav">&rarr;</span></a></p>
