{"id":1681,"date":"2016-10-20T04:40:38","date_gmt":"2016-10-20T04:40:38","guid":{"rendered":"http:\/\/wp.pop-verlag.com\/?page_id=1681"},"modified":"2020-08-09T06:07:34","modified_gmt":"2020-08-09T06:07:34","slug":"wolfgang-schlott","status":"publish","type":"page","link":"https:\/\/wp.pop-verlag.com\/?page_id=1681","title":{"rendered":"Wolfgang Schlott"},"content":{"rendered":"<p><strong><img loading=\"lazy\" decoding=\"async\" class=\"alignleft size-medium wp-image-5349\" src=\"https:\/\/wp.pop-verlag.com\/wp-content\/uploads\/2020\/08\/Foto.Schlott.Walter-Gerhart.Copyright-200x300.jpg\" alt=\"\" width=\"200\" height=\"300\" srcset=\"https:\/\/wp.pop-verlag.com\/wp-content\/uploads\/2020\/08\/Foto.Schlott.Walter-Gerhart.Copyright-200x300.jpg 200w, https:\/\/wp.pop-verlag.com\/wp-content\/uploads\/2020\/08\/Foto.Schlott.Walter-Gerhart.Copyright-768x1152.jpg 768w, https:\/\/wp.pop-verlag.com\/wp-content\/uploads\/2020\/08\/Foto.Schlott.Walter-Gerhart.Copyright-683x1024.jpg 683w\" sizes=\"auto, (max-width: 200px) 100vw, 200px\" \/><a href=\"https:\/\/wp.pop-verlag.com\/?page_id=1681\">Wolfgang Schlott<\/a><\/strong>, *1941 in Suhl\/Th\u00fcr. Nach dem Abitur f\u00fcnfj\u00e4hrige Berufst\u00e4tigkeit. Im Anschluss daran Slawistik- und Anglistikstudium in Leipzig. 1971 nach l\u00e4ngerem Gef\u00e4ngnisaufenthalt in Rum\u00e4nien und der DDR wegen versuchter Republikflucht \u00fcbersiedelte er in die BRD. Studium in M\u00fcnster\/Wf. und Konstanz mit Dissertation zur russischen Lyrik. Zahlreiche Forschungsarbeiten und Publikationen zur ost- und ostmitteleurop\u00e4ischen Literatur und Kultur. Seit 1992 Professor f\u00fcr Neuere slawische Literatur- und Kulturgeschichte an der Universit\u00e4t Bremen.<br \/>\nEigene literarische Werke in den Bereichen Lyrik, Dramatik und Prosa wie \u201eGalaktisches Gewitter\u201c (2008), \u201eDie Laubenpieper. Botschaften aus dem Garten Eden\u201c (2010), \u201eLeben in Zeiten der Revolte\u201c (2012), \u201ePoetische Reflexionen \u00fcber Irland\u201c (2018). K\u00fcnstlerisches und literarisches Feuilleton. Seit 2006 Pr\u00e4sident des Exil-P.E.N. deutschsprachiger L\u00e4nder.<\/p>\n<p>Foto \u00a9 Walter Gerhart<\/p>\n<p>Lieferbare Titel von <strong><a href=\"https:\/\/wp.pop-verlag.com\/?page_id=1681\">Wolfgang Schlott<\/a><\/strong>:<\/p>\n<p>&#8211; <strong>\u201e<a href=\"http:\/\/wp.pop-verlag.com\/?p=941\" target=\"_blank\" rel=\"noopener\">Heimat \u2013 gerettete Zunge. Visionen und Fiktionen deutschsprachiger Autoren aus Rum\u00e4nien<\/a>\u201c<\/strong>, 2013,\u00a0Eine literarische Begegnung. Mit einem Vorwort von Prof. Dr. Wolfgang Schlott. <strong><a href=\"http:\/\/wp.pop-verlag.com\/?page_id=734\">Horst Samson<\/a> (Hrsg.), <span class=\"readonlyText\">Ingmar Brantsch,<\/span><span class=\"readonlyText\">Hans Bergel, Walter <\/span><span class=\"readonlyText\">Engel,Ilse <\/span><span class=\"readonlyText\">Hehn, Franz <\/span><span class=\"readonlyText\">Heinz, Klaus <\/span><span class=\"readonlyText\">Hensel, Franz <\/span><span class=\"readonlyText\">Hodjak, Johann <\/span><span class=\"readonlyText\">Lippet, <\/span><label class=\"control-label\"><\/label><span class=\"readonlyText\">Dieter Schlesak, Olivia <\/span><span class=\"readonlyText\">Spiridon, <\/span><span class=\"readonlyText\">Horst Samson, <\/span><span class=\"readonlyText\">Peter Motzan, <\/span><span class=\"readonlyText\">Gerhard Ortinau,\u00a0<\/span><span class=\"readonlyText\">Friedrich Schuller, <\/span><span class=\"readonlyText\">Hellmut Seiler, Balthasar <\/span><span class=\"readonlyText\">Waitz<\/span><\/strong>:<strong>\u00a0<\/strong> Heimat \u2013 gerettete Zunge. Visionen und Fiktionen deutschsprachiger Autoren aus Rum\u00e4nien.\u00a0 (UNIVERSITAS Sammlung) 373 S. ISBN:\u00a0 978-3-86356-051-5, \u20ac [D] 25,\u2013 \u20ac [AT] 25,\u2013 SFr [CH] 35,-<\/p>\n<p><strong><a href=\"http:\/\/wp.pop-verlag.com\/?page_id=1683\">&#8211; Heidrun Hamersky<\/a>, <a href=\"http:\/\/wp.pop-verlag.com\/?page_id=579\">Ilse Hehn,<\/a> <a href=\"http:\/\/wp.pop-verlag.com\/?page_id=1681\">Wolfgang Schlott<\/a> (Hrsg.): <a href=\"http:\/\/wp.pop-verlag.com\/?p=1678\">\u201eDie Sehnsucht, die ist mir so leicht\u201c Schreiben im Exil. <\/a><\/strong>Fragmentarium; 282 Seiten, 19,90 \u20ac<br \/>\nISBN 978-3-86356-131-4<\/p>\n<p>&#8211; <a href=\"https:\/\/wp.pop-verlag.com\/?p=5339\"><strong><em>Kriminelles und Abwegiges.\u00a0<\/em><\/strong><\/a><em><strong>Skurrile Erz\u00e4hlungen. <\/strong><\/em>Reihe Epik Bd. 111; ISBN: 978-3-86356-302-8; 195 Seiten, \u20ac[D]16,50<\/p>\n","protected":false},"excerpt":{"rendered":"<p>Wolfgang Schlott, *1941 in Suhl\/Th\u00fcr. Nach dem Abitur f\u00fcnfj\u00e4hrige Berufst\u00e4tigkeit. Im Anschluss daran Slawistik- und Anglistikstudium in Leipzig. 1971 nach l\u00e4ngerem Gef\u00e4ngnisaufenthalt in Rum\u00e4nien und der DDR wegen versuchter Republikflucht \u00fcbersiedelte er in die BRD. Studium in M\u00fcnster\/Wf. und Konstanz &hellip; <a class=\"more-link\" href=\"https:\/\/wp.pop-verlag.com\/?page_id=1681\">Weiterlesen <span class=\"meta-nav\">&rarr;<\/span><\/a><\/p>\n","protected":false},"author":2,"featured_media":0,"parent":712,"menu_order":4,"comment_status":"closed","ping_status":"closed","template":"","meta":{"footnotes":""},"class_list":["post-1681","page","type-page","status-publish","hentry"],"jetpack_sharing_enabled":true,"_links":{"self":[{"href":"https:\/\/wp.pop-verlag.com\/index.php?rest_route=\/wp\/v2\/pages\/1681","targetHints":{"allow":["GET"]}}],"collection":[{"href":"https:\/\/wp.pop-verlag.com\/index.php?rest_route=\/wp\/v2\/pages"}],"about":[{"href":"https:\/\/wp.pop-verlag.com\/index.php?rest_route=\/wp\/v2\/types\/page"}],"author":[{"embeddable":true,"href":"https:\/\/wp.pop-verlag.com\/index.php?rest_route=\/wp\/v2\/users\/2"}],"replies":[{"embeddable":true,"href":"https:\/\/wp.pop-verlag.com\/index.php?rest_route=%2Fwp%2Fv2%2Fcomments&post=1681"}],"version-history":[{"count":5,"href":"https:\/\/wp.pop-verlag.com\/index.php?rest_route=\/wp\/v2\/pages\/1681\/revisions"}],"predecessor-version":[{"id":5352,"href":"https:\/\/wp.pop-verlag.com\/index.php?rest_route=\/wp\/v2\/pages\/1681\/revisions\/5352"}],"up":[{"embeddable":true,"href":"https:\/\/wp.pop-verlag.com\/index.php?rest_route=\/wp\/v2\/pages\/712"}],"wp:attachment":[{"href":"https:\/\/wp.pop-verlag.com\/index.php?rest_route=%2Fwp%2Fv2%2Fmedia&parent=1681"}],"curies":[{"name":"wp","href":"https:\/\/api.w.org\/{rel}","templated":true}]}}

<p><strong><img loading="lazy" decoding="async" class="alignleft size-medium wp-image-5349" src="https://wp.pop-verlag.com/wp-content/uploads/2020/08/Foto.Schlott.Walter-Gerhart.Copyright-200x300.jpg" alt="" width="200" height="300" srcset="https://wp.pop-verlag.com/wp-content/uploads/2020/08/Foto.Schlott.Walter-Gerhart.Copyright-200x300.jpg 200w, https://wp.pop-verlag.com/wp-content/uploads/2020/08/Foto.Schlott.Walter-Gerhart.Copyright-768x1152.jpg 768w, https://wp.pop-verlag.com/wp-content/uploads/2020/08/Foto.Schlott.Walter-Gerhart.Copyright-683x1024.jpg 683w" sizes="auto, (max-width: 200px) 100vw, 200px" /><a href="https://wp.pop-verlag.com/?page_id=1681">Wolfgang Schlott</a></strong>, *1941 in Suhl/Thür. Nach dem Abitur fünfjährige Berufstätigkeit. Im Anschluss daran Slawistik- und Anglistikstudium in Leipzig. 1971 nach längerem Gefängnisaufenthalt in Rumänien und der DDR wegen versuchter Republikflucht übersiedelte er in die BRD. Studium in Münster/Wf. und Konstanz mit Dissertation zur russischen Lyrik. Zahlreiche Forschungsarbeiten und Publikationen zur ost- und ostmitteleuropäischen Literatur und Kultur. Seit 1992 Professor für Neuere slawische Literatur- und Kulturgeschichte an der Universität Bremen.<br />
Eigene literarische Werke in den Bereichen Lyrik, Dramatik und Prosa wie „Galaktisches Gewitter“ (2008), „Die Laubenpieper. Botschaften aus dem Garten Eden“ (2010), „Leben in Zeiten der Revolte“ (2012), „Poetische Reflexionen über Irland“ (2018). Künstlerisches und literarisches Feuilleton. Seit 2006 Präsident des Exil-P.E.N. deutschsprachiger Länder.</p>
<p>Foto © Walter Gerhart</p>
<p>Lieferbare Titel von <strong><a href="https://wp.pop-verlag.com/?page_id=1681">Wolfgang Schlott</a></strong>:</p>
<p>&#8211; <strong>„<a href="http://wp.pop-verlag.com/?p=941" target="_blank" rel="noopener">Heimat – gerettete Zunge. Visionen und Fiktionen deutschsprachiger Autoren aus Rumänien</a>“</strong>, 2013, Eine literarische Begegnung. Mit einem Vorwort von Prof. Dr. Wolfgang Schlott. <strong><a href="http://wp.pop-verlag.com/?page_id=734">Horst Samson</a> (Hrsg.), <span class="readonlyText">Ingmar Brantsch,</span><span class="readonlyText">Hans Bergel, Walter </span><span class="readonlyText">Engel,Ilse </span><span class="readonlyText">Hehn, Franz </span><span class="readonlyText">Heinz, Klaus </span><span class="readonlyText">Hensel, Franz </span><span class="readonlyText">Hodjak, Johann </span><span class="readonlyText">Lippet, </span><label class="control-label"></label><span class="readonlyText">Dieter Schlesak, Olivia </span><span class="readonlyText">Spiridon, </span><span class="readonlyText">Horst Samson, </span><span class="readonlyText">Peter Motzan, </span><span class="readonlyText">Gerhard Ortinau, </span><span class="readonlyText">Friedrich Schuller, </span><span class="readonlyText">Hellmut Seiler, Balthasar </span><span class="readonlyText">Waitz</span></strong>:<strong> </strong> Heimat – gerettete Zunge. Visionen und Fiktionen deutschsprachiger Autoren aus Rumänien.  (UNIVERSITAS Sammlung) 373 S. ISBN:  978-3-86356-051-5, € [D] 25,– € [AT] 25,– SFr [CH] 35,-</p>
<p><strong><a href="http://wp.pop-verlag.com/?page_id=1683">&#8211; Heidrun Hamersky</a>, <a href="http://wp.pop-verlag.com/?page_id=579">Ilse Hehn,</a> <a href="http://wp.pop-verlag.com/?page_id=1681">Wolfgang Schlott</a> (Hrsg.): <a href="http://wp.pop-verlag.com/?p=1678">„Die Sehnsucht, die ist mir so leicht“ Schreiben im Exil. </a></strong>Fragmentarium; 282 Seiten, 19,90 €<br />
ISBN 978-3-86356-131-4</p>
<p>&#8211; <a href="https://wp.pop-verlag.com/?p=5339"><strong><em>Kriminelles und Abwegiges. </em></strong></a><em><strong>Skurrile Erzählungen. </strong></em>Reihe Epik Bd. 111; ISBN: 978-3-86356-302-8; 195 Seiten, €[D]16,50</p>

<p>Wolfgang Schlott, *1941 in Suhl/Thür. Nach dem Abitur fünfjährige Berufstätigkeit. Im Anschluss daran Slawistik- und Anglistikstudium in Leipzig. 1971 nach längerem Gefängnisaufenthalt in Rumänien und der DDR wegen versuchter Republikflucht übersiedelte er in die BRD. Studium in Münster/Wf. und Konstanz &hellip; <a class="more-link" href="https://wp.pop-verlag.com/?page_id=1681">Weiterlesen <span class="meta-nav">&rarr;</span></a></p>
