{"id":1665,"date":"2016-10-18T18:00:32","date_gmt":"2016-10-18T18:00:32","guid":{"rendered":"http:\/\/wp.pop-verlag.com\/?page_id=1665"},"modified":"2016-10-18T18:16:15","modified_gmt":"2016-10-18T18:16:15","slug":"dieter-beck","status":"publish","type":"page","link":"https:\/\/wp.pop-verlag.com\/?page_id=1665","title":{"rendered":"Dieter Beck"},"content":{"rendered":"<p><strong><img loading=\"lazy\" decoding=\"async\" class=\"alignleft wp-image-1666 size-medium\" src=\"http:\/\/wp.pop-verlag.com\/wp-content\/uploads\/2016\/10\/Dieter-Beck-Foto-von-Christian-Hildebrandt-236x300.jpg\" alt=\"Dieter Beck - Foto von Christian Hildebrandt\" width=\"236\" height=\"300\" srcset=\"https:\/\/wp.pop-verlag.com\/wp-content\/uploads\/2016\/10\/Dieter-Beck-Foto-von-Christian-Hildebrandt-236x300.jpg 236w, https:\/\/wp.pop-verlag.com\/wp-content\/uploads\/2016\/10\/Dieter-Beck-Foto-von-Christian-Hildebrandt.jpg 591w\" sizes=\"auto, (max-width: 236px) 100vw, 236px\" \/><a href=\"http:\/\/wp.pop-verlag.com\/?page_id=1665\">Dieter Beck<\/a><\/strong>, *1951 in Wolfen. Facharbeiter f\u00fcr Filmherstellung, Diplom-Ingenieur f\u00fcr Systemverfahrenstechnik und andere Berufsausbildungen. 1973 bis 1994 Schichtingenieur und Abschnittsleiter in der Filmfabrik Orwo Wolfen, danach bis 2013 unter anderem Produktions- und Betriebsleiter in th\u00fcringischen und s\u00e4chsischen Unternehmen. Seit 1972 Malen und Zeichnen in mehreren Malzirkeln und -vereinen mit den Malern Walter D\u00f6tsch (1909-1987) und Klaus-Dieter Ullrich (Jahrgang 1944) als Lehrmeister, seit 2015 im Neust\u00e4dter Mal- und Zeichenzirkel, Neustadt an der Orla (Th\u00fcringen). Seit 1987 mehrere Ausstellungen in Mitteldeutschland. Lebt in Kleindembach (Th\u00fcringen).<\/p>\n<p>&nbsp;<\/p>\n<p>Lieferbare Titel von <strong><a href=\"http:\/\/wp.pop-verlag.com\/?page_id=1665\">Dieter Beck<\/a><\/strong><\/p>\n<p><strong><a href=\"http:\/\/wp.pop-verlag.com\/?page_id=1659\">Marius Koity<\/a>: <a href=\"http:\/\/wp.pop-verlag.com\/?p=1654\">\u201eEine unvermeidliche Collage\u201c<\/a><\/strong><\/p>\n<p><span class=\"readonlyText\">Gedichte, meine alten Tageb\u00fccher und andere Papiere<\/span><\/p>\n<p>Titelbild und Illustrationen: <strong><a href=\"http:\/\/wp.pop-verlag.com\/?page_id=1665\">Dieter Beck<\/a><\/strong><\/p>\n<p>Pop Lyrik. Prima Verba, Lyrik Deb\u00fctpreis 2017<\/p>\n<div class=\"control-group \">88 S., <label class=\"control-label\">ISBN:<\/label><span class=\"readonlyText\">978-3-86356-142-0;<\/span>15,50\u20ac<\/div>\n","protected":false},"excerpt":{"rendered":"<p>Dieter Beck, *1951 in Wolfen. Facharbeiter f\u00fcr Filmherstellung, Diplom-Ingenieur f\u00fcr Systemverfahrenstechnik und andere Berufsausbildungen. 1973 bis 1994 Schichtingenieur und Abschnittsleiter in der Filmfabrik Orwo Wolfen, danach bis 2013 unter anderem Produktions- und Betriebsleiter in th\u00fcringischen und s\u00e4chsischen Unternehmen. Seit 1972 &hellip; <a class=\"more-link\" href=\"https:\/\/wp.pop-verlag.com\/?page_id=1665\">Weiterlesen <span class=\"meta-nav\">&rarr;<\/span><\/a><\/p>\n","protected":false},"author":2,"featured_media":0,"parent":660,"menu_order":2,"comment_status":"closed","ping_status":"closed","template":"","meta":{"footnotes":""},"class_list":["post-1665","page","type-page","status-publish","hentry"],"jetpack_sharing_enabled":true,"_links":{"self":[{"href":"https:\/\/wp.pop-verlag.com\/index.php?rest_route=\/wp\/v2\/pages\/1665","targetHints":{"allow":["GET"]}}],"collection":[{"href":"https:\/\/wp.pop-verlag.com\/index.php?rest_route=\/wp\/v2\/pages"}],"about":[{"href":"https:\/\/wp.pop-verlag.com\/index.php?rest_route=\/wp\/v2\/types\/page"}],"author":[{"embeddable":true,"href":"https:\/\/wp.pop-verlag.com\/index.php?rest_route=\/wp\/v2\/users\/2"}],"replies":[{"embeddable":true,"href":"https:\/\/wp.pop-verlag.com\/index.php?rest_route=%2Fwp%2Fv2%2Fcomments&post=1665"}],"version-history":[{"count":4,"href":"https:\/\/wp.pop-verlag.com\/index.php?rest_route=\/wp\/v2\/pages\/1665\/revisions"}],"predecessor-version":[{"id":1671,"href":"https:\/\/wp.pop-verlag.com\/index.php?rest_route=\/wp\/v2\/pages\/1665\/revisions\/1671"}],"up":[{"embeddable":true,"href":"https:\/\/wp.pop-verlag.com\/index.php?rest_route=\/wp\/v2\/pages\/660"}],"wp:attachment":[{"href":"https:\/\/wp.pop-verlag.com\/index.php?rest_route=%2Fwp%2Fv2%2Fmedia&parent=1665"}],"curies":[{"name":"wp","href":"https:\/\/api.w.org\/{rel}","templated":true}]}}

<p><strong><img loading="lazy" decoding="async" class="alignleft wp-image-1666 size-medium" src="http://wp.pop-verlag.com/wp-content/uploads/2016/10/Dieter-Beck-Foto-von-Christian-Hildebrandt-236x300.jpg" alt="Dieter Beck - Foto von Christian Hildebrandt" width="236" height="300" srcset="https://wp.pop-verlag.com/wp-content/uploads/2016/10/Dieter-Beck-Foto-von-Christian-Hildebrandt-236x300.jpg 236w, https://wp.pop-verlag.com/wp-content/uploads/2016/10/Dieter-Beck-Foto-von-Christian-Hildebrandt.jpg 591w" sizes="auto, (max-width: 236px) 100vw, 236px" /><a href="http://wp.pop-verlag.com/?page_id=1665">Dieter Beck</a></strong>, *1951 in Wolfen. Facharbeiter für Filmherstellung, Diplom-Ingenieur für Systemverfahrenstechnik und andere Berufsausbildungen. 1973 bis 1994 Schichtingenieur und Abschnittsleiter in der Filmfabrik Orwo Wolfen, danach bis 2013 unter anderem Produktions- und Betriebsleiter in thüringischen und sächsischen Unternehmen. Seit 1972 Malen und Zeichnen in mehreren Malzirkeln und -vereinen mit den Malern Walter Dötsch (1909-1987) und Klaus-Dieter Ullrich (Jahrgang 1944) als Lehrmeister, seit 2015 im Neustädter Mal- und Zeichenzirkel, Neustadt an der Orla (Thüringen). Seit 1987 mehrere Ausstellungen in Mitteldeutschland. Lebt in Kleindembach (Thüringen).</p>
<p>&nbsp;</p>
<p>Lieferbare Titel von <strong><a href="http://wp.pop-verlag.com/?page_id=1665">Dieter Beck</a></strong></p>
<p><strong><a href="http://wp.pop-verlag.com/?page_id=1659">Marius Koity</a>: <a href="http://wp.pop-verlag.com/?p=1654">„Eine unvermeidliche Collage“</a></strong></p>
<p><span class="readonlyText">Gedichte, meine alten Tagebücher und andere Papiere</span></p>
<p>Titelbild und Illustrationen: <strong><a href="http://wp.pop-verlag.com/?page_id=1665">Dieter Beck</a></strong></p>
<p>Pop Lyrik. Prima Verba, Lyrik Debütpreis 2017</p>
<div class="control-group ">88 S., <label class="control-label">ISBN:</label><span class="readonlyText">978-3-86356-142-0;</span>15,50€</div>

<p>Dieter Beck, *1951 in Wolfen. Facharbeiter für Filmherstellung, Diplom-Ingenieur für Systemverfahrenstechnik und andere Berufsausbildungen. 1973 bis 1994 Schichtingenieur und Abschnittsleiter in der Filmfabrik Orwo Wolfen, danach bis 2013 unter anderem Produktions- und Betriebsleiter in thüringischen und sächsischen Unternehmen. Seit 1972 &hellip; <a class="more-link" href="https://wp.pop-verlag.com/?page_id=1665">Weiterlesen <span class="meta-nav">&rarr;</span></a></p>
