{"id":1627,"date":"2016-10-13T19:04:54","date_gmt":"2016-10-13T19:04:54","guid":{"rendered":"http:\/\/wp.pop-verlag.com\/?page_id=1627"},"modified":"2016-10-13T19:07:34","modified_gmt":"2016-10-13T19:07:34","slug":"thomas-lux","status":"publish","type":"page","link":"https:\/\/wp.pop-verlag.com\/?page_id=1627","title":{"rendered":"Thomas Lux"},"content":{"rendered":"<p style=\"text-align: justify;\"><strong><img loading=\"lazy\" decoding=\"async\" class=\"alignleft wp-image-1628 size-medium\" src=\"http:\/\/wp.pop-verlag.com\/wp-content\/uploads\/2016\/10\/Thomas-Lux-191x300.jpg\" alt=\"Thomas Lux\" width=\"191\" height=\"300\" srcset=\"https:\/\/wp.pop-verlag.com\/wp-content\/uploads\/2016\/10\/Thomas-Lux-191x300.jpg 191w, https:\/\/wp.pop-verlag.com\/wp-content\/uploads\/2016\/10\/Thomas-Lux-768x1206.jpg 768w, https:\/\/wp.pop-verlag.com\/wp-content\/uploads\/2016\/10\/Thomas-Lux-652x1024.jpg 652w, https:\/\/wp.pop-verlag.com\/wp-content\/uploads\/2016\/10\/Thomas-Lux.jpg 987w\" sizes=\"auto, (max-width: 191px) 100vw, 191px\" \/> <a href=\"http:\/\/wp.pop-verlag.com\/?page_id=1627\"><strong>Thomas Lux<\/strong><\/a> <\/strong>*1946, hat zw\u00f6lf Gedichtb\u00e4nde in den USA ver\u00f6ffentlicht und f\u00fcr\u00a0seine au\u00dferordentliche Lyrik mehrere Preise gewonnen, darunter den Kingsley Tufts Award fu\u0308r Split Horizon (1996), sowie Guggenheim und NFA Fellowships und den Robert Creeley Award. \u00dcbersetzungen seiner Gedichte sind 2011-2015\u00a0 im Deutschen erschienen, darunter im Magazin Matrix. Lux hat an mehreren Colleges und Universit\u00e4ten in den Vereinigten Staaten unterrichtet, darunter siebenundzwanzig Jahre am Sarah Lawrence College im Staat New York. Er ist seit 2008 der Bourne Professor of Poetry und Direktor des \u201ePoetry@Tech\u201c-Programms am Georgia Institute of Technology, Atlanta, Georgia (USA). Thomas Lux gilt mit seiner unverwechselbaren Lyrik als einer der wichtigsten Stimmen der zeitgen\u00f6ssischen amerikanischen Lyrik.<\/p>\n<p style=\"text-align: justify;\">Lieferbare Titel von <a href=\"http:\/\/wp.pop-verlag.com\/?page_id=1627\"><strong>Thomas Lux<\/strong>:<\/a><\/p>\n<p><strong><a href=\"http:\/\/wp.pop-verlag.com\/?page_id=1627\">Thomas Lux:<\/a> <a href=\"http:\/\/wp.pop-verlag.com\/?p=1624\">\u201eLobotomobil\u201c<\/a><\/strong><\/p>\n<p>Ausgew\u00e4hlte Gedichte<br \/>\nEnglisch \u2013 Deutsch. Herausgegeben und \u00fcbersetzt von <a href=\"http:\/\/wp.pop-verlag.com\/?page_id=590\">Klaus Martens<\/a><\/p>\n<p>Orpheus Reihe Band 1, 268 Seiten, 19,90 \u20ac<br \/>\nISBN 978-3-86356-134-5<\/p>\n","protected":false},"excerpt":{"rendered":"<p>Thomas Lux *1946, hat zw\u00f6lf Gedichtb\u00e4nde in den USA ver\u00f6ffentlicht und f\u00fcr\u00a0seine au\u00dferordentliche Lyrik mehrere Preise gewonnen, darunter den Kingsley Tufts Award fu\u0308r Split Horizon (1996), sowie Guggenheim und NFA Fellowships und den Robert Creeley Award. \u00dcbersetzungen seiner Gedichte sind &hellip; <a class=\"more-link\" href=\"https:\/\/wp.pop-verlag.com\/?page_id=1627\">Weiterlesen <span class=\"meta-nav\">&rarr;<\/span><\/a><\/p>\n","protected":false},"author":2,"featured_media":0,"parent":697,"menu_order":2,"comment_status":"closed","ping_status":"closed","template":"","meta":{"footnotes":""},"class_list":["post-1627","page","type-page","status-publish","hentry"],"jetpack_sharing_enabled":true,"_links":{"self":[{"href":"https:\/\/wp.pop-verlag.com\/index.php?rest_route=\/wp\/v2\/pages\/1627","targetHints":{"allow":["GET"]}}],"collection":[{"href":"https:\/\/wp.pop-verlag.com\/index.php?rest_route=\/wp\/v2\/pages"}],"about":[{"href":"https:\/\/wp.pop-verlag.com\/index.php?rest_route=\/wp\/v2\/types\/page"}],"author":[{"embeddable":true,"href":"https:\/\/wp.pop-verlag.com\/index.php?rest_route=\/wp\/v2\/users\/2"}],"replies":[{"embeddable":true,"href":"https:\/\/wp.pop-verlag.com\/index.php?rest_route=%2Fwp%2Fv2%2Fcomments&post=1627"}],"version-history":[{"count":3,"href":"https:\/\/wp.pop-verlag.com\/index.php?rest_route=\/wp\/v2\/pages\/1627\/revisions"}],"predecessor-version":[{"id":1631,"href":"https:\/\/wp.pop-verlag.com\/index.php?rest_route=\/wp\/v2\/pages\/1627\/revisions\/1631"}],"up":[{"embeddable":true,"href":"https:\/\/wp.pop-verlag.com\/index.php?rest_route=\/wp\/v2\/pages\/697"}],"wp:attachment":[{"href":"https:\/\/wp.pop-verlag.com\/index.php?rest_route=%2Fwp%2Fv2%2Fmedia&parent=1627"}],"curies":[{"name":"wp","href":"https:\/\/api.w.org\/{rel}","templated":true}]}}