{"id":1552,"date":"2016-10-12T20:11:11","date_gmt":"2016-10-12T20:11:11","guid":{"rendered":"http:\/\/wp.pop-verlag.com\/?page_id=1552"},"modified":"2016-10-26T04:15:57","modified_gmt":"2016-10-26T04:15:57","slug":"gudrun-wolff","status":"publish","type":"page","link":"https:\/\/wp.pop-verlag.com\/?page_id=1552","title":{"rendered":"Gudrun Wolff"},"content":{"rendered":"<p style=\"text-align: justify;\"><img loading=\"lazy\" decoding=\"async\" class=\"alignleft wp-image-1689 size-medium\" src=\"http:\/\/wp.pop-verlag.com\/wp-content\/uploads\/2016\/10\/Gudrun-Wolff-300x225.jpeg\" alt=\"Gudrun Wolff\" width=\"300\" height=\"225\" srcset=\"https:\/\/wp.pop-verlag.com\/wp-content\/uploads\/2016\/10\/Gudrun-Wolff-300x225.jpeg 300w, https:\/\/wp.pop-verlag.com\/wp-content\/uploads\/2016\/10\/Gudrun-Wolff-768x576.jpeg 768w, https:\/\/wp.pop-verlag.com\/wp-content\/uploads\/2016\/10\/Gudrun-Wolff-1024x768.jpeg 1024w, https:\/\/wp.pop-verlag.com\/wp-content\/uploads\/2016\/10\/Gudrun-Wolff-400x300.jpeg 400w, https:\/\/wp.pop-verlag.com\/wp-content\/uploads\/2016\/10\/Gudrun-Wolff.jpeg 1280w\" sizes=\"auto, (max-width: 300px) 100vw, 300px\" \/> <a href=\"http:\/\/wp.pop-verlag.com\/?page_id=1552\"><strong>Gudrun Wolff<\/strong><\/a>, *1945 in N\u00fcrtingen, studierte Slawistik, osteurop\u00e4ische Geschichte und Kunstgeschichte an den Universit\u00e4ten T\u00fcbingen und Wien. Nach Magister- und Staatsexamen arbeitete sie als Lehrerin f\u00fcr Russisch, Geschichte und Kunst am Gymnasium. Als Mitbegr\u00fcnderin und langj\u00e4hrige Vorsitzende der Gesellschaft zur F\u00f6rderung der deutsch-russischen Beziehun-<br \/>\ngen M\u00fcnster\/M\u00fcnsterland e.V. (DRG) und als langj\u00e4hrige stellvertretende Vorsitzende des Bundesverbandes deutscher West-Ost-Gesellschaften gilt ihr Engagement seit drei\u00dfig Jahren der interkulturellen Verst\u00e4ndigung und Vernetzung sowie der F\u00f6rderung zivilgesellschaftlicher Strukturen in Russland.<br \/>\nF\u00fcr die DRG M\u00fcnster organisiert sie Informationsveranstaltungen zu politischen, wirtschaftlichen und gesellschaftlichen Themen Russlands und der GUS, veranstaltet Lesungen mit Autorinnen und Autoren aus Russland, der Ukraine und Georgien, f\u00fchrt Konzerttourneen russischer Barden und Rockgruppen und Ausstellungsprojekte mit deutschen und russischen K\u00fcnstlern durch. 1999 bis 2013 unterst\u00fctzte sie als interkulturelle Projektkoordinatorin den Aufbau und die Arbeit des \u201eGender Zentrums Rjasan e.V.\u201c in gemeinsamen Projekten. Sie ist Mitbegr\u00fcnderin und Projektkoordinatorin der Russischen Filmtage M\u00fcnster. Als Vertreterin der DRG M\u00fcnster ist sie beteiligt an der Realisierung des Ausstellungsprojektes \u201eVerschiedene Kriege. Der Zweite Weltkrieg in den nationalen Geschichtsb\u00fcchern\u201c des EU-Russland &#8211;<br \/>\nZivilgesellschaftsforums und Autorin des deutschen Teils der Ausstellung. Autorin des Buches \u201eFrauen in Georgien. Erz\u00e4hltes Leben. Interviews\u201c, Tiflis, 2009, Co-Autorin des Buches \u201eDer Zeit voraus. Grenzg\u00e4nge im Ural\u201c, Pop Verlag, Ludwigsburg, 2011.<\/p>\n<p>Lieferbare Titel von <a href=\"http:\/\/wp.pop-verlag.com\/?page_id=1552\"><strong>Gudrun Wolff<\/strong><\/a>:<\/p>\n<header class=\"entry-header\">\n<div class=\"entry-content cf\" title=\"Permalink zu Oleg Mityaev: \u201eStille lern ich von den Wolken\u201c\">\u201eDer Zeit voraus. Grenzg\u00e4nge im Ural\u201c<\/div>\n<\/header>\n<p>&nbsp;<\/p>\n<p><strong><a href=\"http:\/\/wp.pop-verlag.com\/?page_id=1552\">Gudrun Wolff <\/a><a href=\"http:\/\/wp.pop-verlag.com\/?page_id=1552\"><img loading=\"lazy\" decoding=\"async\" class=\"alignleft wp-image-1556 size-medium\" src=\"http:\/\/wp.pop-verlag.com\/wp-content\/uploads\/2015\/04\/978-3-86356-144-4_A-210x300.jpg\" sizes=\"auto, (max-width: 210px) 100vw, 210px\" srcset=\"http:\/\/wp.pop-verlag.com\/wp-content\/uploads\/2015\/04\/978-3-86356-144-4_A-210x300.jpg 210w, http:\/\/wp.pop-verlag.com\/wp-content\/uploads\/2015\/04\/978-3-86356-144-4_A-768x1097.jpg 768w, http:\/\/wp.pop-verlag.com\/wp-content\/uploads\/2015\/04\/978-3-86356-144-4_A-717x1024.jpg 717w\" alt=\"978-3-86356-144-4_A\" width=\"210\" height=\"300\" \/><\/a>&amp;<a href=\"http:\/\/wp.pop-verlag.com\/?p=1559\"> Karl Wolff: Die Reise ins Morgen-Land. Tatarstan<br \/>\nzwischen Moskau und Singapur.<\/a><\/strong><\/p>\n<p>Essays, Reportagen und Geschichte(n).<\/p>\n<p>Fragmentarium; 241 Seiten, 16,50 \u20ac<br \/>\nISBN 978-3-86356-138-3<\/p>\n<p style=\"text-align: justify;\">\n","protected":false},"excerpt":{"rendered":"<p>Gudrun Wolff, *1945 in N\u00fcrtingen, studierte Slawistik, osteurop\u00e4ische Geschichte und Kunstgeschichte an den Universit\u00e4ten T\u00fcbingen und Wien. Nach Magister- und Staatsexamen arbeitete sie als Lehrerin f\u00fcr Russisch, Geschichte und Kunst am Gymnasium. Als Mitbegr\u00fcnderin und langj\u00e4hrige Vorsitzende der Gesellschaft zur &hellip; <a class=\"more-link\" href=\"https:\/\/wp.pop-verlag.com\/?page_id=1552\">Weiterlesen <span class=\"meta-nav\">&rarr;<\/span><\/a><\/p>\n","protected":false},"author":2,"featured_media":0,"parent":719,"menu_order":5,"comment_status":"closed","ping_status":"closed","template":"","meta":{"footnotes":""},"class_list":["post-1552","page","type-page","status-publish","hentry"],"jetpack_sharing_enabled":true,"_links":{"self":[{"href":"https:\/\/wp.pop-verlag.com\/index.php?rest_route=\/wp\/v2\/pages\/1552","targetHints":{"allow":["GET"]}}],"collection":[{"href":"https:\/\/wp.pop-verlag.com\/index.php?rest_route=\/wp\/v2\/pages"}],"about":[{"href":"https:\/\/wp.pop-verlag.com\/index.php?rest_route=\/wp\/v2\/types\/page"}],"author":[{"embeddable":true,"href":"https:\/\/wp.pop-verlag.com\/index.php?rest_route=\/wp\/v2\/users\/2"}],"replies":[{"embeddable":true,"href":"https:\/\/wp.pop-verlag.com\/index.php?rest_route=%2Fwp%2Fv2%2Fcomments&post=1552"}],"version-history":[{"count":4,"href":"https:\/\/wp.pop-verlag.com\/index.php?rest_route=\/wp\/v2\/pages\/1552\/revisions"}],"predecessor-version":[{"id":1703,"href":"https:\/\/wp.pop-verlag.com\/index.php?rest_route=\/wp\/v2\/pages\/1552\/revisions\/1703"}],"up":[{"embeddable":true,"href":"https:\/\/wp.pop-verlag.com\/index.php?rest_route=\/wp\/v2\/pages\/719"}],"wp:attachment":[{"href":"https:\/\/wp.pop-verlag.com\/index.php?rest_route=%2Fwp%2Fv2%2Fmedia&parent=1552"}],"curies":[{"name":"wp","href":"https:\/\/api.w.org\/{rel}","templated":true}]}}

<p style="text-align: justify;"><img loading="lazy" decoding="async" class="alignleft wp-image-1689 size-medium" src="http://wp.pop-verlag.com/wp-content/uploads/2016/10/Gudrun-Wolff-300x225.jpeg" alt="Gudrun Wolff" width="300" height="225" srcset="https://wp.pop-verlag.com/wp-content/uploads/2016/10/Gudrun-Wolff-300x225.jpeg 300w, https://wp.pop-verlag.com/wp-content/uploads/2016/10/Gudrun-Wolff-768x576.jpeg 768w, https://wp.pop-verlag.com/wp-content/uploads/2016/10/Gudrun-Wolff-1024x768.jpeg 1024w, https://wp.pop-verlag.com/wp-content/uploads/2016/10/Gudrun-Wolff-400x300.jpeg 400w, https://wp.pop-verlag.com/wp-content/uploads/2016/10/Gudrun-Wolff.jpeg 1280w" sizes="auto, (max-width: 300px) 100vw, 300px" /> <a href="http://wp.pop-verlag.com/?page_id=1552"><strong>Gudrun Wolff</strong></a>, *1945 in Nürtingen, studierte Slawistik, osteuropäische Geschichte und Kunstgeschichte an den Universitäten Tübingen und Wien. Nach Magister- und Staatsexamen arbeitete sie als Lehrerin für Russisch, Geschichte und Kunst am Gymnasium. Als Mitbegründerin und langjährige Vorsitzende der Gesellschaft zur Förderung der deutsch-russischen Beziehun-<br />
gen Münster/Münsterland e.V. (DRG) und als langjährige stellvertretende Vorsitzende des Bundesverbandes deutscher West-Ost-Gesellschaften gilt ihr Engagement seit dreißig Jahren der interkulturellen Verständigung und Vernetzung sowie der Förderung zivilgesellschaftlicher Strukturen in Russland.<br />
Für die DRG Münster organisiert sie Informationsveranstaltungen zu politischen, wirtschaftlichen und gesellschaftlichen Themen Russlands und der GUS, veranstaltet Lesungen mit Autorinnen und Autoren aus Russland, der Ukraine und Georgien, führt Konzerttourneen russischer Barden und Rockgruppen und Ausstellungsprojekte mit deutschen und russischen Künstlern durch. 1999 bis 2013 unterstützte sie als interkulturelle Projektkoordinatorin den Aufbau und die Arbeit des „Gender Zentrums Rjasan e.V.“ in gemeinsamen Projekten. Sie ist Mitbegründerin und Projektkoordinatorin der Russischen Filmtage Münster. Als Vertreterin der DRG Münster ist sie beteiligt an der Realisierung des Ausstellungsprojektes „Verschiedene Kriege. Der Zweite Weltkrieg in den nationalen Geschichtsbüchern“ des EU-Russland &#8211;<br />
Zivilgesellschaftsforums und Autorin des deutschen Teils der Ausstellung. Autorin des Buches „Frauen in Georgien. Erzähltes Leben. Interviews“, Tiflis, 2009, Co-Autorin des Buches „Der Zeit voraus. Grenzgänge im Ural“, Pop Verlag, Ludwigsburg, 2011.</p>
<p>Lieferbare Titel von <a href="http://wp.pop-verlag.com/?page_id=1552"><strong>Gudrun Wolff</strong></a>:</p>
<header class="entry-header">
<div class="entry-content cf" title="Permalink zu Oleg Mityaev: „Stille lern ich von den Wolken“">„Der Zeit voraus. Grenzgänge im Ural“</div>
</header>
<p>&nbsp;</p>
<p><strong><a href="http://wp.pop-verlag.com/?page_id=1552">Gudrun Wolff </a><a href="http://wp.pop-verlag.com/?page_id=1552"><img loading="lazy" decoding="async" class="alignleft wp-image-1556 size-medium" src="http://wp.pop-verlag.com/wp-content/uploads/2015/04/978-3-86356-144-4_A-210x300.jpg" sizes="auto, (max-width: 210px) 100vw, 210px" srcset="http://wp.pop-verlag.com/wp-content/uploads/2015/04/978-3-86356-144-4_A-210x300.jpg 210w, http://wp.pop-verlag.com/wp-content/uploads/2015/04/978-3-86356-144-4_A-768x1097.jpg 768w, http://wp.pop-verlag.com/wp-content/uploads/2015/04/978-3-86356-144-4_A-717x1024.jpg 717w" alt="978-3-86356-144-4_A" width="210" height="300" /></a>&amp;<a href="http://wp.pop-verlag.com/?p=1559"> Karl Wolff: Die Reise ins Morgen-Land. Tatarstan<br />
zwischen Moskau und Singapur.</a></strong></p>
<p>Essays, Reportagen und Geschichte(n).</p>
<p>Fragmentarium; 241 Seiten, 16,50 €<br />
ISBN 978-3-86356-138-3</p>
<p style="text-align: justify;">

<p>Gudrun Wolff, *1945 in Nürtingen, studierte Slawistik, osteuropäische Geschichte und Kunstgeschichte an den Universitäten Tübingen und Wien. Nach Magister- und Staatsexamen arbeitete sie als Lehrerin für Russisch, Geschichte und Kunst am Gymnasium. Als Mitbegründerin und langjährige Vorsitzende der Gesellschaft zur &hellip; <a class="more-link" href="https://wp.pop-verlag.com/?page_id=1552">Weiterlesen <span class="meta-nav">&rarr;</span></a></p>
