{"id":1500,"date":"2016-09-06T06:45:28","date_gmt":"2016-09-06T06:45:28","guid":{"rendered":"http:\/\/wp.pop-verlag.com\/?page_id=1500"},"modified":"2018-11-30T13:42:53","modified_gmt":"2018-11-30T13:42:53","slug":"peter-froemmig","status":"publish","type":"page","link":"https:\/\/wp.pop-verlag.com\/?page_id=1500","title":{"rendered":"Peter Fr\u00f6mmig"},"content":{"rendered":"<p><strong>\u00a0<\/strong><a href=\"http:\/\/wp.pop-verlag.com\/?page_id=1500\"><strong>Peter Fr\u00f6mmig<\/strong><\/a>, 1946 in Eilenburg bei Leipzig geboren, lebt und arbeitet als Schriftsteller und bildender K\u00fcnstler in Marbach am Neckar. Schreibt Erz\u00e4hlungen, Essays, Kurzprosa und Gedichte. Zuletzt erschienen u.a. die B\u00e4nde Im Lichtwechsel. Vier Geschichten zwischen Tag und Nacht (2002), Anderswo. Novelle aus diesen Tagen (2005), Der Strand geh\u00f6rt dem Strandgut. Gedichte und Lieder (2007), Auf langen Wegen in kleiner Stadt, Essay (2010), Am Leben sein. Gedichte und Collagen (2012) sowie Das Rumoren am Rande der Ereignisse. Erkundungen auf Nebenschaupl\u00e4tzen. Prosa-Miniaturen und kurze Geschichten. 2014.<\/p>\n<p>Lieferbare Titel von\u00a0<a href=\"http:\/\/wp.pop-verlag.com\/?page_id=1500\"><strong>Peter Fr\u00f6mmig<\/strong><\/a><\/p>\n<p><strong>\u2013 \u201e<a href=\"http:\/\/wp.pop-verlag.com\/?p=237\">Das Rumoren am Rande der Ereignisse<\/a>\u201c<\/strong>. Erkundungen auf Nebenschaupl\u00e4tzen. Prosa-Miniaturen und kurze Geschichten. Mit einem Nachwort von Rainer Wochele. edition monrepos Band 5.ISBN 978-3-86356-066-9142 Seiten, \u20ac[D14,50<\/p>\n<p><strong><a href=\"http:\/\/wp.pop-verlag.com\/?page_id=1500\">\u2013 \u201eDas Haus, in dem die W\u00f6rter wohnen.\u201c <\/a><\/strong>Gedichte und Bilder f\u00fcr Kinder und Erwachsene. edition monrepos Band 13. 144 Seiten, ISBN 978-3-86356-143-7, \u20ac[D15,50<\/p>\n<p>\u2013 \u201e<a href=\"https:\/\/wp.pop-verlag.com\/?p=3800\"><strong>Die W\u00f6rter gehen ein und aus<\/strong><\/a>\u201e. Gedichte und Bilder. Kids Samlung Bd. 3, 45 Seiten, ISBN 978-3-86356-245-8, \u20ac[D]9,90<\/p>\n","protected":false},"excerpt":{"rendered":"<p>\u00a0Peter Fr\u00f6mmig, 1946 in Eilenburg bei Leipzig geboren, lebt und arbeitet als Schriftsteller und bildender K\u00fcnstler in Marbach am Neckar. Schreibt Erz\u00e4hlungen, Essays, Kurzprosa und Gedichte. Zuletzt erschienen u.a. die B\u00e4nde Im Lichtwechsel. Vier Geschichten zwischen Tag und Nacht (2002), &hellip; <a class=\"more-link\" href=\"https:\/\/wp.pop-verlag.com\/?page_id=1500\">Weiterlesen <span class=\"meta-nav\">&rarr;<\/span><\/a><\/p>\n","protected":false},"author":2,"featured_media":0,"parent":687,"menu_order":2,"comment_status":"closed","ping_status":"closed","template":"","meta":{"footnotes":""},"class_list":["post-1500","page","type-page","status-publish","hentry"],"jetpack_sharing_enabled":true,"_links":{"self":[{"href":"https:\/\/wp.pop-verlag.com\/index.php?rest_route=\/wp\/v2\/pages\/1500","targetHints":{"allow":["GET"]}}],"collection":[{"href":"https:\/\/wp.pop-verlag.com\/index.php?rest_route=\/wp\/v2\/pages"}],"about":[{"href":"https:\/\/wp.pop-verlag.com\/index.php?rest_route=\/wp\/v2\/types\/page"}],"author":[{"embeddable":true,"href":"https:\/\/wp.pop-verlag.com\/index.php?rest_route=\/wp\/v2\/users\/2"}],"replies":[{"embeddable":true,"href":"https:\/\/wp.pop-verlag.com\/index.php?rest_route=%2Fwp%2Fv2%2Fcomments&post=1500"}],"version-history":[{"count":5,"href":"https:\/\/wp.pop-verlag.com\/index.php?rest_route=\/wp\/v2\/pages\/1500\/revisions"}],"predecessor-version":[{"id":3809,"href":"https:\/\/wp.pop-verlag.com\/index.php?rest_route=\/wp\/v2\/pages\/1500\/revisions\/3809"}],"up":[{"embeddable":true,"href":"https:\/\/wp.pop-verlag.com\/index.php?rest_route=\/wp\/v2\/pages\/687"}],"wp:attachment":[{"href":"https:\/\/wp.pop-verlag.com\/index.php?rest_route=%2Fwp%2Fv2%2Fmedia&parent=1500"}],"curies":[{"name":"wp","href":"https:\/\/api.w.org\/{rel}","templated":true}]}}

Peter Frömmig

<p><strong> </strong><a href="http://wp.pop-verlag.com/?page_id=1500"><strong>Peter Frömmig</strong></a>, 1946 in Eilenburg bei Leipzig geboren, lebt und arbeitet als Schriftsteller und bildender Künstler in Marbach am Neckar. Schreibt Erzählungen, Essays, Kurzprosa und Gedichte. Zuletzt erschienen u.a. die Bände Im Lichtwechsel. Vier Geschichten zwischen Tag und Nacht (2002), Anderswo. Novelle aus diesen Tagen (2005), Der Strand gehört dem Strandgut. Gedichte und Lieder (2007), Auf langen Wegen in kleiner Stadt, Essay (2010), Am Leben sein. Gedichte und Collagen (2012) sowie Das Rumoren am Rande der Ereignisse. Erkundungen auf Nebenschauplätzen. Prosa-Miniaturen und kurze Geschichten. 2014.</p>
<p>Lieferbare Titel von <a href="http://wp.pop-verlag.com/?page_id=1500"><strong>Peter Frömmig</strong></a></p>
<p><strong>– „<a href="http://wp.pop-verlag.com/?p=237">Das Rumoren am Rande der Ereignisse</a>“</strong>. Erkundungen auf Nebenschauplätzen. Prosa-Miniaturen und kurze Geschichten. Mit einem Nachwort von Rainer Wochele. edition monrepos Band 5.ISBN 978-3-86356-066-9142 Seiten, €[D14,50</p>
<p><strong><a href="http://wp.pop-verlag.com/?page_id=1500">– „Das Haus, in dem die Wörter wohnen.“ </a></strong>Gedichte und Bilder für Kinder und Erwachsene. edition monrepos Band 13. 144 Seiten, ISBN 978-3-86356-143-7, €[D15,50</p>
<p>– „<a href="https://wp.pop-verlag.com/?p=3800"><strong>Die Wörter gehen ein und aus</strong></a>„. Gedichte und Bilder. Kids Samlung Bd. 3, 45 Seiten, ISBN 978-3-86356-245-8, €[D]9,90</p>

<p> Peter Frömmig, 1946 in Eilenburg bei Leipzig geboren, lebt und arbeitet als Schriftsteller und bildender Künstler in Marbach am Neckar. Schreibt Erzählungen, Essays, Kurzprosa und Gedichte. Zuletzt erschienen u.a. die Bände Im Lichtwechsel. Vier Geschichten zwischen Tag und Nacht (2002), &hellip; <a class="more-link" href="https://wp.pop-verlag.com/?page_id=1500">Weiterlesen <span class="meta-nav">&rarr;</span></a></p>
