{"id":1466,"date":"2016-07-10T06:54:22","date_gmt":"2016-07-10T06:54:22","guid":{"rendered":"http:\/\/wp.pop-verlag.com\/?page_id=1466"},"modified":"2020-01-31T08:25:47","modified_gmt":"2020-01-31T08:25:47","slug":"steliana-huhulescu","status":"publish","type":"page","link":"https:\/\/wp.pop-verlag.com\/?page_id=1466","title":{"rendered":"Steliana Huhulescu"},"content":{"rendered":"<p><img loading=\"lazy\" decoding=\"async\" class=\"alignleft wp-image-1467 size-medium\" src=\"http:\/\/wp.pop-verlag.com\/wp-content\/uploads\/2016\/07\/Steliana-Huhulescu-244x300.jpg\" alt=\"Steliana Huhulescu\" width=\"244\" height=\"300\" srcset=\"https:\/\/wp.pop-verlag.com\/wp-content\/uploads\/2016\/07\/Steliana-Huhulescu-244x300.jpg 244w, https:\/\/wp.pop-verlag.com\/wp-content\/uploads\/2016\/07\/Steliana-Huhulescu-768x946.jpg 768w, https:\/\/wp.pop-verlag.com\/wp-content\/uploads\/2016\/07\/Steliana-Huhulescu-832x1024.jpg 832w, https:\/\/wp.pop-verlag.com\/wp-content\/uploads\/2016\/07\/Steliana-Huhulescu.jpg 1181w\" sizes=\"auto, (max-width: 244px) 100vw, 244px\" \/>Dr. <strong><a href=\"http:\/\/wp.pop-verlag.com\/?page_id=1466\">Steliana Huhulescu<\/a><\/strong>, geboren 1960 in Rum\u00e4nien, praktizierende Fach\u00e4rztin in Wien, ist in Rum\u00e4nien aufgewachsen. Sie hat in Bukarest studiert und ist im August 1989 gemeinsam mit ihrem Mann aus der damals noch herrschenden Ceau\u0219escu-Diktatur gefl\u00fcchtet. Ihr 11-Monate alter Sohn blieb als Geisel in Rum\u00e4nien zur\u00fcck und folgte ihnen fast ein Jahr sp\u00e4ter in das Fl\u00fcchtlingslager Traiskirchen (\u00d6sterreich) nach.<\/p>\n<p>Das Jahr 1989 erinnert mich nicht nur an Rum\u00e4nien, sondern auch an Fl\u00fcchtlinge aus der damaligen DDR und anderen L\u00e4ndern, deren Fluchten das Ende nicht nur der wahnhaften Ceau\u1d8aescu-Diktatur einl\u00e4uteten. Auch der satte Bundesb\u00fcrger ist und war nie wirklich sicher, eine vergessene Herdplatte und ein defekter Feuermelder, oder ein Bagger findet einen Blindg\u00e4nger aus dem letzten Weltkrieg und schon wird auch er zu einem Menschen, der ein anderes Dach \u00fcber dem Kopf braucht. Da der Mensch in der Regel weder Wurzeln noch Fl\u00fcgel hat, kann er also ebenfalls zum Wanderer werden. Fl\u00fcchtlinge gibt es heute wieder sehr viele, denken wir nur an Syrien. Umso wichtiger ist der Versuch, Erlebnisse wie diese festzuhalten und nachwachsenden Generationen mitzuteilen, wie es damals war. Das hat Steliana Huhulescu mit ihrem \u00fcber 500 Seiten starken Roman exemplarisch vorgef\u00fchrt, der uns dar\u00fcber hinaus daran erinnern kann, dass wir alle Wanderer sind, und daf\u00fcr bekam sie zu Recht den Deb\u00fctpreis des Jahres 2014.<br \/>\nMark Behrens,<br \/>\nLaudatio zu Steliana Huhulescus Roman \u201cFlucht aus der H\u00f6lle\u201d<\/p>\n<p>Lieferbare Titel von<strong> <a href=\"http:\/\/wp.pop-verlag.com\/?page_id=1466\">Steliana Huhulescu<\/a>:<\/strong><\/p>\n<ul>\n<li><strong>\u00a0<a href=\"http:\/\/wp.pop-verlag.com\/?p=371\">Flucht aus der H\u00f6lle<\/a>\u201d<\/strong>. Roman. Epikreihe. Ausgezeichnet mit dem Epik Deb\u00fctpreis 2014. 573 Seiten, ISBN 978-3-86356-085-0, \u20ac [D] 21,99<\/li>\n<li><a href=\"http:\/\/wp.pop-verlag.com\/?p=2123\"><strong>Parallelwelten. Opfer der Freiheit <\/strong><\/a>500 Seiten, ISBN 978-3-86356-158-1, \u20ac [D] 23,00<strong><br \/>\n<\/strong><\/li>\n<li><strong><a href=\"https:\/\/wp.pop-verlag.com\/?p=4740\">(OHN)MACHT<\/a>.\u00a0<\/strong> Roman.\u00a0Epikreihe Bd. 106. 862 Seiten, ISBN 978-3-86356-272-4, \u20ac[D]29,00, \u20ac[A]30,80<\/li>\n<\/ul>\n<p>&nbsp;<\/p>\n","protected":false},"excerpt":{"rendered":"<p>Dr. Steliana Huhulescu, geboren 1960 in Rum\u00e4nien, praktizierende Fach\u00e4rztin in Wien, ist in Rum\u00e4nien aufgewachsen. Sie hat in Bukarest studiert und ist im August 1989 gemeinsam mit ihrem Mann aus der damals noch herrschenden Ceau\u0219escu-Diktatur gefl\u00fcchtet. Ihr 11-Monate alter Sohn &hellip; <a class=\"more-link\" href=\"https:\/\/wp.pop-verlag.com\/?page_id=1466\">Weiterlesen <span class=\"meta-nav\">&rarr;<\/span><\/a><\/p>\n","protected":false},"author":2,"featured_media":0,"parent":674,"menu_order":6,"comment_status":"closed","ping_status":"closed","template":"","meta":{"footnotes":""},"class_list":["post-1466","page","type-page","status-publish","hentry"],"jetpack_sharing_enabled":true,"_links":{"self":[{"href":"https:\/\/wp.pop-verlag.com\/index.php?rest_route=\/wp\/v2\/pages\/1466","targetHints":{"allow":["GET"]}}],"collection":[{"href":"https:\/\/wp.pop-verlag.com\/index.php?rest_route=\/wp\/v2\/pages"}],"about":[{"href":"https:\/\/wp.pop-verlag.com\/index.php?rest_route=\/wp\/v2\/types\/page"}],"author":[{"embeddable":true,"href":"https:\/\/wp.pop-verlag.com\/index.php?rest_route=\/wp\/v2\/users\/2"}],"replies":[{"embeddable":true,"href":"https:\/\/wp.pop-verlag.com\/index.php?rest_route=%2Fwp%2Fv2%2Fcomments&post=1466"}],"version-history":[{"count":5,"href":"https:\/\/wp.pop-verlag.com\/index.php?rest_route=\/wp\/v2\/pages\/1466\/revisions"}],"predecessor-version":[{"id":4756,"href":"https:\/\/wp.pop-verlag.com\/index.php?rest_route=\/wp\/v2\/pages\/1466\/revisions\/4756"}],"up":[{"embeddable":true,"href":"https:\/\/wp.pop-verlag.com\/index.php?rest_route=\/wp\/v2\/pages\/674"}],"wp:attachment":[{"href":"https:\/\/wp.pop-verlag.com\/index.php?rest_route=%2Fwp%2Fv2%2Fmedia&parent=1466"}],"curies":[{"name":"wp","href":"https:\/\/api.w.org\/{rel}","templated":true}]}}

<p><img loading="lazy" decoding="async" class="alignleft wp-image-1467 size-medium" src="http://wp.pop-verlag.com/wp-content/uploads/2016/07/Steliana-Huhulescu-244x300.jpg" alt="Steliana Huhulescu" width="244" height="300" srcset="https://wp.pop-verlag.com/wp-content/uploads/2016/07/Steliana-Huhulescu-244x300.jpg 244w, https://wp.pop-verlag.com/wp-content/uploads/2016/07/Steliana-Huhulescu-768x946.jpg 768w, https://wp.pop-verlag.com/wp-content/uploads/2016/07/Steliana-Huhulescu-832x1024.jpg 832w, https://wp.pop-verlag.com/wp-content/uploads/2016/07/Steliana-Huhulescu.jpg 1181w" sizes="auto, (max-width: 244px) 100vw, 244px" />Dr. <strong><a href="http://wp.pop-verlag.com/?page_id=1466">Steliana Huhulescu</a></strong>, geboren 1960 in Rumänien, praktizierende Fachärztin in Wien, ist in Rumänien aufgewachsen. Sie hat in Bukarest studiert und ist im August 1989 gemeinsam mit ihrem Mann aus der damals noch herrschenden Ceaușescu-Diktatur geflüchtet. Ihr 11-Monate alter Sohn blieb als Geisel in Rumänien zurück und folgte ihnen fast ein Jahr später in das Flüchtlingslager Traiskirchen (Österreich) nach.</p>
<p>Das Jahr 1989 erinnert mich nicht nur an Rumänien, sondern auch an Flüchtlinge aus der damaligen DDR und anderen Ländern, deren Fluchten das Ende nicht nur der wahnhaften Ceauᶊescu-Diktatur einläuteten. Auch der satte Bundesbürger ist und war nie wirklich sicher, eine vergessene Herdplatte und ein defekter Feuermelder, oder ein Bagger findet einen Blindgänger aus dem letzten Weltkrieg und schon wird auch er zu einem Menschen, der ein anderes Dach über dem Kopf braucht. Da der Mensch in der Regel weder Wurzeln noch Flügel hat, kann er also ebenfalls zum Wanderer werden. Flüchtlinge gibt es heute wieder sehr viele, denken wir nur an Syrien. Umso wichtiger ist der Versuch, Erlebnisse wie diese festzuhalten und nachwachsenden Generationen mitzuteilen, wie es damals war. Das hat Steliana Huhulescu mit ihrem über 500 Seiten starken Roman exemplarisch vorgeführt, der uns darüber hinaus daran erinnern kann, dass wir alle Wanderer sind, und dafür bekam sie zu Recht den Debütpreis des Jahres 2014.<br />
Mark Behrens,<br />
Laudatio zu Steliana Huhulescus Roman “Flucht aus der Hölle”</p>
<p>Lieferbare Titel von<strong> <a href="http://wp.pop-verlag.com/?page_id=1466">Steliana Huhulescu</a>:</strong></p>
<ul>
<li><strong> <a href="http://wp.pop-verlag.com/?p=371">Flucht aus der Hölle</a>”</strong>. Roman. Epikreihe. Ausgezeichnet mit dem Epik Debütpreis 2014. 573 Seiten, ISBN 978-3-86356-085-0, € [D] 21,99</li>
<li><a href="http://wp.pop-verlag.com/?p=2123"><strong>Parallelwelten. Opfer der Freiheit </strong></a>500 Seiten, ISBN 978-3-86356-158-1, € [D] 23,00<strong><br />
</strong></li>
<li><strong><a href="https://wp.pop-verlag.com/?p=4740">(OHN)MACHT</a>. </strong> Roman. Epikreihe Bd. 106. 862 Seiten, ISBN 978-3-86356-272-4, €[D]29,00, €[A]30,80</li>
</ul>
<p>&nbsp;</p>

<p>Dr. Steliana Huhulescu, geboren 1960 in Rumänien, praktizierende Fachärztin in Wien, ist in Rumänien aufgewachsen. Sie hat in Bukarest studiert und ist im August 1989 gemeinsam mit ihrem Mann aus der damals noch herrschenden Ceaușescu-Diktatur geflüchtet. Ihr 11-Monate alter Sohn &hellip; <a class="more-link" href="https://wp.pop-verlag.com/?page_id=1466">Weiterlesen <span class="meta-nav">&rarr;</span></a></p>
