{"id":1427,"date":"2016-06-19T17:13:57","date_gmt":"2016-06-19T17:13:57","guid":{"rendered":"http:\/\/wp.pop-verlag.com\/?page_id=1427"},"modified":"2017-07-30T07:12:39","modified_gmt":"2017-07-30T07:12:39","slug":"ursula-teicher-maier","status":"publish","type":"page","link":"https:\/\/wp.pop-verlag.com\/?page_id=1427","title":{"rendered":"Ursula Teicher-Maier"},"content":{"rendered":"<p><strong><img loading=\"lazy\" decoding=\"async\" class=\"alignleft wp-image-1428 size-medium\" src=\"http:\/\/wp.pop-verlag.com\/wp-content\/uploads\/2016\/06\/Ursula-Teicher-Maier-240x300.jpg\" alt=\"Ursula Teicher-Maier\" width=\"240\" height=\"300\" srcset=\"https:\/\/wp.pop-verlag.com\/wp-content\/uploads\/2016\/06\/Ursula-Teicher-Maier-240x300.jpg 240w, https:\/\/wp.pop-verlag.com\/wp-content\/uploads\/2016\/06\/Ursula-Teicher-Maier-768x960.jpg 768w, https:\/\/wp.pop-verlag.com\/wp-content\/uploads\/2016\/06\/Ursula-Teicher-Maier-819x1024.jpg 819w\" sizes=\"auto, (max-width: 240px) 100vw, 240px\" \/>Ursula Teicher-Maier<\/strong> studierte in Gie\u00dfen Germanistik und Politikwissenschaften und arbeitete lange als Dozentin bei verschiedenen Institutionen. Au\u00dferdem schrieb sie Reiseartikel f\u00fcr Printmedien.<\/p>\n<p>Heute lebt sie in und um Darmstadt. Hier ist sie vernetzt mit SchriftstellerInnen der s\u00fcdhessischen Literaturgruppe Poseidon und mit Bildenden K\u00fcnstlerInnen und MusikerInnen der Darmst\u00e4dter Kunstfabrik. Sie gr\u00fcndete die Frankfurter Lyrikgruppe ControVers und ist Mitglied des VS und der Europ\u00e4ischen Literaturvereinigung Kogge.<\/p>\n<p>Viele ihrer Texte wurden von Ma\u0142gorzata P\u0142oszewska ins Polnische \u00fcbersetzt. F\u00fcr ihre Gedichte wurde sie u. a. mit dem Georg-Christoph-Lichtenberg-Preis ausgezeichnet.<br \/>\nMit K\u00fche und Locken drehen legt Ursula Teicher-Maier ihren ersten Prosaband vor.<\/p>\n<p>www.ursula-teicher-maier.de<\/p>\n<p>&nbsp;<\/p>\n<p>Lieferbare Titel von\u00a0<strong>Ursula Teicher-Maier<\/strong><\/p>\n<p><strong>\u201e<a href=\"http:\/\/wp.pop-verlag.com\/?p=113\">K\u00fche und Locken drehen<\/a>\u201c<\/strong>. Epik. 136 Seiten; ISBN 978-3-86356-106-2; 14,50\u20ac.<\/p>\n<p><strong><a href=\"http:\/\/wp.pop-verlag.com\/?page_id=1683\">Heidrun Hamersky<\/a>, <a href=\"http:\/\/wp.pop-verlag.com\/?page_id=579\">Ilse Hehn,<\/a> <a href=\"http:\/\/wp.pop-verlag.com\/?page_id=1681\">Wolfgang Schlott<\/a> (Hrsg.): <a href=\"http:\/\/wp.pop-verlag.com\/?p=1678\">\u201eDie Sehnsucht, die ist mir so leicht\u201c Schreiben im Exil. <\/a><\/strong>Fragmentarium; 282 Seiten; ISBN 978-3-86356-131-4; 19,90 \u20ac<\/p>\n","protected":false},"excerpt":{"rendered":"<p>Ursula Teicher-Maier studierte in Gie\u00dfen Germanistik und Politikwissenschaften und arbeitete lange als Dozentin bei verschiedenen Institutionen. Au\u00dferdem schrieb sie Reiseartikel f\u00fcr Printmedien. Heute lebt sie in und um Darmstadt. Hier ist sie vernetzt mit SchriftstellerInnen der s\u00fcdhessischen Literaturgruppe Poseidon und &hellip; <a class=\"more-link\" href=\"https:\/\/wp.pop-verlag.com\/?page_id=1427\">Weiterlesen <span class=\"meta-nav\">&rarr;<\/span><\/a><\/p>\n","protected":false},"author":2,"featured_media":0,"parent":679,"menu_order":1,"comment_status":"closed","ping_status":"closed","template":"","meta":{"footnotes":""},"class_list":["post-1427","page","type-page","status-publish","hentry"],"jetpack_sharing_enabled":true,"_links":{"self":[{"href":"https:\/\/wp.pop-verlag.com\/index.php?rest_route=\/wp\/v2\/pages\/1427","targetHints":{"allow":["GET"]}}],"collection":[{"href":"https:\/\/wp.pop-verlag.com\/index.php?rest_route=\/wp\/v2\/pages"}],"about":[{"href":"https:\/\/wp.pop-verlag.com\/index.php?rest_route=\/wp\/v2\/types\/page"}],"author":[{"embeddable":true,"href":"https:\/\/wp.pop-verlag.com\/index.php?rest_route=\/wp\/v2\/users\/2"}],"replies":[{"embeddable":true,"href":"https:\/\/wp.pop-verlag.com\/index.php?rest_route=%2Fwp%2Fv2%2Fcomments&post=1427"}],"version-history":[{"count":4,"href":"https:\/\/wp.pop-verlag.com\/index.php?rest_route=\/wp\/v2\/pages\/1427\/revisions"}],"predecessor-version":[{"id":2139,"href":"https:\/\/wp.pop-verlag.com\/index.php?rest_route=\/wp\/v2\/pages\/1427\/revisions\/2139"}],"up":[{"embeddable":true,"href":"https:\/\/wp.pop-verlag.com\/index.php?rest_route=\/wp\/v2\/pages\/679"}],"wp:attachment":[{"href":"https:\/\/wp.pop-verlag.com\/index.php?rest_route=%2Fwp%2Fv2%2Fmedia&parent=1427"}],"curies":[{"name":"wp","href":"https:\/\/api.w.org\/{rel}","templated":true}]}}

<p><strong><img loading="lazy" decoding="async" class="alignleft wp-image-1428 size-medium" src="http://wp.pop-verlag.com/wp-content/uploads/2016/06/Ursula-Teicher-Maier-240x300.jpg" alt="Ursula Teicher-Maier" width="240" height="300" srcset="https://wp.pop-verlag.com/wp-content/uploads/2016/06/Ursula-Teicher-Maier-240x300.jpg 240w, https://wp.pop-verlag.com/wp-content/uploads/2016/06/Ursula-Teicher-Maier-768x960.jpg 768w, https://wp.pop-verlag.com/wp-content/uploads/2016/06/Ursula-Teicher-Maier-819x1024.jpg 819w" sizes="auto, (max-width: 240px) 100vw, 240px" />Ursula Teicher-Maier</strong> studierte in Gießen Germanistik und Politikwissenschaften und arbeitete lange als Dozentin bei verschiedenen Institutionen. Außerdem schrieb sie Reiseartikel für Printmedien.</p>
<p>Heute lebt sie in und um Darmstadt. Hier ist sie vernetzt mit SchriftstellerInnen der südhessischen Literaturgruppe Poseidon und mit Bildenden KünstlerInnen und MusikerInnen der Darmstädter Kunstfabrik. Sie gründete die Frankfurter Lyrikgruppe ControVers und ist Mitglied des VS und der Europäischen Literaturvereinigung Kogge.</p>
<p>Viele ihrer Texte wurden von Małgorzata Płoszewska ins Polnische übersetzt. Für ihre Gedichte wurde sie u. a. mit dem Georg-Christoph-Lichtenberg-Preis ausgezeichnet.<br />
Mit Kühe und Locken drehen legt Ursula Teicher-Maier ihren ersten Prosaband vor.</p>
<p>www.ursula-teicher-maier.de</p>
<p>&nbsp;</p>
<p>Lieferbare Titel von <strong>Ursula Teicher-Maier</strong></p>
<p><strong>„<a href="http://wp.pop-verlag.com/?p=113">Kühe und Locken drehen</a>“</strong>. Epik. 136 Seiten; ISBN 978-3-86356-106-2; 14,50€.</p>
<p><strong><a href="http://wp.pop-verlag.com/?page_id=1683">Heidrun Hamersky</a>, <a href="http://wp.pop-verlag.com/?page_id=579">Ilse Hehn,</a> <a href="http://wp.pop-verlag.com/?page_id=1681">Wolfgang Schlott</a> (Hrsg.): <a href="http://wp.pop-verlag.com/?p=1678">„Die Sehnsucht, die ist mir so leicht“ Schreiben im Exil. </a></strong>Fragmentarium; 282 Seiten; ISBN 978-3-86356-131-4; 19,90 €</p>

<p>Ursula Teicher-Maier studierte in Gießen Germanistik und Politikwissenschaften und arbeitete lange als Dozentin bei verschiedenen Institutionen. Außerdem schrieb sie Reiseartikel für Printmedien. Heute lebt sie in und um Darmstadt. Hier ist sie vernetzt mit SchriftstellerInnen der südhessischen Literaturgruppe Poseidon und &hellip; <a class="more-link" href="https://wp.pop-verlag.com/?page_id=1427">Weiterlesen <span class="meta-nav">&rarr;</span></a></p>
