{"id":1349,"date":"2016-04-24T15:06:32","date_gmt":"2016-04-24T15:06:32","guid":{"rendered":"http:\/\/wp.pop-verlag.com\/?page_id=1349"},"modified":"2016-04-24T15:06:32","modified_gmt":"2016-04-24T15:06:32","slug":"ruediger-fischer","status":"publish","type":"page","link":"https:\/\/wp.pop-verlag.com\/?page_id=1349","title":{"rendered":"R\u00fcdiger Fischer"},"content":{"rendered":"<p>R\u00fcdiger Fischer: (Trier, 1943) Verleger und \u00dcbersetzer, lebt und arbeitet in Rimbach im Bayrischen Wald. In seinem kleinen Verlag im Wald ver\u00f6ffentlicht er \u00fcberwiegend \u00dcbersetzungen aus der franz\u00f6sischen Literatur.<\/p>\n","protected":false},"excerpt":{"rendered":"<p>R\u00fcdiger Fischer: (Trier, 1943) Verleger und \u00dcbersetzer, lebt und arbeitet in Rimbach im Bayrischen Wald. In seinem kleinen Verlag im Wald ver\u00f6ffentlicht er \u00fcberwiegend \u00dcbersetzungen aus der franz\u00f6sischen Literatur.<\/p>\n","protected":false},"author":2,"featured_media":0,"parent":687,"menu_order":0,"comment_status":"closed","ping_status":"closed","template":"","meta":{"footnotes":""},"class_list":["post-1349","page","type-page","status-publish","hentry"],"jetpack_sharing_enabled":true,"_links":{"self":[{"href":"https:\/\/wp.pop-verlag.com\/index.php?rest_route=\/wp\/v2\/pages\/1349","targetHints":{"allow":["GET"]}}],"collection":[{"href":"https:\/\/wp.pop-verlag.com\/index.php?rest_route=\/wp\/v2\/pages"}],"about":[{"href":"https:\/\/wp.pop-verlag.com\/index.php?rest_route=\/wp\/v2\/types\/page"}],"author":[{"embeddable":true,"href":"https:\/\/wp.pop-verlag.com\/index.php?rest_route=\/wp\/v2\/users\/2"}],"replies":[{"embeddable":true,"href":"https:\/\/wp.pop-verlag.com\/index.php?rest_route=%2Fwp%2Fv2%2Fcomments&post=1349"}],"version-history":[{"count":1,"href":"https:\/\/wp.pop-verlag.com\/index.php?rest_route=\/wp\/v2\/pages\/1349\/revisions"}],"predecessor-version":[{"id":1350,"href":"https:\/\/wp.pop-verlag.com\/index.php?rest_route=\/wp\/v2\/pages\/1349\/revisions\/1350"}],"up":[{"embeddable":true,"href":"https:\/\/wp.pop-verlag.com\/index.php?rest_route=\/wp\/v2\/pages\/687"}],"wp:attachment":[{"href":"https:\/\/wp.pop-verlag.com\/index.php?rest_route=%2Fwp%2Fv2%2Fmedia&parent=1349"}],"curies":[{"name":"wp","href":"https:\/\/api.w.org\/{rel}","templated":true}]}}

Rüdiger Fischer

<p>Rüdiger Fischer: (Trier, 1943) Verleger und Übersetzer, lebt und arbeitet in Rimbach im Bayrischen Wald. In seinem kleinen Verlag im Wald veröffentlicht er überwiegend Übersetzungen aus der französischen Literatur.</p>
