{"id":1332,"date":"2016-04-24T14:52:01","date_gmt":"2016-04-24T14:52:01","guid":{"rendered":"http:\/\/wp.pop-verlag.com\/?page_id=1332"},"modified":"2016-04-24T14:52:01","modified_gmt":"2016-04-24T14:52:01","slug":"michel-butor","status":"publish","type":"page","link":"https:\/\/wp.pop-verlag.com\/?page_id=1332","title":{"rendered":"Michel Butor"},"content":{"rendered":"<p>Michel Butor (Lille, 1926). Studium der Sprach- und Literaturwissenschaft und der Philosophie. Seine ersten Romane erscheinen bei den Editions de Minuit. Zahlreiche Reisen, vor allem in die Vereinigten Staaten. Professur in Genf. Ver\u00f6ffentlicht Essays, Tages- oder Nachterz\u00e4hlungen, Gedichte, neue Kombinationen all dieser Textsorten. Seit 1991 lebt er in einem Dorf im D\u00e9partement Haute-Savoie. Neuester Titel: Michel Butor, pr\u00e9sentation et anthologie, Collation (Seghers, 2003).<\/p>\n","protected":false},"excerpt":{"rendered":"<p>Michel Butor (Lille, 1926). Studium der Sprach- und Literaturwissenschaft und der Philosophie. Seine ersten Romane erscheinen bei den Editions de Minuit. Zahlreiche Reisen, vor allem in die Vereinigten Staaten. Professur in Genf. Ver\u00f6ffentlicht Essays, Tages- oder Nachterz\u00e4hlungen, Gedichte, neue Kombinationen &hellip; <a class=\"more-link\" href=\"https:\/\/wp.pop-verlag.com\/?page_id=1332\">Weiterlesen <span class=\"meta-nav\">&rarr;<\/span><\/a><\/p>\n","protected":false},"author":2,"featured_media":0,"parent":660,"menu_order":8,"comment_status":"closed","ping_status":"closed","template":"","meta":{"footnotes":""},"class_list":["post-1332","page","type-page","status-publish","hentry"],"jetpack_sharing_enabled":true,"_links":{"self":[{"href":"https:\/\/wp.pop-verlag.com\/index.php?rest_route=\/wp\/v2\/pages\/1332","targetHints":{"allow":["GET"]}}],"collection":[{"href":"https:\/\/wp.pop-verlag.com\/index.php?rest_route=\/wp\/v2\/pages"}],"about":[{"href":"https:\/\/wp.pop-verlag.com\/index.php?rest_route=\/wp\/v2\/types\/page"}],"author":[{"embeddable":true,"href":"https:\/\/wp.pop-verlag.com\/index.php?rest_route=\/wp\/v2\/users\/2"}],"replies":[{"embeddable":true,"href":"https:\/\/wp.pop-verlag.com\/index.php?rest_route=%2Fwp%2Fv2%2Fcomments&post=1332"}],"version-history":[{"count":1,"href":"https:\/\/wp.pop-verlag.com\/index.php?rest_route=\/wp\/v2\/pages\/1332\/revisions"}],"predecessor-version":[{"id":1333,"href":"https:\/\/wp.pop-verlag.com\/index.php?rest_route=\/wp\/v2\/pages\/1332\/revisions\/1333"}],"up":[{"embeddable":true,"href":"https:\/\/wp.pop-verlag.com\/index.php?rest_route=\/wp\/v2\/pages\/660"}],"wp:attachment":[{"href":"https:\/\/wp.pop-verlag.com\/index.php?rest_route=%2Fwp%2Fv2%2Fmedia&parent=1332"}],"curies":[{"name":"wp","href":"https:\/\/api.w.org\/{rel}","templated":true}]}}