{"id":1275,"date":"2016-04-24T05:52:06","date_gmt":"2016-04-24T05:52:06","guid":{"rendered":"http:\/\/wp.pop-verlag.com\/?page_id=1275"},"modified":"2016-04-24T06:35:57","modified_gmt":"2016-04-24T06:35:57","slug":"ulrich-bergmann","status":"publish","type":"page","link":"https:\/\/wp.pop-verlag.com\/?page_id=1275","title":{"rendered":"Ulrich Bergmann"},"content":{"rendered":"<p><img loading=\"lazy\" decoding=\"async\" class=\"alignleft wp-image-1278 size-full\" src=\"http:\/\/wp.pop-verlag.com\/wp-content\/uploads\/2016\/04\/Bergmann_1_sw.jpg\" alt=\"Bergmann_1_sw\" width=\"122\" height=\"182\" \/><a href=\"http:\/\/wp.pop-verlag.com\/?page_id=1275\">Ulrich Bergmann<\/a>, *1945 in Halle an der Saale, lebt in Bonn. Seit 1988 ver\u00f6ffentlicht er seine zyklischen Erz\u00e4hlungen, Essays, Portr\u00e4ts, Rezensionen, Theaterkritiken, Aphorismen, Gedichte, Mail Art und visuelle Poesie in Almanachen, Anthologien und Literaturzeitschriften in Deutschland, \u00d6sterreich, Belgien, Rum\u00e4nien und in der Schweiz. Redakteur und Mitherausgeber der Bonner Literaturzeitschrift Dichtungsring, Redakteur des K\u00f6lner Internet-Magazins Philotast. 2012 erschien in Bonn sein erster Roman: Doppelhimmel (2. Aufl. 2013).<\/p>\n<p>&nbsp;<\/p>\n<p>Lieferbare Titel von <a href=\"http:\/\/wp.pop-verlag.com\/?page_id=1275\">Ulrich Bergmann<\/a>:<\/p>\n<p><a href=\"http:\/\/wp.pop-verlag.com\/?p=1281\">&#8222;Arthurgeschichten&#8220;.<\/a> (EPIK Sammlung)\u00a0 88 Seiten, ISBN: 3-937139-09-5.12,80 \u20ac<\/p>\n<p><a href=\"http:\/\/wp.pop-verlag.com\/?p=1290\"> &#8222;Kritische K\u00f6rper&#8220;<\/a><a href=\"http:\/\/traian.pop-verlag.com\/978-3-937139-25-7.htm\">,<\/a> Criminal Phantasy, 2006. (EPIK Sammlung),\u00a0 178 Seiten, ISBN: 3-937139-25-7. 17,20 \u20ac<\/p>\n","protected":false},"excerpt":{"rendered":"<p>Ulrich Bergmann, *1945 in Halle an der Saale, lebt in Bonn. Seit 1988 ver\u00f6ffentlicht er seine zyklischen Erz\u00e4hlungen, Essays, Portr\u00e4ts, Rezensionen, Theaterkritiken, Aphorismen, Gedichte, Mail Art und visuelle Poesie in Almanachen, Anthologien und Literaturzeitschriften in Deutschland, \u00d6sterreich, Belgien, Rum\u00e4nien und &hellip; <a class=\"more-link\" href=\"https:\/\/wp.pop-verlag.com\/?page_id=1275\">Weiterlesen <span class=\"meta-nav\">&rarr;<\/span><\/a><\/p>\n","protected":false},"author":2,"featured_media":0,"parent":660,"menu_order":3,"comment_status":"closed","ping_status":"closed","template":"","meta":{"footnotes":""},"class_list":["post-1275","page","type-page","status-publish","hentry"],"jetpack_sharing_enabled":true,"_links":{"self":[{"href":"https:\/\/wp.pop-verlag.com\/index.php?rest_route=\/wp\/v2\/pages\/1275","targetHints":{"allow":["GET"]}}],"collection":[{"href":"https:\/\/wp.pop-verlag.com\/index.php?rest_route=\/wp\/v2\/pages"}],"about":[{"href":"https:\/\/wp.pop-verlag.com\/index.php?rest_route=\/wp\/v2\/types\/page"}],"author":[{"embeddable":true,"href":"https:\/\/wp.pop-verlag.com\/index.php?rest_route=\/wp\/v2\/users\/2"}],"replies":[{"embeddable":true,"href":"https:\/\/wp.pop-verlag.com\/index.php?rest_route=%2Fwp%2Fv2%2Fcomments&post=1275"}],"version-history":[{"count":8,"href":"https:\/\/wp.pop-verlag.com\/index.php?rest_route=\/wp\/v2\/pages\/1275\/revisions"}],"predecessor-version":[{"id":1293,"href":"https:\/\/wp.pop-verlag.com\/index.php?rest_route=\/wp\/v2\/pages\/1275\/revisions\/1293"}],"up":[{"embeddable":true,"href":"https:\/\/wp.pop-verlag.com\/index.php?rest_route=\/wp\/v2\/pages\/660"}],"wp:attachment":[{"href":"https:\/\/wp.pop-verlag.com\/index.php?rest_route=%2Fwp%2Fv2%2Fmedia&parent=1275"}],"curies":[{"name":"wp","href":"https:\/\/api.w.org\/{rel}","templated":true}]}}

<p><img loading="lazy" decoding="async" class="alignleft wp-image-1278 size-full" src="http://wp.pop-verlag.com/wp-content/uploads/2016/04/Bergmann_1_sw.jpg" alt="Bergmann_1_sw" width="122" height="182" /><a href="http://wp.pop-verlag.com/?page_id=1275">Ulrich Bergmann</a>, *1945 in Halle an der Saale, lebt in Bonn. Seit 1988 veröffentlicht er seine zyklischen Erzählungen, Essays, Porträts, Rezensionen, Theaterkritiken, Aphorismen, Gedichte, Mail Art und visuelle Poesie in Almanachen, Anthologien und Literaturzeitschriften in Deutschland, Österreich, Belgien, Rumänien und in der Schweiz. Redakteur und Mitherausgeber der Bonner Literaturzeitschrift Dichtungsring, Redakteur des Kölner Internet-Magazins Philotast. 2012 erschien in Bonn sein erster Roman: Doppelhimmel (2. Aufl. 2013).</p>
<p>&nbsp;</p>
<p>Lieferbare Titel von <a href="http://wp.pop-verlag.com/?page_id=1275">Ulrich Bergmann</a>:</p>
<p><a href="http://wp.pop-verlag.com/?p=1281">&#8222;Arthurgeschichten&#8220;.</a> (EPIK Sammlung)  88 Seiten, ISBN: 3-937139-09-5.12,80 €</p>
<p><a href="http://wp.pop-verlag.com/?p=1290"> &#8222;Kritische Körper&#8220;</a><a href="http://traian.pop-verlag.com/978-3-937139-25-7.htm">,</a> Criminal Phantasy, 2006. (EPIK Sammlung),  178 Seiten, ISBN: 3-937139-25-7. 17,20 €</p>

<p>Ulrich Bergmann, *1945 in Halle an der Saale, lebt in Bonn. Seit 1988 veröffentlicht er seine zyklischen Erzählungen, Essays, Porträts, Rezensionen, Theaterkritiken, Aphorismen, Gedichte, Mail Art und visuelle Poesie in Almanachen, Anthologien und Literaturzeitschriften in Deutschland, Österreich, Belgien, Rumänien und &hellip; <a class="more-link" href="https://wp.pop-verlag.com/?page_id=1275">Weiterlesen <span class="meta-nav">&rarr;</span></a></p>
