{"id":1216,"date":"2016-04-03T05:44:42","date_gmt":"2016-04-03T05:44:42","guid":{"rendered":"http:\/\/wp.pop-verlag.com\/?page_id=1216"},"modified":"2022-06-10T04:44:02","modified_gmt":"2022-06-10T04:44:02","slug":"uli-rothfuss","status":"publish","type":"page","link":"https:\/\/wp.pop-verlag.com\/?page_id=1216","title":{"rendered":"Uli Rothfuss"},"content":{"rendered":"<div id=\"attachment_1217\" style=\"width: 234px\" class=\"wp-caption alignleft\"><img loading=\"lazy\" decoding=\"async\" aria-describedby=\"caption-attachment-1217\" class=\"wp-image-1217 size-medium\" src=\"http:\/\/wp.pop-verlag.com\/wp-content\/uploads\/2016\/04\/Uli-Rothfuss-224x300.jpg\" alt=\"Back Camera\" width=\"224\" height=\"300\" srcset=\"https:\/\/wp.pop-verlag.com\/wp-content\/uploads\/2016\/04\/Uli-Rothfuss-224x300.jpg 224w, https:\/\/wp.pop-verlag.com\/wp-content\/uploads\/2016\/04\/Uli-Rothfuss-768x1028.jpg 768w, https:\/\/wp.pop-verlag.com\/wp-content\/uploads\/2016\/04\/Uli-Rothfuss-765x1024.jpg 765w, https:\/\/wp.pop-verlag.com\/wp-content\/uploads\/2016\/04\/Uli-Rothfuss.jpg 1772w\" sizes=\"auto, (max-width: 224px) 100vw, 224px\" \/><p id=\"caption-attachment-1217\" class=\"wp-caption-text\">Back Camera<\/p><\/div>\n<p><a href=\"http:\/\/wp.pop-verlag.com\/?page_id=1216\">Uli Rothfuss<\/a>, geb. 1961 in Ebershardt\/Schwarzwald, lebt in Calw\/Schwarzwald und Stein\/Mittelfranken. Schriftsteller und Professor f\u00fcr Kulturwissenschaften, 2007-2013. Rektor der staatlich anerkannten IB-Hochschule Berlin. Ab 2013 leitet er als Akademierektor die Akademie Faber-Castell und das dort durchgef\u00fchrte Hochschulprogramm Design, au\u00dferdem hat er das Weiterbildungsstudium Literarisches Schreiben und Kulturjournalismus aufgebaut. Mehr als 20 Buchver\u00f6ffentlichungen, Vorsitzender der Europ\u00e4ischen Autorenvereinigung Die KOGGE, Mitglied im Internationalen PEN und des Institut International des Droits de l\u2019Homme (IIDH), Strasbourg; korrespondierendes Mitglied der Acad\u00e9mie Europ\u00e9enne des Sciences, Arts et Lettres, Paris. Einer der Vorfahren von Uli Rothfuss ist Elias Sprengerus, ehemaliger evangelischer Abt der Klosters Hirsau zwischen 1663 und 1665. Uli Rothfuss entstammt einer Familie von mehreren Generationen an Theologen und Akademikern auf der einen, von B\u00fcrgermeistern auf der anderen Seite.\u00a0Direkte Vorfahren von Uli Rothfuss sind\u00a0Elias Sprengerus, ehemaliger evangelischer Abt des Klosters Hirsau zwischen 1663 und 1665, Prof. musices an der Universit\u00e4t T\u00fcbingen und F\u00fcrstlicher Rat beim Herzoglichen Hof Stuttgart,\u00a0sowie der Vater dessen Frau, Johann Georg Sigwart, Theologieprofessor und drei Mal Rektor der Universit\u00e4t T\u00fcbingen ende des 16., Anfang des 17. Jahrhunderts. <a href=\"http:\/\/www.uli-rothfuss.de\">www.uli-rothfuss.de<\/a><\/p>\n<p>Lieferbare Titel von Uli Rothfuss:<\/p>\n<ul>\n<li><strong>vom atmen der steine<\/strong>, Gedichte. Mit sechs Zeichnungen von <strong>Frank Joachim Grossmann<\/strong> und einem Nachwort von <strong>Dr. Toni Bernhart<\/strong>. (LYRIK- Sammlung)\u00a0 109 Seiten, ISBN: 978-3-937139-27-3. \u20ac [D]14,20<\/li>\n<li><strong>Tu es, fang an, und die Welt wird sich \u00e4ndern! <\/strong>Gedanken von<strong> Petra Kelly u<\/strong>nd Seiner Heiligkeit, dem XIV.<strong> Dalai Lama.<\/strong>; 64\u00a0Seiten, 21,0\u00a0\u00d7\u00a021,0\u00a0cm; Hrsg. <a href=\"http:\/\/traian.pop-verlag.com\/rothfuss.htm\">Uli Rothfuss<\/a> f\u00fcr die Grace-P.-Kelly-Vereinigung zur Unterst\u00fctzung krebs- kranker Kinder und ihrer Familien. ISBN: <strong>978-3-937139-61-6<\/strong>, \u20ac [D] 8,00<\/li>\n<li><strong><a href=\"http:\/\/traian.pop-verlag.com\/orhan_kemal.htm\">Orhan Kemal<\/a>: <\/strong><em><a href=\"http:\/\/traian.pop-verlag.com\/die_72__zelle.htm\"><strong>Die 72. Zelle.<\/strong><\/a> <\/em>Aus dem T\u00fcrkischen \u00fcbersetzt von <strong><a href=\"http:\/\/traian.pop-verlag.com\/achim_martin_wensien.htm\">Achim Martin Wensien<\/a><\/strong> und \u00fcberarbeitet von <a href=\"http:\/\/traian.pop-verlag.com\/rothfuss.htm\">Uli Rothfuss<\/a>. Prosa,\u00a0 (EPIK- Sammlung); 154\u00a0Seiten,\u00a0 ISBN: 978-3-937139-54-8, \u20ac [D]15,50<\/li>\n<li><strong><a href=\"http:\/\/traian.pop-verlag.com\/charlotte_ueckert.htm\">Charlotte Ueckert<\/a> und <a href=\"http:\/\/traian.pop-verlag.com\/manfred_chobot.htm\">Manfred Chobot<\/a> (Hrsg.), <em><a href=\"http:\/\/traian.pop-verlag.com\/seite33.htm\">Der Jaguar im Spiegel. Ein KOGGE Lesebuch.<\/a><\/em><\/strong>Mit einem Vorwort von <a href=\"http:\/\/traian.pop-verlag.com\/rothfuss.htm\"><strong>Uli Rothfuss.<\/strong><\/a> (FRAGMENTARIUM- Sammlung); 342 Seiten,\u00a0 ISBN: 978-3-937139-93-7. \u20ac [D]18,00<\/li>\n<li><em><strong><a href=\"http:\/\/traian.pop-verlag.com\/tannenmoerder.htm\">Tannenm\u00f6rder.<\/a><\/strong> <\/em>Erz\u00e4hlung. Mit zw\u00f6lf Zeichnungen von <strong><a href=\"http:\/\/traian.pop-verlag.com\/d_fleiss.htm\">Dorothea Fleiss<\/a><\/strong> (EPIK- Sammlung); 46 Seiten,\u00a0 ISBN: 978-3-86356-002-7. \u20ac [D]10,00.<\/li>\n<li><a href=\"http:\/\/traian.pop-verlag.com\/bist_du_der_elch.htm\"><strong>Bist du der Elch? Auf der Spur des Gl\u00fccks. Ty si ten los? Po stop\u00e1ch \u0161\u0165astia<\/strong>. <\/a>(Deutsch \/ Slowakisch) Aus dem Deutschen von M\u00e1riakov\u00e1 Bieli. ISBN: 978-3-86356-006-5. Eine Ver\u00f6ffentlichung in Zusammenarbeit mit der Fakult\u00e4t f\u00fcr Geisteswissenschaften der Matei-Bel-Universit\u00e4t Banska Bystrica, Slowakische Republik. \u20ac [D] 8,00<\/li>\n<li><strong><em><a href=\"http:\/\/traian.pop-verlag.com\/978-3-86356-023-2.htm\">mein fenster <\/a><a href=\"http:\/\/traian.pop-verlag.com\/978-3-86356-023-2.htm\">ge\u00f6ffnet. <\/a><\/em><\/strong>calw.raum.poetik.poetische momentaufnahmen:calw im schwarzwald.gedichte. (reihe raum.poetik, band 2, schwarzwald 1 ); 46 Seiten,\u00a0 ISBN: 978-3-86356-023-2. Preis: 10,00 Euro.<\/li>\n<li><em><strong><a href=\"http:\/\/traian.pop-verlag.com\/978-3-86356-024-9.htm\">als atmeten die h\u00e4user von istanbul. istanbul.<\/a> <\/strong><\/em>raum.poetik. poetische momentaufnahmen. istanbul\/t\u00fcrkei. (reihe raum.poetik, band 4); 40 Seiten,\u00a0 ISBN: 978-3-86356-024-9. \u20ac [D]10,00<\/li>\n<li><a href=\"http:\/\/wp.pop-verlag.com\/?p=490\"><strong><em>Urbild der Stadt. \u00dcber die poetische Konstruktion einer Stadt Eintausend Jahre Kulturgeschichte in Calw und Hirsau im w\u00fcrttembergischen Schwarzwald<\/em><\/strong><em><strong>. <\/strong><\/em><\/a>(Universitas Sammlung Band 7).\u00a0148 S. ISBN: 978-3-86356-060-7, \u20ac [D] 12,00<\/li>\n<li><strong><a href=\"http:\/\/wp.pop-verlag.com\/?p=400\">usbekistan. sehnsuchtsort. die weite asiens im gesicht.<\/a> <\/strong>raum.poetik.tashkent\/samrkand\/buchara. Pop raum.poetik. ISBN 978-3-86356-093-5. 60 Seiten, \u20ac [D]11,00<\/li>\n<li>trinken dich. und worte neu erfinden.Lyrik Reihe. ISBN 978-3-86356-093-5. 184 Seiten, \u20ac [D]19,90<\/li>\n<\/ul>\n","protected":false},"excerpt":{"rendered":"<p>Uli Rothfuss, geb. 1961 in Ebershardt\/Schwarzwald, lebt in Calw\/Schwarzwald und Stein\/Mittelfranken. Schriftsteller und Professor f\u00fcr Kulturwissenschaften, 2007-2013. Rektor der staatlich anerkannten IB-Hochschule Berlin. Ab 2013 leitet er als Akademierektor die Akademie Faber-Castell und das dort durchgef\u00fchrte Hochschulprogramm Design, au\u00dferdem hat &hellip; <a class=\"more-link\" href=\"https:\/\/wp.pop-verlag.com\/?page_id=1216\">Weiterlesen <span class=\"meta-nav\">&rarr;<\/span><\/a><\/p>\n","protected":false},"author":2,"featured_media":0,"parent":708,"menu_order":2,"comment_status":"closed","ping_status":"closed","template":"","meta":{"footnotes":""},"class_list":["post-1216","page","type-page","status-publish","hentry"],"jetpack_sharing_enabled":true,"_links":{"self":[{"href":"https:\/\/wp.pop-verlag.com\/index.php?rest_route=\/wp\/v2\/pages\/1216","targetHints":{"allow":["GET"]}}],"collection":[{"href":"https:\/\/wp.pop-verlag.com\/index.php?rest_route=\/wp\/v2\/pages"}],"about":[{"href":"https:\/\/wp.pop-verlag.com\/index.php?rest_route=\/wp\/v2\/types\/page"}],"author":[{"embeddable":true,"href":"https:\/\/wp.pop-verlag.com\/index.php?rest_route=\/wp\/v2\/users\/2"}],"replies":[{"embeddable":true,"href":"https:\/\/wp.pop-verlag.com\/index.php?rest_route=%2Fwp%2Fv2%2Fcomments&post=1216"}],"version-history":[{"count":8,"href":"https:\/\/wp.pop-verlag.com\/index.php?rest_route=\/wp\/v2\/pages\/1216\/revisions"}],"predecessor-version":[{"id":6229,"href":"https:\/\/wp.pop-verlag.com\/index.php?rest_route=\/wp\/v2\/pages\/1216\/revisions\/6229"}],"up":[{"embeddable":true,"href":"https:\/\/wp.pop-verlag.com\/index.php?rest_route=\/wp\/v2\/pages\/708"}],"wp:attachment":[{"href":"https:\/\/wp.pop-verlag.com\/index.php?rest_route=%2Fwp%2Fv2%2Fmedia&parent=1216"}],"curies":[{"name":"wp","href":"https:\/\/api.w.org\/{rel}","templated":true}]}}

<div id="attachment_1217" style="width: 234px" class="wp-caption alignleft"><img loading="lazy" decoding="async" aria-describedby="caption-attachment-1217" class="wp-image-1217 size-medium" src="http://wp.pop-verlag.com/wp-content/uploads/2016/04/Uli-Rothfuss-224x300.jpg" alt="Back Camera" width="224" height="300" srcset="https://wp.pop-verlag.com/wp-content/uploads/2016/04/Uli-Rothfuss-224x300.jpg 224w, https://wp.pop-verlag.com/wp-content/uploads/2016/04/Uli-Rothfuss-768x1028.jpg 768w, https://wp.pop-verlag.com/wp-content/uploads/2016/04/Uli-Rothfuss-765x1024.jpg 765w, https://wp.pop-verlag.com/wp-content/uploads/2016/04/Uli-Rothfuss.jpg 1772w" sizes="auto, (max-width: 224px) 100vw, 224px" /><p id="caption-attachment-1217" class="wp-caption-text">Back Camera</p></div>
<p><a href="http://wp.pop-verlag.com/?page_id=1216">Uli Rothfuss</a>, geb. 1961 in Ebershardt/Schwarzwald, lebt in Calw/Schwarzwald und Stein/Mittelfranken. Schriftsteller und Professor für Kulturwissenschaften, 2007-2013. Rektor der staatlich anerkannten IB-Hochschule Berlin. Ab 2013 leitet er als Akademierektor die Akademie Faber-Castell und das dort durchgeführte Hochschulprogramm Design, außerdem hat er das Weiterbildungsstudium Literarisches Schreiben und Kulturjournalismus aufgebaut. Mehr als 20 Buchveröffentlichungen, Vorsitzender der Europäischen Autorenvereinigung Die KOGGE, Mitglied im Internationalen PEN und des Institut International des Droits de l’Homme (IIDH), Strasbourg; korrespondierendes Mitglied der Académie Européenne des Sciences, Arts et Lettres, Paris. Einer der Vorfahren von Uli Rothfuss ist Elias Sprengerus, ehemaliger evangelischer Abt der Klosters Hirsau zwischen 1663 und 1665. Uli Rothfuss entstammt einer Familie von mehreren Generationen an Theologen und Akademikern auf der einen, von Bürgermeistern auf der anderen Seite. Direkte Vorfahren von Uli Rothfuss sind Elias Sprengerus, ehemaliger evangelischer Abt des Klosters Hirsau zwischen 1663 und 1665, Prof. musices an der Universität Tübingen und Fürstlicher Rat beim Herzoglichen Hof Stuttgart, sowie der Vater dessen Frau, Johann Georg Sigwart, Theologieprofessor und drei Mal Rektor der Universität Tübingen ende des 16., Anfang des 17. Jahrhunderts. <a href="http://www.uli-rothfuss.de">www.uli-rothfuss.de</a></p>
<p>Lieferbare Titel von Uli Rothfuss:</p>
<ul>
<li><strong>vom atmen der steine</strong>, Gedichte. Mit sechs Zeichnungen von <strong>Frank Joachim Grossmann</strong> und einem Nachwort von <strong>Dr. Toni Bernhart</strong>. (LYRIK- Sammlung)  109 Seiten, ISBN: 978-3-937139-27-3. € [D]14,20</li>
<li><strong>Tu es, fang an, und die Welt wird sich ändern! </strong>Gedanken von<strong> Petra Kelly u</strong>nd Seiner Heiligkeit, dem XIV.<strong> Dalai Lama.</strong>; 64 Seiten, 21,0 × 21,0 cm; Hrsg. <a href="http://traian.pop-verlag.com/rothfuss.htm">Uli Rothfuss</a> für die Grace-P.-Kelly-Vereinigung zur Unterstützung krebs- kranker Kinder und ihrer Familien. ISBN: <strong>978-3-937139-61-6</strong>, € [D] 8,00</li>
<li><strong><a href="http://traian.pop-verlag.com/orhan_kemal.htm">Orhan Kemal</a>: </strong><em><a href="http://traian.pop-verlag.com/die_72__zelle.htm"><strong>Die 72. Zelle.</strong></a> </em>Aus dem Türkischen übersetzt von <strong><a href="http://traian.pop-verlag.com/achim_martin_wensien.htm">Achim Martin Wensien</a></strong> und überarbeitet von <a href="http://traian.pop-verlag.com/rothfuss.htm">Uli Rothfuss</a>. Prosa,  (EPIK- Sammlung); 154 Seiten,  ISBN: 978-3-937139-54-8, € [D]15,50</li>
<li><strong><a href="http://traian.pop-verlag.com/charlotte_ueckert.htm">Charlotte Ueckert</a> und <a href="http://traian.pop-verlag.com/manfred_chobot.htm">Manfred Chobot</a> (Hrsg.), <em><a href="http://traian.pop-verlag.com/seite33.htm">Der Jaguar im Spiegel. Ein KOGGE Lesebuch.</a></em></strong>Mit einem Vorwort von <a href="http://traian.pop-verlag.com/rothfuss.htm"><strong>Uli Rothfuss.</strong></a> (FRAGMENTARIUM- Sammlung); 342 Seiten,  ISBN: 978-3-937139-93-7. € [D]18,00</li>
<li><em><strong><a href="http://traian.pop-verlag.com/tannenmoerder.htm">Tannenmörder.</a></strong> </em>Erzählung. Mit zwölf Zeichnungen von <strong><a href="http://traian.pop-verlag.com/d_fleiss.htm">Dorothea Fleiss</a></strong> (EPIK- Sammlung); 46 Seiten,  ISBN: 978-3-86356-002-7. € [D]10,00.</li>
<li><a href="http://traian.pop-verlag.com/bist_du_der_elch.htm"><strong>Bist du der Elch? Auf der Spur des Glücks. Ty si ten los? Po stopách šťastia</strong>. </a>(Deutsch / Slowakisch) Aus dem Deutschen von Máriaková Bieli. ISBN: 978-3-86356-006-5. Eine Veröffentlichung in Zusammenarbeit mit der Fakultät für Geisteswissenschaften der Matei-Bel-Universität Banska Bystrica, Slowakische Republik. € [D] 8,00</li>
<li><strong><em><a href="http://traian.pop-verlag.com/978-3-86356-023-2.htm">mein fenster </a><a href="http://traian.pop-verlag.com/978-3-86356-023-2.htm">geöffnet. </a></em></strong>calw.raum.poetik.poetische momentaufnahmen:calw im schwarzwald.gedichte. (reihe raum.poetik, band 2, schwarzwald 1 ); 46 Seiten,  ISBN: 978-3-86356-023-2. Preis: 10,00 Euro.</li>
<li><em><strong><a href="http://traian.pop-verlag.com/978-3-86356-024-9.htm">als atmeten die häuser von istanbul. istanbul.</a> </strong></em>raum.poetik. poetische momentaufnahmen. istanbul/türkei. (reihe raum.poetik, band 4); 40 Seiten,  ISBN: 978-3-86356-024-9. € [D]10,00</li>
<li><a href="http://wp.pop-verlag.com/?p=490"><strong><em>Urbild der Stadt. Über die poetische Konstruktion einer Stadt Eintausend Jahre Kulturgeschichte in Calw und Hirsau im württembergischen Schwarzwald</em></strong><em><strong>. </strong></em></a>(Universitas Sammlung Band 7). 148 S. ISBN: 978-3-86356-060-7, € [D] 12,00</li>
<li><strong><a href="http://wp.pop-verlag.com/?p=400">usbekistan. sehnsuchtsort. die weite asiens im gesicht.</a> </strong>raum.poetik.tashkent/samrkand/buchara. Pop raum.poetik. ISBN 978-3-86356-093-5. 60 Seiten, € [D]11,00</li>
<li>trinken dich. und worte neu erfinden.Lyrik Reihe. ISBN 978-3-86356-093-5. 184 Seiten, € [D]19,90</li>
</ul>

<p>Uli Rothfuss, geb. 1961 in Ebershardt/Schwarzwald, lebt in Calw/Schwarzwald und Stein/Mittelfranken. Schriftsteller und Professor für Kulturwissenschaften, 2007-2013. Rektor der staatlich anerkannten IB-Hochschule Berlin. Ab 2013 leitet er als Akademierektor die Akademie Faber-Castell und das dort durchgeführte Hochschulprogramm Design, außerdem hat &hellip; <a class="more-link" href="https://wp.pop-verlag.com/?page_id=1216">Weiterlesen <span class="meta-nav">&rarr;</span></a></p>
