{"id":1158,"date":"2016-02-21T18:32:33","date_gmt":"2016-02-21T18:32:33","guid":{"rendered":"http:\/\/wp.pop-verlag.com\/?page_id=1158"},"modified":"2019-01-02T14:01:00","modified_gmt":"2019-01-02T14:01:00","slug":"papi","status":"publish","type":"page","link":"https:\/\/wp.pop-verlag.com\/?page_id=1158","title":{"rendered":"PAPI"},"content":{"rendered":"<p><img loading=\"lazy\" decoding=\"async\" class=\"alignleft wp-image-1157 size-medium\" src=\"http:\/\/wp.pop-verlag.com\/wp-content\/uploads\/2016\/02\/PAPI-1-300x200.jpg\" alt=\"PAPI 1\" width=\"300\" height=\"200\" srcset=\"https:\/\/wp.pop-verlag.com\/wp-content\/uploads\/2016\/02\/PAPI-1-300x200.jpg 300w, https:\/\/wp.pop-verlag.com\/wp-content\/uploads\/2016\/02\/PAPI-1-768x511.jpg 768w, https:\/\/wp.pop-verlag.com\/wp-content\/uploads\/2016\/02\/PAPI-1-1024x682.jpg 1024w, https:\/\/wp.pop-verlag.com\/wp-content\/uploads\/2016\/02\/PAPI-1-451x300.jpg 451w\" sizes=\"auto, (max-width: 300px) 100vw, 300px\" \/><br \/>\nPAPI Emilian Ro\u015fculescu, *1960 in Reschitz\/Re\u015fi\u0163a (Rum\u00e4nien). Im Juli<br \/>\n1989 flieht er \u00fcber die gr\u00fcne Grenze nach Deutschland. In seinen Projekten<br \/>\ngehen sprachliche, malerische, grafische, skulpturale und musikalische Ele-<br \/>\nmente ineinander auf, die den Leser\/Betrachter\/H\u00f6rer mit einem ebenso irritierenden wie ironischen k\u00fcnstlerischen Kosmos konfrontieren.<\/p>\n<p>Ausstellungen: Stuttgart (1996, 1998, 2000), Vert St. Denis (1999), Paris (1999),<br \/>\nSteinhagen\/Bielefeld (2000, 2001, 2002), Saint-Brisson-sur-Loire (2000), Ville<br \/>\nNouvelle de Senart (2001), M\u00fcnchen (2001, 2005, 2006), G\u00fctersloh (2001),<br \/>\nGeretsried (2002, 2004, 2005, 2006), Reschitz (2003), Schneverdingen (2004),<br \/>\nHolzkirchen (2005), Bad T\u00f6lz (2005). Publikationen: Deb\u00fct in den Anthologien Odysseus in Ithaka und Verse Verse Verse Verse (1988); Beitr\u00e4ge in Sammelb\u00e4nden (1994\u20131999); Teilnahme am Projekt Grenz\u00fcberschreitungen, Stuttgart, und Donaufestival, Ulm (2002); Ars post artem, Text und Bilder (2003); Manchmal sp\u00e4ter, Gedichte und Zeichnungen (2005). Mitarbeit als Autor, \u00dcbersetzer und Illustrator bei den Zeitschriften \u201eReflex\u201c, \u201eMatrix\u201c und \u201eDichtungsring\u201c. Seit 2009 Betreuung des Kulturzentrums in Wolfsberg\/G\u0103r\u00e2na im Banater Bergland (Rum\u00e4nien).<\/p>\n<p>&nbsp;<\/p>\n<p><span class=\"readonlyText multiple\">Lieferbare Titel von <a href=\"https:\/\/wp.pop-verlag.com\/?page_id=1158\">PAPI Emilian Ro\u015fculescu<\/a>:<\/span><\/p>\n<p><a href=\"https:\/\/wp.pop-verlag.com\/?p=3937\">Manchmal sp\u00e4ter<\/a>, Gedichte und Zeichnungen (2005).<\/p>\n<p><span lang=\"RO\"><a href=\"http:\/\/wp.pop-verlag.com\/?p=923\"><b><i><span class=\"readonlyText multiple\"><strong>Benedikt Dyrlich<\/strong><\/span>: IN DER FALLE. Leben und Poesie vor und nach der Wende.<\/i> <\/b><\/a> Mit 20 Grafiken von <b><a href=\"http:\/\/wp.pop-verlag.com\/?page_id=1066\"> Ines Arnemann<\/a><\/b> und einem Vorwort von Dietrich Scholze. (FRAGMENTARIUM Sammlung). 162 S.ISBN: 978-3-86356-083-6. Preis: 17,80 Euro<\/span><\/p>\n<p><a href=\"http:\/\/wp.pop-verlag.com\/?p=1152\"><span class=\"readonlyText\" title=\"Surreale Umarmung\">Surreale Umarmung<\/span><\/a>.\u00a0 <span class=\"readonlyText\" title=\"Wortkunst lyrisch und prosaisch. Mit 22 Grafiken von PAPI und einem Vorwort von Dietrich Scholze.\">Wortkunst lyrisch und prosaisch. Mit 22 Grafiken von <a href=\"http:\/\/wp.pop-verlag.com\/?page_id=1158\">PAPI<\/a> und einem Vorwort von Dietrich Scholze. (<\/span>Lyrik <span lang=\"RO\">Sammlung)<\/span>. 126 Seiten, 18,20 Euro. ISBN <span class=\"readonlyText\">978-3-86356-126-0<\/span><\/p>\n","protected":false},"excerpt":{"rendered":"<p>PAPI Emilian Ro\u015fculescu, *1960 in Reschitz\/Re\u015fi\u0163a (Rum\u00e4nien). Im Juli 1989 flieht er \u00fcber die gr\u00fcne Grenze nach Deutschland. In seinen Projekten gehen sprachliche, malerische, grafische, skulpturale und musikalische Ele- mente ineinander auf, die den Leser\/Betrachter\/H\u00f6rer mit einem ebenso irritierenden wie &hellip; <a class=\"more-link\" href=\"https:\/\/wp.pop-verlag.com\/?page_id=1158\">Weiterlesen <span class=\"meta-nav\">&rarr;<\/span><\/a><\/p>\n","protected":false},"author":2,"featured_media":0,"parent":706,"menu_order":0,"comment_status":"closed","ping_status":"closed","template":"","meta":{"footnotes":""},"class_list":["post-1158","page","type-page","status-publish","hentry"],"jetpack_sharing_enabled":true,"_links":{"self":[{"href":"https:\/\/wp.pop-verlag.com\/index.php?rest_route=\/wp\/v2\/pages\/1158","targetHints":{"allow":["GET"]}}],"collection":[{"href":"https:\/\/wp.pop-verlag.com\/index.php?rest_route=\/wp\/v2\/pages"}],"about":[{"href":"https:\/\/wp.pop-verlag.com\/index.php?rest_route=\/wp\/v2\/types\/page"}],"author":[{"embeddable":true,"href":"https:\/\/wp.pop-verlag.com\/index.php?rest_route=\/wp\/v2\/users\/2"}],"replies":[{"embeddable":true,"href":"https:\/\/wp.pop-verlag.com\/index.php?rest_route=%2Fwp%2Fv2%2Fcomments&post=1158"}],"version-history":[{"count":5,"href":"https:\/\/wp.pop-verlag.com\/index.php?rest_route=\/wp\/v2\/pages\/1158\/revisions"}],"predecessor-version":[{"id":3941,"href":"https:\/\/wp.pop-verlag.com\/index.php?rest_route=\/wp\/v2\/pages\/1158\/revisions\/3941"}],"up":[{"embeddable":true,"href":"https:\/\/wp.pop-verlag.com\/index.php?rest_route=\/wp\/v2\/pages\/706"}],"wp:attachment":[{"href":"https:\/\/wp.pop-verlag.com\/index.php?rest_route=%2Fwp%2Fv2%2Fmedia&parent=1158"}],"curies":[{"name":"wp","href":"https:\/\/api.w.org\/{rel}","templated":true}]}}

<p><img loading="lazy" decoding="async" class="alignleft wp-image-1157 size-medium" src="http://wp.pop-verlag.com/wp-content/uploads/2016/02/PAPI-1-300x200.jpg" alt="PAPI 1" width="300" height="200" srcset="https://wp.pop-verlag.com/wp-content/uploads/2016/02/PAPI-1-300x200.jpg 300w, https://wp.pop-verlag.com/wp-content/uploads/2016/02/PAPI-1-768x511.jpg 768w, https://wp.pop-verlag.com/wp-content/uploads/2016/02/PAPI-1-1024x682.jpg 1024w, https://wp.pop-verlag.com/wp-content/uploads/2016/02/PAPI-1-451x300.jpg 451w" sizes="auto, (max-width: 300px) 100vw, 300px" /><br />
PAPI Emilian Roşculescu, *1960 in Reschitz/Reşiţa (Rumänien). Im Juli<br />
1989 flieht er über die grüne Grenze nach Deutschland. In seinen Projekten<br />
gehen sprachliche, malerische, grafische, skulpturale und musikalische Ele-<br />
mente ineinander auf, die den Leser/Betrachter/Hörer mit einem ebenso irritierenden wie ironischen künstlerischen Kosmos konfrontieren.</p>
<p>Ausstellungen: Stuttgart (1996, 1998, 2000), Vert St. Denis (1999), Paris (1999),<br />
Steinhagen/Bielefeld (2000, 2001, 2002), Saint-Brisson-sur-Loire (2000), Ville<br />
Nouvelle de Senart (2001), München (2001, 2005, 2006), Gütersloh (2001),<br />
Geretsried (2002, 2004, 2005, 2006), Reschitz (2003), Schneverdingen (2004),<br />
Holzkirchen (2005), Bad Tölz (2005). Publikationen: Debüt in den Anthologien Odysseus in Ithaka und Verse Verse Verse Verse (1988); Beiträge in Sammelbänden (1994–1999); Teilnahme am Projekt Grenzüberschreitungen, Stuttgart, und Donaufestival, Ulm (2002); Ars post artem, Text und Bilder (2003); Manchmal später, Gedichte und Zeichnungen (2005). Mitarbeit als Autor, Übersetzer und Illustrator bei den Zeitschriften „Reflex“, „Matrix“ und „Dichtungsring“. Seit 2009 Betreuung des Kulturzentrums in Wolfsberg/Gărâna im Banater Bergland (Rumänien).</p>
<p>&nbsp;</p>
<p><span class="readonlyText multiple">Lieferbare Titel von <a href="https://wp.pop-verlag.com/?page_id=1158">PAPI Emilian Roşculescu</a>:</span></p>
<p><a href="https://wp.pop-verlag.com/?p=3937">Manchmal später</a>, Gedichte und Zeichnungen (2005).</p>
<p><span lang="RO"><a href="http://wp.pop-verlag.com/?p=923"><b><i><span class="readonlyText multiple"><strong>Benedikt Dyrlich</strong></span>: IN DER FALLE. Leben und Poesie vor und nach der Wende.</i> </b></a> Mit 20 Grafiken von <b><a href="http://wp.pop-verlag.com/?page_id=1066"> Ines Arnemann</a></b> und einem Vorwort von Dietrich Scholze. (FRAGMENTARIUM Sammlung). 162 S.ISBN: 978-3-86356-083-6. Preis: 17,80 Euro</span></p>
<p><a href="http://wp.pop-verlag.com/?p=1152"><span class="readonlyText" title="Surreale Umarmung">Surreale Umarmung</span></a>.  <span class="readonlyText" title="Wortkunst lyrisch und prosaisch. Mit 22 Grafiken von PAPI und einem Vorwort von Dietrich Scholze.">Wortkunst lyrisch und prosaisch. Mit 22 Grafiken von <a href="http://wp.pop-verlag.com/?page_id=1158">PAPI</a> und einem Vorwort von Dietrich Scholze. (</span>Lyrik <span lang="RO">Sammlung)</span>. 126 Seiten, 18,20 Euro. ISBN <span class="readonlyText">978-3-86356-126-0</span></p>

<p>PAPI Emilian Roşculescu, *1960 in Reschitz/Reşiţa (Rumänien). Im Juli 1989 flieht er über die grüne Grenze nach Deutschland. In seinen Projekten gehen sprachliche, malerische, grafische, skulpturale und musikalische Ele- mente ineinander auf, die den Leser/Betrachter/Hörer mit einem ebenso irritierenden wie &hellip; <a class="more-link" href="https://wp.pop-verlag.com/?page_id=1158">Weiterlesen <span class="meta-nav">&rarr;</span></a></p>
