{"id":1123,"date":"2016-01-10T18:23:41","date_gmt":"2016-01-10T18:23:41","guid":{"rendered":"http:\/\/wp.pop-verlag.com\/?page_id=1123"},"modified":"2016-01-10T18:54:27","modified_gmt":"2016-01-10T18:54:27","slug":"kurt-sigel","status":"publish","type":"page","link":"https:\/\/wp.pop-verlag.com\/?page_id=1123","title":{"rendered":"Kurt Sigel"},"content":{"rendered":"<p><a href=\"http:\/\/wp.pop-verlag.com\/wp-content\/uploads\/2016\/01\/Siegel_1.jpg\"><img loading=\"lazy\" decoding=\"async\" class=\"alignleft wp-image-1124 size-medium\" src=\"http:\/\/wp.pop-verlag.com\/wp-content\/uploads\/2016\/01\/Siegel_1-229x300.jpg\" alt=\"Siegel_1\" width=\"229\" height=\"300\" srcset=\"https:\/\/wp.pop-verlag.com\/wp-content\/uploads\/2016\/01\/Siegel_1-229x300.jpg 229w, https:\/\/wp.pop-verlag.com\/wp-content\/uploads\/2016\/01\/Siegel_1-781x1024.jpg 781w\" sizes=\"auto, (max-width: 229px) 100vw, 229px\" \/><\/a><strong><a href=\"http:\/\/wp.pop-verlag.com\/?page_id=1123\">Kurt Sigel<\/a><\/strong>, *3. August 1931 in Frankfurt am Main) ist ein deutscher Schriftsteller und bildender K\u00fcnstler.<br \/>\nKurt Sigel besuchte das Realgymnasium bis zur Mittleren Reife. Anschlie\u00dfend absolvierte er eine Ausbildung zum Schriftsetzer. Von 1952 bis 1954 war er in diesen Beruf t\u00e4tig, von 1954 bis 1956 arbeitete er als Typograf und Grafiker, und von 1956 bis 1967 war er freier Retuscheur und Grafiker. Nach drei Jahren als freier Schriftsteller leitete er ab 1971 eine Kunstgalerie. Seit 1982 lebt er als freier Schriftsteller und Maler in Frankfurt am Main.<br \/>\nKurt Sigel ver\u00f6ffentlichte neben seiner beruflichen T\u00e4tigkeit seit den F\u00fcnfzigerjahren Romane, Erz\u00e4hlungen, Gedichte und H\u00f6rspiele, teilweise auf Hochdeutsch, teilweise in Frankfurter Mundart. Als bildender K\u00fcnstler war er auf den Gebieten Malerei, Zeichnung und Fotografie aktiv.<br \/>\nKurt Sigel ist Mitglied des Deutschen PEN-Zentrums, des Verbands Deutscher Schriftsteller und der Schriftstellervereinigung \u201eDie Kogge\u201c. Er erhielt 1966 den F\u00f6rderpreis zum Kogge-Literaturpreis, 1983 und 1988 ein Arbeitsstipendium des Deutschen Literaturfonds sowie 1991 die Ehrenplakette der Stadt Frankfurt am Main.<\/p>\n<p>Lieferbare Titel von <strong><a href=\"http:\/\/wp.pop-verlag.com\/?page_id=1123\">Kurt Sigel<\/a>: <\/strong><\/p>\n<p><a href=\"http:\/\/wp.pop-verlag.com\/?p=1131\"><strong><strong>Gl\u00fcckloses Gl\u00fcck.<\/strong> Erotische Erz\u00e4hlungen und andere Prosa mit Liebesversen und Zeichnungen des Autors.\u00a0 <\/strong><\/a>(EPIK Sammlung). 308 S. ISBN: 978-3-86356-016-4,<strong> Preis: 17,80 \u20ac.<\/strong><\/p>\n<p><strong><a href=\"http:\/\/wp.pop-verlag.com\/?p=1126\">Babbel Cartoons\/ Babbel Texte.<\/a><\/strong> Mit Bemerkungen von Herbert Heckmann<br \/>\nund anderen Autoren. Mit 50 Cartoons von Kurt Sigel.94 Seiten. Fragmentarium Reihe. ISBN: 978-3-86356-037-9. 14,00\u20ac<\/p>\n<p>&nbsp;<\/p>\n","protected":false},"excerpt":{"rendered":"<p>Kurt Sigel, *3. August 1931 in Frankfurt am Main) ist ein deutscher Schriftsteller und bildender K\u00fcnstler. Kurt Sigel besuchte das Realgymnasium bis zur Mittleren Reife. Anschlie\u00dfend absolvierte er eine Ausbildung zum Schriftsetzer. Von 1952 bis 1954 war er in diesen &hellip; <a class=\"more-link\" href=\"https:\/\/wp.pop-verlag.com\/?page_id=1123\">Weiterlesen <span class=\"meta-nav\">&rarr;<\/span><\/a><\/p>\n","protected":false},"author":2,"featured_media":0,"parent":712,"menu_order":4,"comment_status":"closed","ping_status":"closed","template":"","meta":{"footnotes":""},"class_list":["post-1123","page","type-page","status-publish","hentry"],"jetpack_sharing_enabled":true,"_links":{"self":[{"href":"https:\/\/wp.pop-verlag.com\/index.php?rest_route=\/wp\/v2\/pages\/1123","targetHints":{"allow":["GET"]}}],"collection":[{"href":"https:\/\/wp.pop-verlag.com\/index.php?rest_route=\/wp\/v2\/pages"}],"about":[{"href":"https:\/\/wp.pop-verlag.com\/index.php?rest_route=\/wp\/v2\/types\/page"}],"author":[{"embeddable":true,"href":"https:\/\/wp.pop-verlag.com\/index.php?rest_route=\/wp\/v2\/users\/2"}],"replies":[{"embeddable":true,"href":"https:\/\/wp.pop-verlag.com\/index.php?rest_route=%2Fwp%2Fv2%2Fcomments&post=1123"}],"version-history":[{"count":4,"href":"https:\/\/wp.pop-verlag.com\/index.php?rest_route=\/wp\/v2\/pages\/1123\/revisions"}],"predecessor-version":[{"id":1139,"href":"https:\/\/wp.pop-verlag.com\/index.php?rest_route=\/wp\/v2\/pages\/1123\/revisions\/1139"}],"up":[{"embeddable":true,"href":"https:\/\/wp.pop-verlag.com\/index.php?rest_route=\/wp\/v2\/pages\/712"}],"wp:attachment":[{"href":"https:\/\/wp.pop-verlag.com\/index.php?rest_route=%2Fwp%2Fv2%2Fmedia&parent=1123"}],"curies":[{"name":"wp","href":"https:\/\/api.w.org\/{rel}","templated":true}]}}

<p><a href="http://wp.pop-verlag.com/wp-content/uploads/2016/01/Siegel_1.jpg"><img loading="lazy" decoding="async" class="alignleft wp-image-1124 size-medium" src="http://wp.pop-verlag.com/wp-content/uploads/2016/01/Siegel_1-229x300.jpg" alt="Siegel_1" width="229" height="300" srcset="https://wp.pop-verlag.com/wp-content/uploads/2016/01/Siegel_1-229x300.jpg 229w, https://wp.pop-verlag.com/wp-content/uploads/2016/01/Siegel_1-781x1024.jpg 781w" sizes="auto, (max-width: 229px) 100vw, 229px" /></a><strong><a href="http://wp.pop-verlag.com/?page_id=1123">Kurt Sigel</a></strong>, *3. August 1931 in Frankfurt am Main) ist ein deutscher Schriftsteller und bildender Künstler.<br />
Kurt Sigel besuchte das Realgymnasium bis zur Mittleren Reife. Anschließend absolvierte er eine Ausbildung zum Schriftsetzer. Von 1952 bis 1954 war er in diesen Beruf tätig, von 1954 bis 1956 arbeitete er als Typograf und Grafiker, und von 1956 bis 1967 war er freier Retuscheur und Grafiker. Nach drei Jahren als freier Schriftsteller leitete er ab 1971 eine Kunstgalerie. Seit 1982 lebt er als freier Schriftsteller und Maler in Frankfurt am Main.<br />
Kurt Sigel veröffentlichte neben seiner beruflichen Tätigkeit seit den Fünfzigerjahren Romane, Erzählungen, Gedichte und Hörspiele, teilweise auf Hochdeutsch, teilweise in Frankfurter Mundart. Als bildender Künstler war er auf den Gebieten Malerei, Zeichnung und Fotografie aktiv.<br />
Kurt Sigel ist Mitglied des Deutschen PEN-Zentrums, des Verbands Deutscher Schriftsteller und der Schriftstellervereinigung „Die Kogge“. Er erhielt 1966 den Förderpreis zum Kogge-Literaturpreis, 1983 und 1988 ein Arbeitsstipendium des Deutschen Literaturfonds sowie 1991 die Ehrenplakette der Stadt Frankfurt am Main.</p>
<p>Lieferbare Titel von <strong><a href="http://wp.pop-verlag.com/?page_id=1123">Kurt Sigel</a>: </strong></p>
<p><a href="http://wp.pop-verlag.com/?p=1131"><strong><strong>Glückloses Glück.</strong> Erotische Erzählungen und andere Prosa mit Liebesversen und Zeichnungen des Autors.  </strong></a>(EPIK Sammlung). 308 S. ISBN: 978-3-86356-016-4,<strong> Preis: 17,80 €.</strong></p>
<p><strong><a href="http://wp.pop-verlag.com/?p=1126">Babbel Cartoons/ Babbel Texte.</a></strong> Mit Bemerkungen von Herbert Heckmann<br />
und anderen Autoren. Mit 50 Cartoons von Kurt Sigel.94 Seiten. Fragmentarium Reihe. ISBN: 978-3-86356-037-9. 14,00€</p>
<p>&nbsp;</p>

<p>Kurt Sigel, *3. August 1931 in Frankfurt am Main) ist ein deutscher Schriftsteller und bildender Künstler. Kurt Sigel besuchte das Realgymnasium bis zur Mittleren Reife. Anschließend absolvierte er eine Ausbildung zum Schriftsetzer. Von 1952 bis 1954 war er in diesen &hellip; <a class="more-link" href="https://wp.pop-verlag.com/?page_id=1123">Weiterlesen <span class="meta-nav">&rarr;</span></a></p>
