{"id":1105,"date":"2015-12-26T18:51:35","date_gmt":"2015-12-26T18:51:35","guid":{"rendered":"http:\/\/wp.pop-verlag.com\/?page_id=1105"},"modified":"2018-12-09T14:45:58","modified_gmt":"2018-12-09T14:45:58","slug":"johanna-anderka","status":"publish","type":"page","link":"https:\/\/wp.pop-verlag.com\/?page_id=1105","title":{"rendered":"Johanna ANDERKA"},"content":{"rendered":"<p><a href=\"http:\/\/wp.pop-verlag.com\/?page_id=1105\"><strong><img loading=\"lazy\" decoding=\"async\" class=\"alignleft wp-image-2008 size-medium\" src=\"http:\/\/wp.pop-verlag.com\/wp-content\/uploads\/2015\/12\/Johanna-Anderka_-201x300.jpg\" alt=\"Johanna Anderka_\" width=\"201\" height=\"300\" srcset=\"https:\/\/wp.pop-verlag.com\/wp-content\/uploads\/2015\/12\/Johanna-Anderka_-201x300.jpg 201w, https:\/\/wp.pop-verlag.com\/wp-content\/uploads\/2015\/12\/Johanna-Anderka_-768x1148.jpg 768w, https:\/\/wp.pop-verlag.com\/wp-content\/uploads\/2015\/12\/Johanna-Anderka_-685x1024.jpg 685w, https:\/\/wp.pop-verlag.com\/wp-content\/uploads\/2015\/12\/Johanna-Anderka_.jpg 1196w\" sizes=\"auto, (max-width: 201px) 100vw, 201px\" \/>Johanna ANDERKA<\/strong><\/a>, *1933 in M\u00e4hrisch-Ostrau, Tschechoslowakei; seit 1950 in Ulm; freie Schriftstellerin; schreibt Lyrik, Kurzgeschichten und Erz\u00e4hlungen; ver\u00f6ffentlichte zuletzt \u201eSilbenhaus\u201c, \u201eZugeteilte Zeit\u201c, \u201eNamen geben den Zeichen\u201c, Edition L. Hockenheim; Auszeichnungen u.a. Lenau-Preis, Hafiz-Preis, Sudetendeutscher Kulturpreis f\u00fcr Literatur, Ehrengabe zum Andreas-Gryphius-Preis, Inge-Czernik-Lyrikpreis, Pro-Arte-Medaille der K\u00fcnstlergilde.<\/p>\n<p>&nbsp;<\/p>\n<p>&nbsp;<\/p>\n<p>&nbsp;<\/p>\n<p>&nbsp;<\/p>\n<p><span class=\"readonlyText multiple\">Lieferbare Titel von <a href=\"http:\/\/wp.pop-verlag.com\/?page_id=1105\"><strong>Johanna ANDERKA<\/strong><\/a>:<br \/>\n<\/span><\/p>\n<ul>\n<li><strong><a href=\"http:\/\/wp.pop-verlag.com\/?page_id=1683\">Heidrun Hamersky<\/a>, <a href=\"http:\/\/wp.pop-verlag.com\/?page_id=579\">Ilse Hehn,<\/a> <a href=\"http:\/\/wp.pop-verlag.com\/?page_id=1681\">Wolfgang Schlott<\/a> (Hrsg.): <a href=\"http:\/\/wp.pop-verlag.com\/?p=1678\">\u201eDie Sehnsucht, die ist mir so leicht\u201c Schreiben im Exil. <\/a><\/strong>Fragmentarium; 282 Seiten, 19,90 \u20ac<br \/>\nISBN 978-3-86356-131-4<\/li>\n<li><strong><a href=\"http:\/\/wp.pop-verlag.com\/?page_id=1105\">Johanna Anderka<\/a>: <a href=\"http:\/\/wp.pop-verlag.com\/?p=2003\">\u201eDIE WIRKLICHKEIT DER BILDER\u201c. <\/a><\/strong>Gedichte. Mit eine Monotypie und ein Aquarell von <strong><a href=\"http:\/\/wp.pop-verlag.com\/?page_id=579\">Ilse Hehn<\/a><\/strong>. 68 Seiten, ISBN: 978-3-86356-147-5, 14,50 \u20ac<\/li>\n<li><a href=\"https:\/\/wp.pop-verlag.com\/?p=3828\"><strong>Alles was blieb<\/strong><\/a>. Gedichte. mit Collagen und Papierarbeiten von <strong><a href=\"http:\/\/wp.pop-verlag.com\/?page_id=579\">Ilse Hehn<\/a><\/strong>. 90 Seiten, Lyrikreihe Bd. 122, ISBN: 978-3-86356-235-9, 14,50 \u20ac<\/li>\n<\/ul>\n<p>&nbsp;<\/p>\n","protected":false},"excerpt":{"rendered":"<p>Johanna ANDERKA, *1933 in M\u00e4hrisch-Ostrau, Tschechoslowakei; seit 1950 in Ulm; freie Schriftstellerin; schreibt Lyrik, Kurzgeschichten und Erz\u00e4hlungen; ver\u00f6ffentlichte zuletzt \u201eSilbenhaus\u201c, \u201eZugeteilte Zeit\u201c, \u201eNamen geben den Zeichen\u201c, Edition L. Hockenheim; Auszeichnungen u.a. Lenau-Preis, Hafiz-Preis, Sudetendeutscher Kulturpreis f\u00fcr Literatur, Ehrengabe zum Andreas-Gryphius-Preis, &hellip; <a class=\"more-link\" href=\"https:\/\/wp.pop-verlag.com\/?page_id=1105\">Weiterlesen <span class=\"meta-nav\">&rarr;<\/span><\/a><\/p>\n","protected":false},"author":2,"featured_media":0,"parent":658,"menu_order":4,"comment_status":"closed","ping_status":"closed","template":"","meta":{"footnotes":""},"class_list":["post-1105","page","type-page","status-publish","hentry"],"jetpack_sharing_enabled":true,"_links":{"self":[{"href":"https:\/\/wp.pop-verlag.com\/index.php?rest_route=\/wp\/v2\/pages\/1105","targetHints":{"allow":["GET"]}}],"collection":[{"href":"https:\/\/wp.pop-verlag.com\/index.php?rest_route=\/wp\/v2\/pages"}],"about":[{"href":"https:\/\/wp.pop-verlag.com\/index.php?rest_route=\/wp\/v2\/types\/page"}],"author":[{"embeddable":true,"href":"https:\/\/wp.pop-verlag.com\/index.php?rest_route=\/wp\/v2\/users\/2"}],"replies":[{"embeddable":true,"href":"https:\/\/wp.pop-verlag.com\/index.php?rest_route=%2Fwp%2Fv2%2Fcomments&post=1105"}],"version-history":[{"count":5,"href":"https:\/\/wp.pop-verlag.com\/index.php?rest_route=\/wp\/v2\/pages\/1105\/revisions"}],"predecessor-version":[{"id":3835,"href":"https:\/\/wp.pop-verlag.com\/index.php?rest_route=\/wp\/v2\/pages\/1105\/revisions\/3835"}],"up":[{"embeddable":true,"href":"https:\/\/wp.pop-verlag.com\/index.php?rest_route=\/wp\/v2\/pages\/658"}],"wp:attachment":[{"href":"https:\/\/wp.pop-verlag.com\/index.php?rest_route=%2Fwp%2Fv2%2Fmedia&parent=1105"}],"curies":[{"name":"wp","href":"https:\/\/api.w.org\/{rel}","templated":true}]}}

<p><a href="http://wp.pop-verlag.com/?page_id=1105"><strong><img loading="lazy" decoding="async" class="alignleft wp-image-2008 size-medium" src="http://wp.pop-verlag.com/wp-content/uploads/2015/12/Johanna-Anderka_-201x300.jpg" alt="Johanna Anderka_" width="201" height="300" srcset="https://wp.pop-verlag.com/wp-content/uploads/2015/12/Johanna-Anderka_-201x300.jpg 201w, https://wp.pop-verlag.com/wp-content/uploads/2015/12/Johanna-Anderka_-768x1148.jpg 768w, https://wp.pop-verlag.com/wp-content/uploads/2015/12/Johanna-Anderka_-685x1024.jpg 685w, https://wp.pop-verlag.com/wp-content/uploads/2015/12/Johanna-Anderka_.jpg 1196w" sizes="auto, (max-width: 201px) 100vw, 201px" />Johanna ANDERKA</strong></a>, *1933 in Mährisch-Ostrau, Tschechoslowakei; seit 1950 in Ulm; freie Schriftstellerin; schreibt Lyrik, Kurzgeschichten und Erzählungen; veröffentlichte zuletzt „Silbenhaus“, „Zugeteilte Zeit“, „Namen geben den Zeichen“, Edition L. Hockenheim; Auszeichnungen u.a. Lenau-Preis, Hafiz-Preis, Sudetendeutscher Kulturpreis für Literatur, Ehrengabe zum Andreas-Gryphius-Preis, Inge-Czernik-Lyrikpreis, Pro-Arte-Medaille der Künstlergilde.</p>
<p>&nbsp;</p>
<p>&nbsp;</p>
<p>&nbsp;</p>
<p>&nbsp;</p>
<p><span class="readonlyText multiple">Lieferbare Titel von <a href="http://wp.pop-verlag.com/?page_id=1105"><strong>Johanna ANDERKA</strong></a>:<br />
</span></p>
<ul>
<li><strong><a href="http://wp.pop-verlag.com/?page_id=1683">Heidrun Hamersky</a>, <a href="http://wp.pop-verlag.com/?page_id=579">Ilse Hehn,</a> <a href="http://wp.pop-verlag.com/?page_id=1681">Wolfgang Schlott</a> (Hrsg.): <a href="http://wp.pop-verlag.com/?p=1678">„Die Sehnsucht, die ist mir so leicht“ Schreiben im Exil. </a></strong>Fragmentarium; 282 Seiten, 19,90 €<br />
ISBN 978-3-86356-131-4</li>
<li><strong><a href="http://wp.pop-verlag.com/?page_id=1105">Johanna Anderka</a>: <a href="http://wp.pop-verlag.com/?p=2003">„DIE WIRKLICHKEIT DER BILDER“. </a></strong>Gedichte. Mit eine Monotypie und ein Aquarell von <strong><a href="http://wp.pop-verlag.com/?page_id=579">Ilse Hehn</a></strong>. 68 Seiten, ISBN: 978-3-86356-147-5, 14,50 €</li>
<li><a href="https://wp.pop-verlag.com/?p=3828"><strong>Alles was blieb</strong></a>. Gedichte. mit Collagen und Papierarbeiten von <strong><a href="http://wp.pop-verlag.com/?page_id=579">Ilse Hehn</a></strong>. 90 Seiten, Lyrikreihe Bd. 122, ISBN: 978-3-86356-235-9, 14,50 €</li>
</ul>
<p>&nbsp;</p>

<p>Johanna ANDERKA, *1933 in Mährisch-Ostrau, Tschechoslowakei; seit 1950 in Ulm; freie Schriftstellerin; schreibt Lyrik, Kurzgeschichten und Erzählungen; veröffentlichte zuletzt „Silbenhaus“, „Zugeteilte Zeit“, „Namen geben den Zeichen“, Edition L. Hockenheim; Auszeichnungen u.a. Lenau-Preis, Hafiz-Preis, Sudetendeutscher Kulturpreis für Literatur, Ehrengabe zum Andreas-Gryphius-Preis, &hellip; <a class="more-link" href="https://wp.pop-verlag.com/?page_id=1105">Weiterlesen <span class="meta-nav">&rarr;</span></a></p>
