{"id":1087,"date":"2015-12-26T17:30:22","date_gmt":"2015-12-26T17:30:22","guid":{"rendered":"http:\/\/wp.pop-verlag.com\/?page_id=1087"},"modified":"2023-09-25T07:54:55","modified_gmt":"2023-09-25T07:54:55","slug":"theo-breuer","status":"publish","type":"page","link":"https:\/\/wp.pop-verlag.com\/?page_id=1087","title":{"rendered":"Theo Breuer"},"content":{"rendered":"<p><img loading=\"lazy\" decoding=\"async\" class=\"alignleft wp-image-4056 size-medium\" src=\"https:\/\/wp.pop-verlag.com\/wp-content\/uploads\/2019\/03\/Theo-Breuer-300x225.jpg\" alt=\"\" width=\"300\" height=\"225\" srcset=\"https:\/\/wp.pop-verlag.com\/wp-content\/uploads\/2019\/03\/Theo-Breuer-300x225.jpg 300w, https:\/\/wp.pop-verlag.com\/wp-content\/uploads\/2019\/03\/Theo-Breuer-768x576.jpg 768w, https:\/\/wp.pop-verlag.com\/wp-content\/uploads\/2019\/03\/Theo-Breuer-1024x768.jpg 1024w, https:\/\/wp.pop-verlag.com\/wp-content\/uploads\/2019\/03\/Theo-Breuer-400x300.jpg 400w\" sizes=\"auto, (max-width: 300px) 100vw, 300px\" \/><strong><a href=\"http:\/\/wp.pop-verlag.com\/?page_id=1087\">Theo Breuer<\/a><\/strong> wurde 1956 in B\u00fcrvenich (Rheinland) geboren und lebt seit 1984 in Sistig im Nationalpark Eifel. Er schreibt in erster Linie Essays und Gedichte. Seit 1988 hat er Gedichtb\u00fccher sowie Monographien zur zeitgen\u00f6ssischen Poesie ver\u00f6ffentlicht, darunter Mittendrin (1991), Der blaue Schmetterling (1993\/94), Das letzte Wort hat Brinkmann (1996), Ohne Punkt &amp; Komma. Lyrik in den 90er Jahren (1999), Land Stadt Flucht (2002), Aus dem Hinterland. Lyrik nach 2000 (2005), Word Theatre. Visuelle Poesie (2007), Kiesel &amp; Kastanie. Von neuen Gedichten und Geschichten (2008), Das gewonnene Alphabet (2012) sowie Zischender Zustand \u2219 Mayr\u00f6cker Time (2017). F\u00fcr die Edition YE (die er 1993 gr\u00fcndete), die edition bauwagen und den Pop Verlag hat Breuer allerlei Anthologien, Einzeltitel, K\u00fcnstlerb\u00fccher und Zeitschriften ediert, so etwa NordwestS\u00fcdOst. Gedichte f\u00fcr Zeitgenossen (2003), In ein anderes Blau (2005), Matrix 28. Atmendes Alphabet f\u00fcr Friederike Mayr\u00f6cker (2012), Matrix 29. Jeder auf seine Art f\u00fcr Hans Bender (2012), Matrix 36. Axel Kutsch spannt Versnetze \u00fcbers Wortland (2014) und Hans Bender, Hinter die dunkle T\u00fcr. Vierzeiler 2013 \u2013 2015 (2019). Seit dem 20. Dezember 2013 h\u00e4ngt er auf Petersburger Art zeitgen\u00f6ssische \u203aGem\u00e4ldegedichte\u2039 ins virtuelle Rote Haus im Park. \u00bbteil seiner ganzen lebensarbeit ist ja wohl auch, durch \u00fcbersteigerte ordnung subversive unordnung und verwischung der grenzen zu schaffen\u00ab (Crauss.)<\/p>\n<h2 class=\"blog-single-title\">Auf Seiten der Menschlichkeit: Theo Breuer<\/h2>\n<div class=\"blog-single-meta\"><time class=\"mk-post-date\" datetime=\"2022-07-05\"><a href=\"https:\/\/hinter-den-schlagzeilen.de\/2022\/07\">5. Juli 2022,\u00a0<\/a><\/time> in <a href=\"https:\/\/hinter-den-schlagzeilen.de\/category\/featured\" rel=\"category tag\">FEATURED<\/a>, <a href=\"https:\/\/hinter-den-schlagzeilen.de\/category\/xautoren\/holdger-platta\" rel=\"category tag\">Holdger Platta<\/a>,<\/div>\n<div class=\"blog-share-container\">\n<div class=\"blog-single-share mk-toggle-trigger\"><\/div>\n<\/div>\n<div class=\"mk-single-content clearfix\">\n<div id=\"attachment_62263\" class=\"wp-caption alignleft\">\n<p><img loading=\"lazy\" decoding=\"async\" class=\"wp-image-62263 size-medium\" src=\"https:\/\/hinter-den-schlagzeilen.de\/wp-content\/uploads\/2022\/07\/theobreuer-scaled-225x300.jpg\" sizes=\"auto, (max-width: 225px) 100vw, 225px\" srcset=\"https:\/\/hinter-den-schlagzeilen.de\/wp-content\/uploads\/2022\/07\/theobreuer-scaled-225x300.jpg 225w, https:\/\/hinter-den-schlagzeilen.de\/wp-content\/uploads\/2022\/07\/theobreuer-768x1024.jpg 768w, https:\/\/hinter-den-schlagzeilen.de\/wp-content\/uploads\/2022\/07\/theobreuer-1152x1536.jpg 1152w, https:\/\/hinter-den-schlagzeilen.de\/wp-content\/uploads\/2022\/07\/theobreuer-1536x2048.jpg 1536w, https:\/\/hinter-den-schlagzeilen.de\/wp-content\/uploads\/2022\/07\/theobreuer-scaled.jpg 1920w\" alt=\"\" width=\"225\" height=\"300\" aria-describedby=\"caption-attachment-62263\" \/><\/p>\n<p id=\"caption-attachment-62263\" class=\"wp-caption-text\">Theo Breuer<\/p>\n<\/div>\n<p>Stimmt, liebe HdS-Leserinnen und liebe HdS-Leser: lange habt Ihr unter diesem Titel \u201eAuf Seiten der Menschlichkeit\u201c nichts mehr lesen k\u00f6nnen bei uns! \u2013 Gedichte also, die wahrhaft dieser \u00dcberschrift entsprechen, Gedichte, die zudem von hoher Qualit\u00e4t sind. Heute will ich Euch endlich wieder einmal ein solches Gedicht vorstellen \u2013 und den Autor dieses Gedichtes selbstverst\u00e4ndlich gleich mit. <strong>Holdger Platta<span style=\"color: #993366;\"> <a style=\"color: #993366;\" href=\"https:\/\/hinter-den-schlagzeilen.de\/auf-seiten-der-menschlichkeit-theo-breuer\">(weiterlesen)<\/a><\/span><\/strong><span id=\"more-62262\"><\/span><\/p>\n<\/div>\n<h5><\/h5>\n<h5>S\u00fcddeutsche Zeitung, Mittwoch, 29. Dezember 2021, Nr.301, B\u00fccher des Jahres. Schriftstellerinnen und Intellektuelle beantworten die Frage: Welche Lekt\u00fcre war f\u00fcr sie in diesem Jahr besonders wichtig? Norbert Scheuer: &#8222;Mein Buch des Jahres ist Theo Breuers neuer Lyrikband \u201eNicht weniger nicht mehr\u201c (Pop Verlag, Ludwigsburg 2021, 129 Seiten, 15 Euro). &#8230;&#8220;<\/h5>\n<h5><img loading=\"lazy\" decoding=\"async\" class=\"alignleft wp-image-6074 size-full\" src=\"https:\/\/wp.pop-verlag.com\/wp-content\/uploads\/2021\/12\/sdz.jpg\" alt=\"\" width=\"850\" height=\"765\" srcset=\"https:\/\/wp.pop-verlag.com\/wp-content\/uploads\/2021\/12\/sdz.jpg 850w, https:\/\/wp.pop-verlag.com\/wp-content\/uploads\/2021\/12\/sdz-300x270.jpg 300w, https:\/\/wp.pop-verlag.com\/wp-content\/uploads\/2021\/12\/sdz-768x691.jpg 768w, https:\/\/wp.pop-verlag.com\/wp-content\/uploads\/2021\/12\/sdz-333x300.jpg 333w\" sizes=\"auto, (max-width: 850px) 100vw, 850px\" \/>Lieferbare Titel von <strong><a href=\"http:\/\/wp.pop-verlag.com\/?page_id=1087\">Theo Breuer<\/a><\/strong>:<\/h5>\n<ul>\n<li><a href=\"https:\/\/wp.pop-verlag.com\/?p=233\"><strong>Das gewonnene Alphabet<\/strong><\/a>. Gedichte. 122 Seiten. Reihe Lyrik Bd. 54. ISBN 978-3-86356-039-3. <strong>2012<\/strong>. \u20ac[D]12,00.<\/li>\n<li><strong><a href=\"http:\/\/wp.pop-verlag.com\/?p=2366\">Zischender Zustand. Mayr\u00f6cker Time<\/a><\/strong>. Reihe Lesezeichen Bd. 1. ISBN 978-3-86356-152-9. 200 Seiten. <strong>2017<\/strong>. \u20ac[D]16,90.<\/li>\n<li><strong><a href=\"https:\/\/wp.pop-verlag.com\/?p=4048\">Scherben saufen.\u00a0<\/a><\/strong> 171 Seiten. Reihe Lyrik Bd. 129. ISBN 978-3-86356-265-6. <strong>2019<\/strong>. \u20ac[D]15,90.<\/li>\n<li><strong><a href=\"https:\/\/wp.pop-verlag.com\/?p=4436\">Winterbienen im Urftland.<\/a><a href=\"https:\/\/wp.pop-verlag.com\/?p=4436\"> Empfundene \/ erfundene Welten in Norbert Scheuers Gedichten und Geschichten<\/a><\/strong>. 128 Seiten. Reihe Lesezeichen Bd. 5. ISBN 978-3-86356-277-9. <strong>2019<\/strong>. \u20ac[D]12,80.<\/li>\n<\/ul>\n<ul>\n<li><a href=\"https:\/\/wp.pop-verlag.com\/?p=5498\"><strong>nicht weniger nicht mehr. <\/strong>\u203aGedichte\u2039<\/a>. <strong><a href=\"https:\/\/wp.pop-verlag.com\/?p=5498\">\u00a0<\/a><\/strong>Nachwort: <a href=\"https:\/\/wp.pop-verlag.com\/?page_id=1475\">Dato Barbakadse<\/a>. \u00dcbersetzung \/ Nachdichtung: <strong><a href=\"http:\/\/wp.pop-verlag.com\/?page_id=1087\">Theo Breuer<\/a><\/strong>. Reihe Lyrik Bd. 151, 133 Seiten, ISBN 978-3-86356-317-2. <strong>2021<\/strong> \u20ac[D]14,50.<\/li>\n<li><em><a href=\"https:\/\/wp.pop-verlag.com\/?p=6736\">Vorschlag zur Bl\u00fcte<\/a>. <\/em>Gedichte, Reihe Lyrik Bd. 179, 206 Seiten, ISBN 978-3-86356-371-4, \u20ac[D]18,50.<\/li>\n<\/ul>\n<p><em>Herausgabe <\/em><\/p>\n<p>Matrix <em>\u00a0<\/em><\/p>\n<ul>\n<li><strong>Matrix 28<em>. <\/em>Atmendes Alphabet f\u00fcr <a href=\"https:\/\/www.edition-matrix.com\/matrix-22012-28-%e2%80%a2-atmendes-alphabet-fuer-friederike-mayroecker\/\">Friederike Mayr\u00f6cker<\/a><\/strong>. 294 Seiten. <strong>2012<\/strong>. ISSN 1861-8006. \u20ac[D]10,00.<\/li>\n<li><strong><a href=\"https:\/\/www.edition-matrix.com\/matrix-42012-30-%e2%80%a2-jeder-auf-seine-art-fuer-hans-bender\/\">Matrix 29. Jeder auf seine Art f\u00fcr Hans Bender<\/a><\/strong>. 200 Seiten. <strong>2012<\/strong>. ISSN 1861-8006. \u20ac[D]10,00.<\/li>\n<li><strong><a href=\"https:\/\/www.edition-matrix.com\/matrix-februar-2014-axel-kutsch\/\">Matrix 36. Axel Kutsch spannt Versnetze \u00fcbers Wortland<\/a><\/strong>. 242 Seiten. <strong>2014<\/strong>. ISSN 1861-8006. \u20ac[D]10,00.<\/li>\n<li><strong>Matrix 58<em>.<\/em> Zwanzig Tage \u2013 zwanzig Romane\u00a0: Ein Buchspiel<\/strong><strong>. <\/strong>228 Seiten. <strong>2019<\/strong>. ISSN 1861-8006. \u20ac[D]15,00.<\/li>\n<\/ul>\n<p>Einzeltitel<\/p>\n<ul>\n<li><strong><a href=\"https:\/\/wp.pop-verlag.com\/?p=4064\">Hinter die dunkle T\u00fcr<\/a><\/strong>. Vierzeiler 2013 \u2013 2015.\u00a0 Vorwort und <em>Gespr\u00e4ch mit Hans Bender<\/em> von Theo Breuer. 137 Seiten. Lyrik Bd. 125. ISBN 978-3-86356-257-1. <strong>2019<\/strong>. \u20ac[D]14,90.\u00a0<em><br \/>\n<\/em><\/li>\n<\/ul>\n<p><em>\u00dcbertragung<\/em><em>\u00a0<\/em><\/p>\n<ul>\n<li><strong><a href=\"https:\/\/wp.pop-verlag.com\/?p=4410\">Admiel Kosman:\u00a0 Aus dem Zwischen des Hohelied<\/a>s<\/strong>. Ausgew\u00e4hlte Gedichte.\u00a0Aus dem Hebr\u00e4ischen \u00fcbertragen von Edith Lutz in Zusammenarbeit mit Theo Breuer und Udi Levy. Mit Vor- und Nachwort herausgegeben von Edith Lutz. 116 Seiten. Lyrik Bd. 132. <strong>2019<\/strong>. ISBN 978-3-86356-271-7. \u20ac[D]12,80.<\/li>\n<li><strong><a href=\"http:\/\/wp.pop-verlag.com\/?page_id=1475\">Dato Barbakadse<\/a>: <a href=\"https:\/\/wp.pop-verlag.com\/?p=5624\">Und so weiter. Sieben Haiku-Kr\u00e4nze.<\/a><\/strong> Aus dem Georgischen \u00fcbersetzt von Maja Lisowski. Nachdichtung von Theo Breuer. KAUKASISCHE BIBLIOTHEK BAND 31. Reihe Lyrik Bd.157. 137 Seiten. 2021. ISBN 978-3-86356-322-6, \u20ac [D]15,90.<\/li>\n<li><strong><span class=\"readonlyText multiple\"><a href=\"https:\/\/wp.pop-verlag.com\/?page_id=6005\">Tian He<\/a>:<\/span> <a href=\"https:\/\/wp.pop-verlag.com\/?p=5991\">Taschen voller Wind. 99 Gedichte.<\/a> <\/strong>Mit acht Bildern von <a href=\"https:\/\/wp.pop-verlag.com\/?page_id=6012\">Anna Mgaloblischwili<\/a>. Nachwort: <a href=\"https:\/\/wp.pop-verlag.com\/?page_id=1475\">Dato Barbakadse<\/a>. \u00dcbersetzung \/ Nachdichtung: <strong><a href=\"http:\/\/wp.pop-verlag.com\/?page_id=1087\">Theo Breuer<\/a><\/strong>. Reihe Lyrik Band 169. 160 Seiten. 2021. ISBN 978-3-86356-345-5, \u20ac [D]19,90.<\/li>\n<\/ul>\n","protected":false},"excerpt":{"rendered":"<p>Theo Breuer wurde 1956 in B\u00fcrvenich (Rheinland) geboren und lebt seit 1984 in Sistig im Nationalpark Eifel. Er schreibt in erster Linie Essays und Gedichte. Seit 1988 hat er Gedichtb\u00fccher sowie Monographien zur zeitgen\u00f6ssischen Poesie ver\u00f6ffentlicht, darunter Mittendrin (1991), Der &hellip; <a class=\"more-link\" href=\"https:\/\/wp.pop-verlag.com\/?page_id=1087\">Weiterlesen <span class=\"meta-nav\">&rarr;<\/span><\/a><\/p>\n","protected":false},"author":2,"featured_media":0,"parent":660,"menu_order":3,"comment_status":"closed","ping_status":"closed","template":"","meta":{"footnotes":""},"class_list":["post-1087","page","type-page","status-publish","hentry"],"jetpack_sharing_enabled":true,"_links":{"self":[{"href":"https:\/\/wp.pop-verlag.com\/index.php?rest_route=\/wp\/v2\/pages\/1087","targetHints":{"allow":["GET"]}}],"collection":[{"href":"https:\/\/wp.pop-verlag.com\/index.php?rest_route=\/wp\/v2\/pages"}],"about":[{"href":"https:\/\/wp.pop-verlag.com\/index.php?rest_route=\/wp\/v2\/types\/page"}],"author":[{"embeddable":true,"href":"https:\/\/wp.pop-verlag.com\/index.php?rest_route=\/wp\/v2\/users\/2"}],"replies":[{"embeddable":true,"href":"https:\/\/wp.pop-verlag.com\/index.php?rest_route=%2Fwp%2Fv2%2Fcomments&post=1087"}],"version-history":[{"count":25,"href":"https:\/\/wp.pop-verlag.com\/index.php?rest_route=\/wp\/v2\/pages\/1087\/revisions"}],"predecessor-version":[{"id":6745,"href":"https:\/\/wp.pop-verlag.com\/index.php?rest_route=\/wp\/v2\/pages\/1087\/revisions\/6745"}],"up":[{"embeddable":true,"href":"https:\/\/wp.pop-verlag.com\/index.php?rest_route=\/wp\/v2\/pages\/660"}],"wp:attachment":[{"href":"https:\/\/wp.pop-verlag.com\/index.php?rest_route=%2Fwp%2Fv2%2Fmedia&parent=1087"}],"curies":[{"name":"wp","href":"https:\/\/api.w.org\/{rel}","templated":true}]}}