{"id":1066,"date":"2015-12-25T19:33:41","date_gmt":"2015-12-25T19:33:41","guid":{"rendered":"http:\/\/wp.pop-verlag.com\/?page_id=1066"},"modified":"2015-12-25T19:34:16","modified_gmt":"2015-12-25T19:34:16","slug":"ines-arnemann","status":"publish","type":"page","link":"https:\/\/wp.pop-verlag.com\/?page_id=1066","title":{"rendered":"Ines Arnemann"},"content":{"rendered":"<p><strong><a href=\"http:\/\/traian.pop-verlag.com\/ines_arnemann.htm\"> Ines Arnemann<\/a><\/strong>, geb.1957 in Bleicherode\/Harz. 1978 -1983 Studium an der Hochschule f\u00fcr Grafik und Buchkunst Leipzig, 1983 Diplom, seitdem freischaffend als Maler, Grafiker, Illustrator, Kost\u00fcm- und B\u00fchnenbildner, Kunst am Bau und Besch\u00e4ftigung mit <a href=\"http:\/\/www.arne-kunst.de\">www.arne-kunst.de<\/a> <a href=\"http:\/\/www.g360gradbb.de\">www.g360gradbb.de<\/a><\/p>\n<p>Lieferbare Titel von <strong><a href=\"http:\/\/traian.pop-verlag.com\/ines_arnemann.htm\"> Ines Arnemann:<\/a><\/strong><\/p>\n<p><span lang=\"RO\"><a href=\"http:\/\/wp.pop-verlag.com\/?p=923\"><b><i>IN DER FALLE. Leben und Poesie vor und nach der Wende.<\/i> <\/b><\/a> Mit 20 Grafiken von <b><a href=\"http:\/\/traian.pop-verlag.com\/ines_arnemann.htm\"> Ines Arnemann<\/a><\/b> und einem Vorwort von Dietrich Scholze. (FRAGMENTARIUM Sammlung). 162 S.ISBN: 978-3-86356-083-6. Preis: 17,80 Euro<\/span><\/p>\n","protected":false},"excerpt":{"rendered":"<p>Ines Arnemann, geb.1957 in Bleicherode\/Harz. 1978 -1983 Studium an der Hochschule f\u00fcr Grafik und Buchkunst Leipzig, 1983 Diplom, seitdem freischaffend als Maler, Grafiker, Illustrator, Kost\u00fcm- und B\u00fchnenbildner, Kunst am Bau und Besch\u00e4ftigung mit www.arne-kunst.de www.g360gradbb.de Lieferbare Titel von Ines Arnemann: &hellip; <a class=\"more-link\" href=\"https:\/\/wp.pop-verlag.com\/?page_id=1066\">Weiterlesen <span class=\"meta-nav\">&rarr;<\/span><\/a><\/p>\n","protected":false},"author":2,"featured_media":0,"parent":658,"menu_order":4,"comment_status":"closed","ping_status":"closed","template":"","meta":{"footnotes":""},"class_list":["post-1066","page","type-page","status-publish","hentry"],"jetpack_sharing_enabled":true,"_links":{"self":[{"href":"https:\/\/wp.pop-verlag.com\/index.php?rest_route=\/wp\/v2\/pages\/1066","targetHints":{"allow":["GET"]}}],"collection":[{"href":"https:\/\/wp.pop-verlag.com\/index.php?rest_route=\/wp\/v2\/pages"}],"about":[{"href":"https:\/\/wp.pop-verlag.com\/index.php?rest_route=\/wp\/v2\/types\/page"}],"author":[{"embeddable":true,"href":"https:\/\/wp.pop-verlag.com\/index.php?rest_route=\/wp\/v2\/users\/2"}],"replies":[{"embeddable":true,"href":"https:\/\/wp.pop-verlag.com\/index.php?rest_route=%2Fwp%2Fv2%2Fcomments&post=1066"}],"version-history":[{"count":2,"href":"https:\/\/wp.pop-verlag.com\/index.php?rest_route=\/wp\/v2\/pages\/1066\/revisions"}],"predecessor-version":[{"id":1068,"href":"https:\/\/wp.pop-verlag.com\/index.php?rest_route=\/wp\/v2\/pages\/1066\/revisions\/1068"}],"up":[{"embeddable":true,"href":"https:\/\/wp.pop-verlag.com\/index.php?rest_route=\/wp\/v2\/pages\/658"}],"wp:attachment":[{"href":"https:\/\/wp.pop-verlag.com\/index.php?rest_route=%2Fwp%2Fv2%2Fmedia&parent=1066"}],"curies":[{"name":"wp","href":"https:\/\/api.w.org\/{rel}","templated":true}]}}

<p><strong><a href="http://traian.pop-verlag.com/ines_arnemann.htm"> Ines Arnemann</a></strong>, geb.1957 in Bleicherode/Harz. 1978 -1983 Studium an der Hochschule für Grafik und Buchkunst Leipzig, 1983 Diplom, seitdem freischaffend als Maler, Grafiker, Illustrator, Kostüm- und Bühnenbildner, Kunst am Bau und Beschäftigung mit <a href="http://www.arne-kunst.de">www.arne-kunst.de</a> <a href="http://www.g360gradbb.de">www.g360gradbb.de</a></p>
<p>Lieferbare Titel von <strong><a href="http://traian.pop-verlag.com/ines_arnemann.htm"> Ines Arnemann:</a></strong></p>
<p><span lang="RO"><a href="http://wp.pop-verlag.com/?p=923"><b><i>IN DER FALLE. Leben und Poesie vor und nach der Wende.</i> </b></a> Mit 20 Grafiken von <b><a href="http://traian.pop-verlag.com/ines_arnemann.htm"> Ines Arnemann</a></b> und einem Vorwort von Dietrich Scholze. (FRAGMENTARIUM Sammlung). 162 S.ISBN: 978-3-86356-083-6. Preis: 17,80 Euro</span></p>

<p>Ines Arnemann, geb.1957 in Bleicherode/Harz. 1978 -1983 Studium an der Hochschule für Grafik und Buchkunst Leipzig, 1983 Diplom, seitdem freischaffend als Maler, Grafiker, Illustrator, Kostüm- und Bühnenbildner, Kunst am Bau und Beschäftigung mit www.arne-kunst.de www.g360gradbb.de Lieferbare Titel von Ines Arnemann: &hellip; <a class="more-link" href="https://wp.pop-verlag.com/?page_id=1066">Weiterlesen <span class="meta-nav">&rarr;</span></a></p>
