{"id":1053,"date":"2015-12-25T19:11:17","date_gmt":"2015-12-25T19:11:17","guid":{"rendered":"http:\/\/wp.pop-verlag.com\/?page_id=1053"},"modified":"2017-09-19T05:47:56","modified_gmt":"2017-09-19T05:47:56","slug":"1053-2","status":"publish","type":"page","link":"https:\/\/wp.pop-verlag.com\/?page_id=1053","title":{"rendered":"Arzu Al\u0131r"},"content":{"rendered":"<p><strong><a href=\"http:\/\/wp.pop-verlag.com\/wp-content\/uploads\/2015\/12\/Resim031sbArzuAlir.jpg\"><img loading=\"lazy\" decoding=\"async\" class=\"alignleft wp-image-1060 size-medium\" src=\"http:\/\/wp.pop-verlag.com\/wp-content\/uploads\/2015\/12\/Resim031sbArzuAlir-300x200.jpg\" alt=\"Resim031sbArzuAlir\" width=\"300\" height=\"200\" srcset=\"https:\/\/wp.pop-verlag.com\/wp-content\/uploads\/2015\/12\/Resim031sbArzuAlir-300x200.jpg 300w, https:\/\/wp.pop-verlag.com\/wp-content\/uploads\/2015\/12\/Resim031sbArzuAlir-450x300.jpg 450w, https:\/\/wp.pop-verlag.com\/wp-content\/uploads\/2015\/12\/Resim031sbArzuAlir.jpg 600w\" sizes=\"auto, (max-width: 300px) 100vw, 300px\" \/><\/a>Arzu Al\u0131r<\/strong>*1973 in Patnos\/A\u011fri in der T\u00fcrkei. Sie studierte Bildungswissenschaften und unterrichtet in Ankara. Ihre Erz\u00e4hlungen und Gedichte wurden in zahlreichen Zeitschriften ver\u00f6ffentlicht. Sie hat zwei Gedichtb\u00e4nde publiziert: \u201eYalnizlik \u00dcs\u00fcr\u201c (Einsamkeit friert), K\u00fcl-Sanat Publishing, \u201e\u015eeytan G\u00fcl dalina d\u00f6nerse\u201c (Wenn Satan sich zum Rosenzweig beugt), Everest Publishing. \u201eDie Sehnsucht in Al\u0131rs Poesie spiegelt die Sch\u00f6nheit des Gewissens.\u201c (Pakize Barista)<\/p>\n<p>Lieferbare Titel von <strong>Arzu Al\u0131r:<\/strong><\/p>\n<ul>\n<li><strong><a href=\"http:\/\/wp.pop-verlag.com\/?page_id=1053\">Arzu Al\u0131r<\/a>: <\/strong><a href=\"http:\/\/wp.pop-verlag.com\/?p=260\"><em><strong>Wenn Satan sich zum Rosenzweig beugt.<\/strong><\/em><\/a> Gedichte. Mit einem Nachwort von <a href=\"http:\/\/traian.pop-verlag.com\/imre_t.htm\">Imre T\u00f6r\u00f6k<\/a>. Aus dem T\u00fcrkischen \u00fcbersetzt von <a href=\"http:\/\/traian.pop-verlag.com\/achim_martin_wensien.htm\">Achim Martin Wensien<\/a> und \u00fcberarbeitet von <a href=\"http:\/\/traian.pop-verlag.com\/imre_t.htm\">Imre T\u00f6r\u00f6k<\/a>. (LYRIK) 120 S. ISBN: 978-3-937139-84-5 Preis: 14,00 Euro<\/li>\n<li><strong><a href=\"http:\/\/wp.pop-verlag.com\/?p=2239\">Urbild, Abbild und die Wesen im Garten. <\/a><\/strong>Gedichte. Aus dem T\u00fcrkischen \u00fcbersetzt von <a href=\"http:\/\/wp.pop-verlag.com\/?page_id=2251\"><strong>Monika Carbe<\/strong><\/a> und <a href=\"http:\/\/wp.pop-verlag.com\/?page_id=2255\"><strong>Wolfgang Riemann. <\/strong><\/a>Illustrationen:<strong> Emir Roda Al\u0131r<\/strong>. 86 Seiten, ISBN: 978-3-86356-157-4, 15,50\u20ac (Unter dem Namen <strong><a href=\"http:\/\/wp.pop-verlag.com\/?page_id=2245\">Arzu Demir<\/a><\/strong>)<\/li>\n<\/ul>\n","protected":false},"excerpt":{"rendered":"<p>Arzu Al\u0131r*1973 in Patnos\/A\u011fri in der T\u00fcrkei. Sie studierte Bildungswissenschaften und unterrichtet in Ankara. Ihre Erz\u00e4hlungen und Gedichte wurden in zahlreichen Zeitschriften ver\u00f6ffentlicht. Sie hat zwei Gedichtb\u00e4nde publiziert: \u201eYalnizlik \u00dcs\u00fcr\u201c (Einsamkeit friert), K\u00fcl-Sanat Publishing, \u201e\u015eeytan G\u00fcl dalina d\u00f6nerse\u201c (Wenn Satan &hellip; <a class=\"more-link\" href=\"https:\/\/wp.pop-verlag.com\/?page_id=1053\">Weiterlesen <span class=\"meta-nav\">&rarr;<\/span><\/a><\/p>\n","protected":false},"author":2,"featured_media":0,"parent":658,"menu_order":3,"comment_status":"closed","ping_status":"closed","template":"","meta":{"footnotes":""},"class_list":["post-1053","page","type-page","status-publish","hentry"],"jetpack_sharing_enabled":true,"_links":{"self":[{"href":"https:\/\/wp.pop-verlag.com\/index.php?rest_route=\/wp\/v2\/pages\/1053","targetHints":{"allow":["GET"]}}],"collection":[{"href":"https:\/\/wp.pop-verlag.com\/index.php?rest_route=\/wp\/v2\/pages"}],"about":[{"href":"https:\/\/wp.pop-verlag.com\/index.php?rest_route=\/wp\/v2\/types\/page"}],"author":[{"embeddable":true,"href":"https:\/\/wp.pop-verlag.com\/index.php?rest_route=\/wp\/v2\/users\/2"}],"replies":[{"embeddable":true,"href":"https:\/\/wp.pop-verlag.com\/index.php?rest_route=%2Fwp%2Fv2%2Fcomments&post=1053"}],"version-history":[{"count":6,"href":"https:\/\/wp.pop-verlag.com\/index.php?rest_route=\/wp\/v2\/pages\/1053\/revisions"}],"predecessor-version":[{"id":2268,"href":"https:\/\/wp.pop-verlag.com\/index.php?rest_route=\/wp\/v2\/pages\/1053\/revisions\/2268"}],"up":[{"embeddable":true,"href":"https:\/\/wp.pop-verlag.com\/index.php?rest_route=\/wp\/v2\/pages\/658"}],"wp:attachment":[{"href":"https:\/\/wp.pop-verlag.com\/index.php?rest_route=%2Fwp%2Fv2%2Fmedia&parent=1053"}],"curies":[{"name":"wp","href":"https:\/\/api.w.org\/{rel}","templated":true}]}}